{"text_format":"3","workbook":"xlsx","n_sheets":20,"sheets":["SCH 1","SCH 2A","SCH 2B","SCH 2C","SCH 3A","SCH 3B","SCH 3C","SCH 3D","SCH 4A","SCH 4B","SCH 5","SCH 6","SCH 7A","SCH 7B","SCH 8A","SCH 8B","SCH 8C","SCH 8D","SCH 9","Look Up Lists"],"not_rendered":{"images":1,"macros":1,"defined_names":36,"comments":1},"read":"whole","date_system":"1900"}

{"sheet":"SCH 1","index":0,"n_rows":68,"n_cols":13,"rows_kept":68,"merged":[[1,4,3,9],[1,10,3,12],[6,1,8,12],[10,9,10,10],[10,11,10,12],[11,2,11,5],[11,9,11,10],[12,2,12,5],[14,1,14,12],[17,1,17,12],[19,2,19,5],[19,9,19,12],[20,2,20,5],[20,9,20,12],[21,2,21,5],[21,9,21,12],[21,14,22,17],[24,1,24,12],[25,1,25,12],[26,2,26,5],[26,9,26,12],[27,2,27,5],[27,9,27,12],[28,2,28,5],[28,9,28,12],[31,1,31,12],[32,1,32,13],[33,2,33,5],[34,2,34,5],[34,9,34,12],[35,2,35,5],[35,9,35,12],[36,2,36,5],[36,9,36,12],[37,2,37,5],[40,1,40,4],[41,1,41,4],[44,1,44,7],[51,2,51,5],[51,9,51,12],[52,2,52,5],[52,9,52,12],[53,9,53,12],[57,1,57,12]]}
[]
[{"$nulls":4},"FORM EIA-923\nPOWER PLANT\nOPERATIONS REPORT",{"$nulls":5},"OMB No. 1905-0129                \nApproval Expires: xx/xx/xxxx       \nBurden Hours: 2.3"]
[]
[]
[]
[]
[null,"NOTICE: This report is mandatory under the Federal Energy Administration Act of 1974 (Public Law 93-275).  Failure to comply may result in criminal fines, civil penalties and other sanctions as provided by law.  For further information concerning sanctions and data protections, see the provision on sanctions and the provision concerning confidentiality of information in the instructions.  Title 18 USC 1001 makes it a criminal offense for any person knowingly and willingly to make to any Agency or Department of the United States any false, fictitious, or fraudulent statements as to any matter within its jurisdiction."]
[]
[]
[]
[{"$nulls":9}," Plant  State:",null," (Postal Abbreviation)"]
[null,"  Plant Name:",{"$nulls":7}," Reporting Period:",null," (MM))"," (YYYY)"]
[null,"  Plant ID:"]
[]
[null,"SCHEDULE 1. IDENTIFICATION"]
[]
[null,"Survey Contact:"]
[null,"Who is the survey contact? (Contact EIA by email message at eia-923@eia.gov to correct or update this information):"]
[]
[null,"  First Name:",{"$nulls":6}," Telephone:"]
[null,"  Last Name:",{"$nulls":6}," FAX:"]
[null,"  Title:",{"$nulls":6}," Email:"]
[]
[null,"Survey Contact's Supervisor"]
[null,"Who is the survey contact's supervisor? (Contact EIA by email message at eia-923@eia.gov to correct or update this information):"]
[]
[null," First Name:",{"$nulls":6}," Telephone:"]
[null," Last Name:",{"$nulls":6}," FAX:"]
[null," Title:",{"$nulls":6}," Email:"]
[]
[null,"Company and Plant:"]
[null,"Which company and plant are this form being completed for? (Contact EIA by email message at eia-923@eia.gov to correct or update this information):"]
[]
[null," Company Name:"]
[null," Plant Name:",{"$nulls":6}," City:"]
[null," Plant ID:",{"$nulls":6}," State:"," (Postal Abbreviation)"]
[null," Plant County:",{"$nulls":6}," Zip Code:"," (5 Digits)"]
[null," Address:"]
[]
[{"$nulls":5}," YES   NO"]
[null," Is this plant regulated?  (YES/NO): "]
[null," Is this a combined heat and power plant?  (YES/NO): "]
[]
[null," For combined heat and power plants:"]
[null,"      Enter the total plant efficiency of the combined heat and power plant: "]
[]
[]
[null,"Form Preparer:"]
[null,"      —  Enter the preparer address information that this form should be mailed to, if it is different from the entity's principal business office):"]
[null,"Preparer's:"]
[]
[null,"  Legal Name?",{"$nulls":6}," City:"]
[null,"  Current Address:",{"$nulls":6}," State:"," (Postal Abbreviation)"]
[{"$nulls":8}," Zip Code:"," (5 Digits)"]
[{"$nulls":7}," "]
[]
[]
[null," Contacts"]
[]
[{"$nulls":3},"For questions related to E-filing:   EIASurveyHelpCenter@eia.gov,   202-586-9595   "]
[{"$nulls":3},"For questions about the data requested on this form, contact one of the survey managers below."]
[]
[{"$nulls":4}," Schedules 1 &  4:  ",null,"Chris Cassar, Christopher.Cassar@eia.gov"]
[{"$nulls":4}," Schedule 2:  ",null,"Rebecca Peterson, Rebecca.Peterson@eia.gov"]
[{"$nulls":4}," Schedules 3 & 5  ",null,"Ron Hankey, Ronald.Hankey@eia.gov"]
[{"$nulls":4}," Schedules 6, 7, &  8:  ",null,"Orhan Yildiz, Orhan Yildiz@eia.gov"]
[]
[{"$nulls":3},"Form EIA-923 Mailbox: EIA-923@eia.gov"]

{"sheet":"SCH 2A","index":1,"n_rows":39,"n_cols":11,"rows_kept":39,"merged":[[0,8,3,10],[1,4,3,6],[6,2,6,4],[6,9,6,10],[7,2,7,4],[9,1,9,9],[16,1,16,3],[36,2,36,4],[36,5,36,6],[36,7,36,8]]}
[{"$nulls":8},"OMB No. 1905-0129                   Approval Expires: xx/xx/xxxx       Burden Hours: 2.3"]
[{"$nulls":4},"FORM EIA-923\nPOWER PLANT\nOPERATIONS REPORT"]
[]
[]
[]
[]
[null," Plant Name:",{"$nulls":5}," Plant  State:",null," (Postal Abbreviation)"]
[null," Plant ID:",{"$nulls":5}," Reporting Period:",null," (MM))"," (YYYY)"]
[]
[null,"SCHEDULE 2. PART A. COST AND QUALITY OF FUEL PURCHASES - PLANT LEVEL                                                                                                           CONTRACT INFORMATION, PURCHASES, AND COSTS"]
[]
[null,"Complete an individual Schedule 2. Part A for the following:"]
[null,"   • Each coal-fired plant with a nameplate capacity greater than, or equal to, 50 megawatts"]
[null,"   • Each natural gas, petroleum coke, distillate and residual fuel oil-fired plant with a nameplate capacity greater than, or equal to, 200 megawatts"]
[null,"   • A central fuel terminal or storage facility for which Schedule 2A data is not available to plants served by it"]
[{"$nulls":4},"YES         NO"]
[null,"Was fuel purchased this month? (YES/NO):",{"$nulls":3}," If YES complete Schedule 2; if NO skip to Schedule 3"]
[null,"Report Fuel Contract Information, Fuel Purchases and Fuel Cost per Unit in the table below:"]
[null,"Contract Information:"]
[null,"Column A:  Fuel Supplier Name: Select from drop down list.  If not on list, select \"Name Pending\" and provide name on Schedule 9."]
[null,"Column B:  Contract Type or Tolling Agreement: select one of the following codes from the drop-down list:"]
[null,null,"C - ","Contract"]
[null,null,"NC - ","New Contract or Renegotiated Contract Purchase"]
[null,null,"S - ","Spot Market Purchase"]
[null,null,"T - ","Tolling Agreement"]
[null,"Column C:  Expiration Date: Report contract expiration date "]
[]
[null,"Fuel Purchases:"]
[null,"Column E: Quantity:",null,"Report only fuel purchases received for the use of electricity generation."]
[{"$nulls":3},"Report the quantity of solid fuels purchased (in short tons)."]
[{"$nulls":3},"Report the quantity of liquid fuels purchased (in barrels)."]
[{"$nulls":3},"Report the quantity of gases purchased (in thousand cubic feet)."]
[]
[null,"Cost per Unit:"]
[null,"Columns F and G: Delivered Cost and Commodity Cost: Report as cents per million Btu. Round to the nearest 0.1 cent. "]
[]
[null,null,"Contract Information",null,null,"Purchases",null,"Cost\n(Cents per million Btu \nto the nearest 0.1 cent.)"]
[null,null,"Fuel Supplier Name ","Purchase Type or \nTolling Agreement","Contract \nExpiration Date \n(MMYY)","Energy Source","Quantity","Total Delivered Cost","Commodity Cost"]
[null,null,"A","B","C ","D","E","F","G"]

{"sheet":"SCH 2B","index":2,"n_rows":54,"n_cols":21,"rows_kept":54,"merged":[[1,7,3,17],[1,18,3,20],[6,2,6,9],[6,17,6,18],[6,19,6,20],[7,2,7,9],[7,17,7,18],[9,1,9,20],[10,1,10,20],[11,1,11,17],[12,1,12,17],[13,1,13,17],[14,1,14,20],[15,1,15,19],[16,1,16,20],[17,1,17,19],[18,1,18,20],[19,1,19,20],[20,1,20,20],[21,1,21,20],[22,1,22,20],[23,1,23,20],[24,1,24,20],[25,1,25,20],[26,1,26,20],[27,1,27,20],[28,1,28,20],[29,1,29,20],[30,1,30,20],[31,1,31,20],[32,1,32,20],[33,1,33,20],[34,1,34,20],[35,1,35,20],[36,1,36,20],[37,1,37,20],[38,1,38,20],[39,1,39,20],[40,1,40,20],[41,1,41,8],[41,9,41,16],[41,17,41,18],[41,19,41,20],[42,6,42,8],[42,9,42,12],[42,13,42,14],[42,15,42,16],[42,17,42,18],[42,19,42,20],[43,1,43,5],[44,1,44,5],[45,1,45,5],[46,1,46,5],[47,1,47,5],[48,1,48,5],[49,1,49,5],[50,1,50,5],[51,1,51,5],[52,1,52,5],[53,1,53,5],[54,1,54,20]]}
[]
[{"$nulls":7},"FORM EIA-923\nPOWER PLANT\nOPERATIONS REPORT",{"$nulls":10},"OMB No. 1905-0129                   Approval Expires: xx/xx/xxxx         Burden Hours: 2.3"]
[]
[]
[]
[]
[null," Plant Name:",{"$nulls":15}," Plant  State:",null," (Postal Abbreviation)"]
[null," Plant ID:",{"$nulls":15}," Reporting Period:",null," (MM))"," (YYYY)"]
[]
[null,"SCHEDULE 2. PART B. COST AND QUALITY OF FUEL PURCHASES - PLANT LEVEL\nQUALITY OF FUEL AND TRANSPORTATION"]
[null,"Complete an individual Schedule 2, Part B for:\n\n"]
[null,"    • Each coal-fired plant with a nameplate capacity greater than, or equal to, 50 megawatts"]
[null,"   • Each natural gas, petroleum coke, distillate and residual fuel oil-fired plant with a nameplate capacity greater than, or equal to, 200 megawatts"]
[null,"   • A central fuel terminal or storage facility for which Schedule 2B data is not available to plants served by it"]
[null,"Report Fuel Quality as Received, Contract Information, and Fuel Transportation Information in the table below:"]
[null,"  Purchases:"]
[null,"  All data for Columns A through D is from responses on Schedule 2A (and is pre-populated for the online forms)"]
[null,"  Quality of Fuel as Received:"]
[null,"    Column E: Average Heat Content:  Report actual average heat content (higher heating value) for each fuel purchase.  Do not report the contractual Btu heat content. "]
[null,"       • Report in MMBtu per short ton for solid fuels; in MMBtu per barrel for liquids; in MMBtu per thousand cubic ft. for gas."]
[null,"       • Round average heat content to the nearest 0.001 MMBtu/unit."]
[null,"    Column F: Sulfur Content: Report for all coal types, petroleum coke, and residual oil."]
[null,"       • Report as percent sulfur by weight, rounded to the nearest 0.01 percent."]
[null,"       • Refer to Table 1 in the Instructions document for approximate ranges."]
[null,"    Column G: Ash Content: Report for Coal and Petroleum Coke, only"]
[null,"       • Report as percent ash by weight rounded to the nearest 0.01 percent."]
[null,"       • Refer to Table 1 in the Instructions document for approximate ranges."]
[null,"    Column H: Moisture Content:  Report for Coal, only, as percent by weight rounded to the nearest 0.01 percent."]
[null,"    Columns I1, I2 and J1, J2: Mercury and Chlorine Content: Report for coal only."]
[null,"       • Report each as parts per million (ppm); if content is unknown, leave column I1/J1 blank and fill the checkbox in column I2/J2."]
[null,"       • Enter the amount specified in contract with supplier when lab tests of coal do not provide content."]
[null,"  Contract Information - Natural Gas, Only:"]
[null,"    Columns K and L: Natural Gas Supply Contract Type and Natural Gas Delivery Contract Type"]
[null,"       • Select \"F\" if natural gas transportation service or supply contract provided on a firm basis."]
[null,"       • Select \"I\" if natural gas transportation service or supply provided under schedules or contracts which anticipate and permit interruption on short notice."]
[null,"Fuel Transportation - Coal, Petroleum, and Petroleum Coke Only"]
[null,"Column M: Primary Mode - Mode of transport over the longest distance"]
[null,"       • Select fuel transportation codes from the Instructions document."]
[null,"Column N: Secondary Mode - Mode of transport over the second-longest distance"]
[null,"       • Select fuel transportation codes from the Instructions document."]
[]
[null,"Purchases (From Schedule 2, Part A)",{"$nulls":7},"Quality of Fuel as Received",{"$nulls":7},"Natural Gas\nContract Information",null,"Fuel Transportation "]
[{"$nulls":13},"Mercury Content",null,"Chlorine Content"]
[null,"Fuel Supplier ",{"$nulls":4},"Purchase Type","Energy Source","Quantity","Average Heat Content\n(High Heating Value)\n(MMBtu/unit)","Sulfur Content\n(% weight)","Ash Content\n(% weight)","Moisture Content\n(% weight)","Mercury Content\n(ppm)","Check if \nMercury Content \nis Not Available","Chlorine Content\n(ppm)","Check if \nChlorine Content \nis Not Available","Primary  Mode","Secondary  Mode","Supply Contract Type","Delivery \nContract Type"]
[null,"A",{"$nulls":4},"B","C","D","E","F","G","H","I1","I2","J1","J2","K","L","M","N"]
[]
[{"$nulls":6},{"$f":"IF((ISBLANK('SCH 2A'!D41)),\" \",('SCH 2A'!D41))","v":" "},{"$f":"IF((ISBLANK('SCH 2A'!F41)),\" \",('SCH 2A'!F41))","v":" "},{"$f":"IF((ISBLANK('SCH 2A'!G41)),\" \",('SCH 2A'!G41))","v":" "}]
[{"$nulls":6},{"$f":"IF((ISBLANK('SCH 2A'!D42)),\" \",('SCH 2A'!D42))","v":" "},{"$f":"IF((ISBLANK('SCH 2A'!F42)),\" \",('SCH 2A'!F42))","v":" "},{"$f":"IF((ISBLANK('SCH 2A'!G42)),\" \",('SCH 2A'!G42))","v":" "}]
[{"$nulls":6},{"$f":"IF((ISBLANK('SCH 2A'!D43)),\" \",('SCH 2A'!D43))","v":" "},{"$f":"IF((ISBLANK('SCH 2A'!F43)),\" \",('SCH 2A'!F43))","v":" "},{"$f":"IF((ISBLANK('SCH 2A'!G43)),\" \",('SCH 2A'!G43))","v":" "}]
[{"$nulls":6},{"$f":"IF((ISBLANK('SCH 2A'!D44)),\" \",('SCH 2A'!D44))","v":" "},{"$f":"IF((ISBLANK('SCH 2A'!F44)),\" \",('SCH 2A'!F44))","v":" "},{"$f":"IF((ISBLANK('SCH 2A'!G44)),\" \",('SCH 2A'!G44))","v":" "}]
[{"$nulls":6},{"$f":"IF((ISBLANK('SCH 2A'!D47)),\" \",('SCH 2A'!D47))","v":" "},{"$f":"IF((ISBLANK('SCH 2A'!F47)),\" \",('SCH 2A'!F47))","v":" "},{"$f":"IF((ISBLANK('SCH 2A'!G47)),\" \",('SCH 2A'!G47))","v":" "}]
[{"$nulls":6},{"$f":"IF((ISBLANK('SCH 2A'!D48)),\" \",('SCH 2A'!D48))","v":" "},{"$f":"IF((ISBLANK('SCH 2A'!F48)),\" \",('SCH 2A'!F48))","v":" "},{"$f":"IF((ISBLANK('SCH 2A'!G48)),\" \",('SCH 2A'!G48))","v":" "}]
[{"$nulls":6},{"$f":"IF((ISBLANK('SCH 2A'!D49)),\" \",('SCH 2A'!D49))","v":" "},{"$f":"IF((ISBLANK('SCH 2A'!F49)),\" \",('SCH 2A'!F49))","v":" "},{"$f":"IF((ISBLANK('SCH 2A'!G49)),\" \",('SCH 2A'!G49))","v":" "}]
[{"$nulls":6},{"$f":"IF((ISBLANK('SCH 2A'!D50)),\" \",('SCH 2A'!D50))","v":" "},{"$f":"IF((ISBLANK('SCH 2A'!F50)),\" \",('SCH 2A'!F50))","v":" "},{"$f":"IF((ISBLANK('SCH 2A'!G50)),\" \",('SCH 2A'!G50))","v":" "}]

{"sheet":"SCH 2C","index":3,"n_rows":29,"n_cols":16,"rows_kept":29,"merged":[[1,5,3,12],[1,13,3,15],[6,2,6,7],[6,12,6,13],[6,14,6,15],[7,2,7,7],[7,12,7,13],[9,1,9,15],[11,1,11,15],[25,1,25,15],[26,1,26,8],[26,9,26,15],[27,1,27,5],[27,12,27,14],[28,1,28,5],[28,12,28,14],[29,1,29,5],[29,12,29,14],[30,1,30,5],[30,12,30,14],[31,1,31,5],[31,12,31,14],[32,1,32,5],[32,12,32,14],[33,1,33,5],[33,12,33,14],[34,1,34,5],[34,12,34,14],[35,1,35,5],[35,12,35,14],[36,1,36,5],[36,12,36,14],[37,1,37,5],[37,12,37,14],[38,1,38,5],[38,12,38,14],[39,1,39,5],[39,12,39,14],[40,1,40,15]]}
[]
[{"$nulls":5},"FORM EIA-923\nPOWER PLANT\nOPERATIONS REPORT",{"$nulls":7},"OMB No. 1905-0129                   Approval Expires: xx/xx/xxxx         Burden Hours: 2.3"]
[]
[]
[]
[]
[null," Plant Name:",{"$nulls":10}," Plant  State:",null," (Postal Abbreviation)"]
[null," Plant ID:",{"$nulls":10}," Reporting Period:",null," (MM))"," (YYYY)"]
[]
[null,"SCHEDULE 2. PART C. COST AND QUALITY OF FUEL PURCHASES - PLANT LEVEL\nCOAL MINE INFORMATION"]
[]
[null,"Complete an individual Schedule 2, Part C for:"]
[]
[null,"    • Each coal-fired plant with a nameplate capacity of greater than, or equal to, 50 megawatts"]
[null,"    • A central fuel terminal or storage facility for which Schedule 2B data is not available to plants served by it"]
[null,"Report information on coal purchases in the table, at bottom:"]
[]
[null,"Purchases:"]
[null,"     All data for Columns A through D is from coal purchases responses on Schedule 2A (and is pre-populated on the online form)."]
[]
[null,"Coal Mine Information:"]
[null,"    Column E: Coal Mine State: Select the two-letter U.S. Postal Service abbreviation or country code from the drop down list of coal producing states or countries."]
[null,"    Columns F through I: Mine Information: Select the information about the mine of origin from the drop-down list that will be populated once the coal mine state"]
[null,null," has been selected."]
[null,"    Contact EIA immediately for assistance in reporting Coal State or Origin or Mine Information if the mine is not included in the look up list."]
[]
[null,"Purchases (From Schedule 2, Part A)",{"$nulls":7},"Coal Mine Information"]
[null,"Fuel Supplier",{"$nulls":4},"Purchase Type","Energy Source","Quantity","Coal Mine State","Coal Mine MSHA ID","Coal Mine Type","Coal Mine Name",null,null,"Coal Mine County"]
[null,"A",{"$nulls":4},"B","C","D","E","F","G","H",null,null,"I"]

{"sheet":"SCH 3A","index":4,"n_rows":76,"n_cols":18,"rows_kept":76,"merged":[[1,3,3,15],[1,16,3,17],[5,2,5,8],[5,14,5,15],[5,16,5,17],[6,2,6,8],[6,14,6,15],[8,1,8,17],[48,1,48,11],[48,13,48,17],[49,6,49,7],[49,15,49,16],[50,6,50,7],[50,15,50,16],[51,6,51,7],[51,15,51,16],[52,6,52,7],[52,15,52,16],[53,6,53,7],[53,15,53,16],[55,6,55,7],[55,15,55,16],[56,6,56,7],[56,15,56,16],[57,6,57,7],[57,15,57,16],[58,6,58,7],[58,15,58,16],[59,6,59,7],[59,15,59,16],[60,6,60,7],[60,15,60,16],[61,1,61,2],[61,3,61,11],[66,4,66,11],[66,13,66,17],[67,6,67,7],[67,15,67,16],[68,6,68,7],[68,15,68,16],[69,6,69,7],[69,15,69,16],[70,6,70,7],[70,15,70,16],[71,6,71,7],[71,15,71,16],[72,6,72,7],[72,15,72,16],[74,6,74,7],[75,4,75,6]]}
[]
[{"$nulls":3},"FORM EIA-923\nPOWER PLANT\nOPERATIONS REPORT",{"$nulls":12},"OMB No. 1905-0129                   Approval Expires: xx/xx/xxxx         Burden Hours: 2.3"]
[]
[]
[]
[null," Plant Name:",{"$nulls":12}," Plant  State:",null," (Postal Abbreviation)"]
[null," Plant ID:",{"$nulls":12}," Reporting Period:",null," (MM))"," (YYYY)"]
[]
[null,"SCHEDULE 3. PART A.  BOILER AND GENERATOR INFORMATION FOR STEAM-ELECTRIC ORGANIC-FUELED PLANTS\nFUEL CONSUMPTION AND GENERATION"]
[]
[null,"Annual respondents with generator nameplate capacity of 10MW or above, report an individual Schedule 3, Part A for each month in the reporting year."]
[{"$nulls":11}," Enter the  month for which you are reporting: "]
[null,"If you have plants with steam turbine capacity that also burn organic fuels, complete an individual Schedule 3, Part A for each steam-electric organic fueled unit."]
[null,"Report fuel consumption for each boiler and electric power generation for each generator, in groups of associated boilers and generators at this plant (for plants with generator nameplate capacity is 10MW or above)."]
[null,"  — Leave a blank line between groups of associated boilers/generators"]
[null,"  — If no fuel is consumed or electricity generated in a reporting period, enter zero.  Do not leave blank."]
[]
[null,"  Fuel Consumption: "]
[null,"    Prime Mover Code: Only Steam Turbine (ST) is used on Schedule 3, Part A"]
[null,"    Boiler ID and Boiler Status:  Boiler ID reported in EIA-923 must match the boiler ID reported on the Form EIA-860.  Report changes in the boiler status using options provided in a pull down menu."]
[null,"    Energy Source: Select correct energy source code from drop down list."]
[null,"      •  List  coal by rank - e.g. Bituminous, Subbituminous, Lignite,  or Waste Coal"]
[null,"      • List blended coal products as CBL if they cannot be split by rank.  If CBL is entered, provide a footnote characterizing the average percent of each coal type in the blend on Schedule 9."]
[null,"      • For energy source codes OTH, OBS, OBG, OBL and OG, specify the fuel in the area at the bottom of the page."]
[null,"   Quantity Consumed and Fuel Consumption Units: "]
[null,"      •  Report the amount of fuel consumed for electric power generation.  Units will be filled automatically."]
[null,"      •  At combined heat and power stations, report the amount of fuel consumed for electric generation and useful thermal output."]
[null,"      •  Report in MMBtu per short ton for solid fuels;  in MMBtu per barrel for liquids; in MMBtu per thousand cubic ft. for gas"]
[null,"    Average Heat Content: Report actual average heat content (higher heating value) for fuel as burned:"]
[null,"      •  Round average heat content to the nearest 0.001 MMBtu per unit"]
[null,"    Sulfur Content: Report for all coal types, petroleum coke, and residual oil:"]
[null,"      •  Report as percent sulfur by weight, rounded to the nearest .01 percent.  "]
[null,"      •  Refer to Table 1 in the instructions document for approximate ranges"]
[null,"    Ash Content: Report for Coal and Petroleum Coke, only:"]
[null,"      •  Report as percent ash by weight rounded to the nearest 0.1 percent"]
[null,"      •  Refer to Table 1 in the instructions document for approximate ranges"]
[]
[null,"  Generation:"]
[null,"    Generator ID and Generator Status:"]
[null,"      •  The majority of Generator IDs are pre-populated and grouped with the associated boilers on the online forms.  Report changes in the generator status using options provided in a pull down menu."]
[null,"      •  For a Generator ID that is not pre-populated on the online form, choose the ID from the drop down list of Generator IDs that were reported for your plant on the Form EIA-860"]
[null,"      • If the generator ID is not on the list, contact EIA to have the ID added to your form to match those Generator IDs on the Form EIA-860"]
[null,"    Gross Generation:  Enter the total amount of electric energy produced by generating units and measured at the generating terminal, in MWh"]
[null,"    Net Generation: Net generation is the gross generation minus the parasitic station load, i.e. station use, in MWh."]
[]
[]
[null,"Generators With Nameplate Capacity 10MW or Above:"]
[]
[null,"Fuel Consumption Table",{"$nulls":11},"Generation Table"]
[null,"Boiler Generator Group code\n(EIA use only)","Prime Mover Code","Boiler ID","Boiler Status","Energy Source","Quantity \nConsumed",null,"Units","Average Heat Content\n(Higher Heating Value)","Sulfur Content","Ash Content",null,"Generator ID","Generator Status","Gross Generation (MWh)",null,"Net Generation (MWh)"]
[null,"A","B","C","D","E","F",null,"G","H","I","J",null,"A","B","C",null,"D"]
[null,1,"ST"]
[null,null,"ST"]
[null,null,"ST"]
[null,null,"ST"]
[null,null,"ST"]
[null,2,"ST"]
[null,null,"ST"]
[null,null,"ST"]
[null,null,"ST"]
[null,null,"ST"]
[null,"Specify other fuel (for Column E):"]
[]
[]
[null,"Generators With Nameplate Capacity Less Than 10MW"]
[]
[{"$nulls":4},"Fuel Consumption Table",{"$nulls":8},"Generation Table"]
[{"$nulls":4},"Prime Mover Code","Energy Source","Quantity \nConsumed",null,"Units","Average Heat Content\n(High Heating Value)","Sulfur Content","Ash Content",null,"Generator ID","Generator Status","Gross Generation (MWh)",null,"Net Generation (MWh)"]
[{"$nulls":4},"A","B","C",null,"D","E","F","G",null,"A","B","C",null,"D"]
[{"$nulls":4},"ST"]
[{"$nulls":4},"ST"]
[{"$nulls":4},"ST"]
[{"$nulls":4},"ST"]
[{"$nulls":4},"ST"]
[{"$nulls":4},"ST"]
[{"$nulls":4},"Specify other fuel (for Column E):"]

{"sheet":"SCH 3B","index":5,"n_rows":59,"n_cols":16,"rows_kept":59,"merged":[[1,5,3,12],[1,13,3,15],[5,2,5,5],[5,12,5,13],[5,14,5,15],[6,2,6,5],[6,12,6,13],[7,2,7,15],[8,2,8,15],[47,2,47,7],[47,9,47,14],[48,4,48,5],[48,11,48,12],[48,13,48,14],[49,4,49,5],[49,11,49,12],[49,13,49,14],[50,4,50,5],[50,11,50,12],[51,4,51,5],[51,11,51,12],[52,4,52,5],[52,11,52,12],[53,4,53,5],[53,11,53,12],[54,4,54,5],[54,11,54,12],[55,4,55,5],[55,11,55,12],[56,4,56,5],[56,11,56,12],[57,4,57,5],[57,11,57,12],[58,2,58,3],[58,4,58,7]]}
[]
[{"$nulls":5},"FORM EIA-923\nPOWER PLANT\nOPERATIONS REPORT",{"$nulls":7},"OMB No. 1905-0129\nApproval Expires: xx/xx/xxxx\n             Burden Hours: 2.3"]
[]
[]
[]
[null," Plant Name:",{"$nulls":10}," Plant  State:",null," (Postal Abbreviation)"]
[null," Plant ID:",{"$nulls":10}," Reporting Period:",null," (MM))"," (YYYY)"]
[null,null,"SCHEDULE 3. PART B.  FUEL AND GENERATION INFORMATION FOR SINGLE CYCLE GAS TURBINES,\nINTERNAL COMBUSTION ENGINES, HYDROELECTRIC PUMPED STORAGE, AND COMPRESSED AIR STORAGE"]
[null,null,"Fuel Consumption and Generation"]
[null,"Report fuels consumed and the associated electric power generation for the following prime movers: "]
[null,"       • Single cycle gas turbines (GT)",null,"       • Reversible  (pumped storage) hydraulic units (PS)"]
[null,"       • Internal combustion engines (IC)",null,"       • Compressed air units (CE)"]
[null,"       • Fuel Cells (FC)",null,"       • Battery (BA) and Flywheel (FW) electric storage units."]
[null,"       • Other miscellaneous prime mover types (OT), not covered in Schedules 3A-3D"]
[null,"Do not report for each individual prime mover unit."]
[null,"  For example, report natural gas consumed and megawatthours produced for all single cycle GT at the plant as one value."]
[null,"Monthly respondents report data for each month."]
[null,"Annual respondents report data for the calendar year (do not break down by month)."]
[null,"Fuel Consumption:"]
[null,"     If no fuel is consumed in a reporting period, enter zero. Do not leave blank.  "]
[null,"     Prime Mover Code:  Report for codes GT, IC, FC, PS, CE, and OT."]
[null,"    Energy Source:"]
[null,"      •  Use the fuel codes in the Look Up List Worksheet."]
[null,"      •  For energy source codes OTH, OBS, OBG, OBL and OG, specify the fuel in the area at the bottom of the page."]
[null,"    Quantity Consumed:"]
[null,"      •  Report the amount of fuel consumed for electric power generation."]
[null,"      •  At combined heat and power stations, report the amount of fuel consumed for electric power generation and useful thermal output."]
[null,"     Units: Report fuel consumption in the following units:"]
[null,"         Solids: Tons; Liquids: Barrels (one barrel = 42 U.S. gallons); Gases: Thousands of cubic feet (Mcf); Energy Storage (for compressed air or hydro pumped storage): Megawatthours (MWh)."]
[null,"    Average Heat Content:"]
[null,"      •  Report actual average heat content (high heating value) for each fuel, as burned."]
[null,"      •  Report  in  MMBtu per short ton for solid fuels;  in MMBtu per barrel for liquids; in MMBtu per thousand cubic ft. for gas."]
[null,"      •  Round average heat content to the nearest 0.001 MMBtu per unit."]
[null,"Generation:"]
[null,"    Prime Mover Code:  Report for codes GT, IC, FC, PS, CE, BA, FW, and OT."]
[null,"    Peaking Unit (Yes/No):"]
[null,"      •  Enter \"Y\" if the unit(s) can be described as a \"peaking unit,\" as opposed to a base load unit, and \"N\" if the unit cannot be described as a \"peaking unit.\""]
[null,"      •  Peaking units typically run only during hours of high, or peak, demand as opposed to base load units that run continuously, except for maintenance or other outages."]
[null,"    Gross Generation:"]
[null,"      •  Enter the total amount of electric energy produced by generating units and measured at the generating terminal, in MWh."]
[null,"      •  Report gross generation for each prime mover type as an individual value."]
[null,"    Net Generation:"]
[null,"      • Report the gross generation minus the parasitic station load (i.e. station use), in MWh."]
[null,"      •  Report the net generation for each prime mover type as an individual value."]
[null,"      •  The net generation for (pumped) storage units must comply to the following relationship:"]
[null,null,"Net generation (MWh) = Gross Generation (MWh) – Energy Consumed for storage/pumping (MWh)   (Note: all three elements of this equation must be reported.)"]
[]
[null,null,"Fuel Consumption Table",{"$nulls":6},"Generation Table"]
[null,null,"Prime Mover Code","Energy Source","Quantity Consumed",null,"\nUnits","Average Heat Content\n(Higher Heating Value)",null,"Prime Mover Code","Peaking Unit\n(Yes/No)","Gross Generation\n(MWh)","G","Net Generation\n(MWh)"]
[null,null,"A","B","C",null,"D","E",null,"A","B","C",null,"D"]
{"$rows_empty":8}
[null,null,"Specify other fuel (for Column B):"]

{"sheet":"SCH 3C","index":6,"n_rows":98,"n_cols":15,"rows_kept":98,"merged":[[0,13,2,14],[1,5,3,10],[4,11,4,12],[4,13,4,14],[5,2,5,4],[5,11,5,12],[6,2,6,4],[7,1,8,14],[9,1,9,10],[46,1,46,10],[53,1,53,2],[53,3,53,10],[56,1,56,10],[67,1,67,2],[67,3,67,10],[69,1,69,8],[69,10,69,14],[80,1,80,2],[94,1,94,7],[95,1,95,7]]}
[{"$nulls":13},"OMB No. 1905-0129                      Approval Expires: xx/xx/xxxx             Burden Hours: 2.3"]
[{"$nulls":5},"FORM EIA-923\nPOWER PLANT\nOPERATIONS REPORT"]
[]
[]
[{"$nulls":11}," Plant  State:",null," (Postal Abbreviation)"]
[null," Plant Name:",{"$nulls":9}," Reporting Period:",null," (MM))"," (YYYY)"]
[null," Plant ID:"]
[null,"SCHEDULE 3. PART C.  FUEL AND GENERATOR INFORMATION FOR\nCOMBINED-CYCLE PLANTS"]
[]
[null,"Fuel Consumption and Generation"]
[null,"Report fuels consumed and the associated electric power generation for the following prime movers: "]
[null,"       • Single-shaft combustion turbine plants (CS)."]
[null,"       • Combined-cycle combustion and steam turbine plants (CA/CT), including integrated gas combined cycle (IGCC) plants."]
[]
[null,"If you are an annual combined-cycle combustion and steam turbine(CT/CA) plant with a steam turbine generator nameplate capacity of 10MW or above,  report an individual Schedule 3, Part D for each month in the reporting year."]
[{"$nulls":8}," Enter the  month for which you are reporting: "]
[null,"Complete an individual Schedule 3, Part D for each combined-cycle unit:"]
[null,"      —  Report combined-cycle units in groups of associated combustion turbines, Heat Recovery Steam Generators (HRSGs) and steam turbines."]
[null,"      —  Report associated Combined Cycle - Turbine Part (CT) and Combined Cycle - Steam Part (CA) units separately, leaving a space between each associated group."]
[null,"Fuel Consumption:"]
[null,"      —  Report fuel consumed in EACH HRSG and in EACH combustion turbine-generator ID combination."]
[null,"      —  Report supplemental firing fuels consumed in the HRSG, or if no fuel is consumed, report WH and leave the quantity blank."]
[null,"      —  If multiple fuels are consumed in the combustion turbine or HRSG, report consumption for each fuel type; however, report generation as one value for the unit."]
[null,"      —  If no fuel is consumed in a reporting period, enter zero. Do not leave blank, except for waste heat (WH)."]
[null,"    Energy Source: Use the fuel codes in the Look Up List Worksheet.  For energy source codes OTH, OBS, OBG, OBL and OG, specify the fuel in the area at the bottom of the first table."]
[null,"    Quantity Consumed:"]
[null,"      •  For each combustion turbine or HRSG, report the amount of fuel consumed for electric power generation and, at combined heat and power stations, for both electric power generation and useful thermal output."]
[null,"      •  Integrated gasification combined cycle units (IGCC) should report the synthesis gas consumed."]
[null,"      •  Non-supplementary fired steam turbines should report waste heat (WH) as the energy source."]
[null,"      •  The quantity for waste heat should be left blank."]
[null,"    Boiler ID: The EIA HRSG Boiler ID is pre-populated on the online forms."]
[null,"    Units:"]
[null,"Solids:","Tons"]
[null,"Liquids:","Barrels (one barrel = 42 U.S. gallons)"]
[null,"Gases","Thousands of cubic feet (Mcf)"]
[null,"    Average Heat Content (Higher Heating Value):"]
[null,"      •  Report actual average heat content for fuel as burned."]
[null,"      •  Report in MMBtu per short ton for solid fuels; in MMBtu per barrel for liquids; in MMBtu per thousand cubic ft. for gas."]
[null,"      •  Round average heat content to the nearest 0.001 MMBtu per unit."]
[null,"Generation: "]
[null,"      —  Report generation for EACH combustion turbine and EACH steam turbine."]
[null,"    Generator ID: The Generator ID must match the ID provided on the Form EIA-860 (and is pre-populated on the online forms)."]
[null,"    Gross Generation: Enter the total amount of electric energy produced by generating units and measured at the generating terminal, in MWh."]
[null,"    Net Generation: Enter the gross generation minus the parasitic station load (i.e., station use), in MWh."]
[]
[]
[null,"Prime Mover CS -- Fuel Consumption and Generation Table"]
[null,"EIA USE ONLY\n(Group code)","Prime Mover\nCode","Generator ID","Generator\nStatus","Energy Source","Quantity\nConsumed","Units","Average Heat Content \n(Higher Heating Value) ","Gross Generation (MWh)","Net Generation (MWh)"]
[null,"A","B","C","D","E","F","G","H","I","J"]
[null,1,"CS"]
[]
[]
[]
[null,"Specify other fuel:  (for Column E) "]
[]
[]
[null,"Prime Mover CT -- Fuel Consumption and Generation Table"]
[null,"EIA USE ONLY\n(Group code)","Prime Mover\nCode","Generator ID","Generator\nStatus","Energy Source","Quantity\nConsumed","Units","Average Heat Content \n(Higher Heating Value) ","Gross Generation (MWh)","Net Generation (MWh)"]
[null,"A","B","C","D","E","F","G","H","I","J"]
[null,1,"CT"]
[]
[]
[]
[null,2,"CT"]
[]
[]
[]
[null,"Specify other fuel:  (for Column E) "]
[]
[null,"Prime Mover CA -- Fuel Consumption Table",{"$nulls":8},"Prime Mover CA -- Generation Table"]
[null,"EIA USE ONLY\n(Group code)","Prime Mover\nCode","Boiler (HRSG)\nID","Boiler\nStatus","Energy Source","Quantity\nConsumed","Units","Average Heat Content \n(Higher Heating Value) ",null,"EIA USE ONLY\n(Group code)","Generator\n ID","Generator\nStatus","Gross Generation (MWh)","Net Generation (MWh)"]
[null,"A","B","C","D","E","F","G","H",null,"A","B","C","D","E"]
[null,1,"CA",{"$nulls":7},1]
[]
[]
[]
[null,2,"CA",{"$nulls":7},2]
[]
[]
[]
[null,"Specify other fuel  (for Column E) :"]
[]
[]
[null," IGCC PLANTS ONLY"]
[]
[null,"Report total fuel consumption for gasifier units at IGCC plants in the table at bottom:"]
[null,"  Column A: Gasifier ID. Enter a unique alphanumeric identifier (six or less characters)"]
[null,"  Column B: Energy Source: Select the energy source code  for the fuel input to the gasifier unit — coal or petroleum coke."]
[null,"  Column C: Quantity Consumed: Enter the quantity of fuel consumed."]
[null,"  Column D: Units: Report solid fuel in short tons."]
[null,"  Column E: Average Heat Content: Report actual average heat content (higher heating value) for fuel as consumed (Btu)."]
[null,"  Column F: Sulfur Content: Enter the sulfur content of the fuel in terms of percent sulfur by weight, to the nearest 0.01 percent."]
[null,"  Column G: Ash Content: Enter the ash content of the fuel in terms of percent ash by weight, to the nearest 0.1 percent."]
[]
[null,"IGCC PLANTS"]
[null,"Total Fuel Consumption Data for Gasifier Unit(s)"]
[null,"Gasifier ID","Energy Source","Quantity\nConsumed","Units","Average Heat Content \n(High Heating Value) ","Sulfur Content","Ash Content"]
[null,"A","B","C","D","E","F","G"]

{"sheet":"SCH 3D","index":7,"n_rows":31,"n_cols":13,"rows_kept":31,"merged":[[1,4,3,9],[1,10,3,12],[6,2,6,4],[6,9,6,10],[6,11,6,12],[7,2,7,4],[7,9,7,10],[9,1,9,12],[10,1,10,12],[28,4,28,8]]}
[]
[{"$nulls":4},"FORM EIA-923\nPOWER PLANT\nOPERATIONS REPORT",{"$nulls":5},"OMB No. 1905-0129                      Approval Expires: xx/xx/xxxx             Burden Hours: 2.3"]
[]
[]
[]
[]
[null," Plant Name:",{"$nulls":7}," Plant  State:",null," (Postal Abbreviation)"]
[null," Plant ID:",{"$nulls":7}," Reporting Period:",null," (MM))"," (YYYY)"]
[]
[null,"SCHEDULE 3. PART D. \nGENERATION FROM NUCLEAR, NONCOMBUSTIBLE, AND RENEWABLE ENERGY SOURCES"]
[]
[null,"Complete an individual Schedule 3, Part C for each nuclear plant and all wind, solar, geothermal, hydroelectric, or other plants where the energy source is noncombustible, "]
[null,"such as purchased steam or waste heat.  Do not report for combined cycle plants, which belong on Schedule 3D. "]
[null,"  —  No fuel consumption is required for these types of plants."]
[null,"  —  Report generation by energy source for nuclear, wind, solar, geothermal, conventional hydroelectric and miscellaneous sources such as purchased steam or waste heat."]
[null,"  —  Report nuclear data by generating unit."]
[null,"  —  Complete a separate row for each prime mover type."]
[]
[null,"    Column A: Prime Mover Code: Select the prime mover code from the drop down list."]
[null,"    Column B: Energy Source: Select the energy source code from the drop down list."]
[null,"    Column C: Nuclear Unit Code: This must match the nuclear unit code reported on the Form EIA-860 (and is pre-filled for the online forms)."]
[null,"    Column D: Gross Generation: "]
[null,"      • Enter the aggregate generation for prime movers of a single type, in MWh."]
[null,"      • Report gross generation for Industrial or Commercial Sector plants only if net generation is not measured."]
[null,"Column E: Net Generation:"]
[null,"      • Enter the gross generation minus the parasitic station load (i.e., station use), in MWh."]
[null,"      • Enter the aggregate generation for prime movers of a single type.  For example, enter the total generation from all wind turbines."]
[]
[{"$nulls":4},"Generation Table"]
[{"$nulls":4},"Prime Mover Code","Energy Source","Nuclear Unit Code","Gross Generation\n (MWh)","Net Generation (MWh)"]
[{"$nulls":4},"A","B","C","D","E"]

{"sheet":"SCH 4A","index":8,"n_rows":47,"n_cols":15,"rows_kept":47,"merged":[[1,5,3,11],[1,12,3,14],[6,2,6,6],[6,11,6,12],[6,13,6,14],[7,2,7,6],[7,11,7,12],[8,1,8,14],[9,1,9,14],[10,1,10,14],[39,3,39,4],[39,5,39,6],[39,7,39,8],[39,9,39,10],[39,11,39,12],[39,13,39,14],[40,3,40,4],[40,5,40,6],[40,7,40,8],[40,9,40,10],[40,11,40,12],[40,13,40,14],[41,3,41,4],[41,5,41,6],[41,7,41,8],[41,9,41,10],[41,11,41,12],[41,13,41,14],[42,3,42,4],[42,5,42,6],[42,7,42,8],[42,9,42,10],[42,11,42,12],[42,13,42,14],[43,3,43,4],[43,5,43,6],[43,7,43,8],[43,9,43,10],[43,11,43,12],[43,13,43,14],[44,3,44,4],[44,5,44,6],[44,7,44,8],[44,9,44,10],[44,11,44,12],[44,13,44,14],[46,2,46,14],[47,2,47,14],[48,2,48,14],[49,2,49,14],[50,1,50,14]]}
[]
[{"$nulls":5},"FORM EIA-923\nPOWER PLANT\nOPERATIONS REPORT",{"$nulls":6},"OMB No. 1905-0129                      Approval Expires: xx/xx/xxxx            Burden Hours: 2.3"]
[]
[]
[]
[]
[null," Plant Name:",{"$nulls":9}," Plant  State:",null," (Postal Abbreviation)"]
[null," Plant ID:",{"$nulls":9}," Reporting Period:",null," (MM))"," (YYYY)"]
[]
[null,"SCHEDULE 4. PART A. FOSSIL FUEL STOCKS AT THE END OF THE REPORTING PERIOD AND DATA BALANCE\nFOR COAL, OIL, AND NATURAL GAS"]
[]
[null,"Report stocks for coal, residual oil (No. 5 and No. 6 fuel oils), Distillate-type oils (No. 2 oil, jet fuel, and kerosene), and petroleum coke."]
[null,"       • Central fuel terminals are required to fill both Schedules 4A and 4B."]
[null,"Include back-up fuels, start-up fuels, and flame-stabilization fuels."]
[null,"Do not report stocks for waste coal, natural gas, waste oil, or biomass."]
[]
[null,"  Columns A and B: Energy Source and Units: Apply the following units of measure for each fuel stock reported:"]
[null,"      Coal:",null,"Short Tons"]
[null,"      Residual Oil:",null,"Barrels"]
[null,"      Distillate-Type Oils:",null,"Barrels"]
[null,"      Petroleum Coke:",null,"Short Tons"]
[null,"  Columns C, D and E:"]
[null,"      • These columns contain data from Schedules 2 and 3, and the previous month (or year) report, respectively."]
[null,"      • These data are pre-populated on the online forms."]
[null,"  Column F:  Ending Month/Year Stocks:"]
[null,"      • Enter zero if the plant has no stocks.  Do not leave blank."]
[null,"      • Stocks held off-site that cannot be assigned to an individual plant are reported as stocks held at central fuel storage site(s)."]
[null,"      • Report each central fuel storage site separately."]
[null,"      • Identify the new storage sites for this schedule on Schedule 9: Comments."]
[null,"  Column G: Adjustments to Stocks:"]
[null,"      • Enter adjustments to stocks when the calculated fuel balance is not zero."]
[null,"      • These adjustments may be either positive, negative (having a negative sign), or zero."]
[null,"      • Explain any non-zero adjustments in the \"Comments for Adjustments\" Section at the bottom of the table below."]
[null,"  Column H: Fuel Balance:"]
[null,"      • For coal and oil, calculate the fuel balance as the difference between consumed, received and stocked fuel and the reported ending stocks. "]
[null,"      • For natural gas, calculate the fuel balance as the difference between consumed and received natural gas."]
[null,"      • If the fuel balance does not equal zero, enter an adjustment in Column G to balance the fuel use."]
[null,"      • Explain any Column G adjustments in the \"Comments for Adjustments\" Section at the bottom of the table below."]
[]
[null,"Energy Source","Units","End of\nPrior Month/Year Stocks ",null,"Receipts",null,"Consumption ",null,"End of \nCurrent\nMonth/Year Stocks",null,"Adjustments to Stocks ",null,"Fuel Balance"]
[null,"A","B","C",null,"D",null,"E",null,"F",null,"G",null,"H"]
[]
[]
[]
[]
[]
[null,"Energy Source","Comments for Adjustments"]

{"sheet":"SCH 4B","index":9,"n_rows":30,"n_cols":21,"rows_kept":30,"merged":[[1,4,3,11],[1,12,3,14],[4,1,4,14],[6,2,6,6],[6,11,6,12],[6,13,6,14],[7,2,7,6],[7,11,7,12],[8,1,8,15],[9,1,9,14],[27,1,27,14],[28,2,28,5],[28,6,28,10],[28,11,28,14],[29,2,29,5],[29,6,29,10],[29,11,29,14],[30,2,30,5],[30,6,30,10],[30,11,30,14],[31,2,31,5],[31,6,31,10],[31,11,31,14],[32,2,32,5],[32,6,32,10],[32,11,32,14],[33,2,33,5],[33,6,33,10],[33,11,33,14],[34,2,34,5],[34,6,34,10],[34,11,34,14],[35,2,35,5],[35,6,35,10],[35,11,35,14],[36,2,36,5],[36,6,36,10],[36,11,36,14],[37,2,37,5],[37,6,37,10],[37,11,37,14],[38,2,38,5],[38,6,38,10],[38,11,38,14],[39,1,39,14],[40,1,40,2],[40,3,40,6],[40,9,40,12]]}
[]
[{"$nulls":4},"FORM EIA-923\nPOWER PLANT\nOPERATIONS REPORT",{"$nulls":7},"OMB No. 1905-0129                      Approval Expires: xx/xx/xxxx             Burden Hours: 2.3",{"$nulls":7},"OMB No. 1905-0129\nApproval Expires:  12/31/2016\nBurden: 2.9 Hours"]
[]
[]
[]
[]
[null," Plant Name:",{"$nulls":9}," Plant  State:",null," (Postal Abbreviation)"]
[null," Plant ID:",{"$nulls":9}," Reporting Period:",null," (MM))"," (YYYY)"]
[]
[null,"SCHEDULE 4. PART B. FOSSIL FUEL DISTRIBUTION FROM CENTRAL FUEL TERMINALS TO POWER PLANTS"]
[]
[null,"Report distributions of coal, residual oil (No. 5 and No. 6 fuel oils), Distillate-type oils (No. 2 oil, jet fuel, and kerosene), and petroleum coke."]
[null,"Do NOT report fuel in transit on Schedule 4, Part B.  Report fuel in transit on Schedule 4, Part A, as part of negative adjustments."]
[]
[null,"  Column A: Plant ID: Enter the Plant ID for the plant to which fuels were distributed."]
[null,"  Column B: Plant Name: Enter the name of the plant to which fuels were distributed."]
[null,"  Column C: Fuel Type: Report fuel type using energy source codes."]
[null,"  Column D: Quantity of Fuel Shipped to Plant: "]
[]
[null,"      • Report the Quantity of Fuel Shipped to Plant in the following units:"]
[null,null,"          Coal:"," Short Tons"]
[null,null,"          Residual Oil:"," Barrels"]
[null,null,"          Distillate-Type Oils:"," Barrels"]
[null,null,"          Petroleum Coke:"," Short Tons"]
[]
[null,"      • Enter zero if no shipments were made to this plant this month."]
[]
[null,"FUEL TERMINAL — PLANT RELATIONSHIPS AND FUEL SHIPMENTS"]
[null,"Plant ID","Plant Name",{"$nulls":3},"Fuel Type",{"$nulls":4},"Quantity of Fuel Shipped to Plant"]
[null,"A","B",{"$nulls":3},"C",{"$nulls":4},"D"]

{"sheet":"SCH 5","index":10,"n_rows":1,"n_cols":1,"rows_kept":1}
["Schedule 5 is reserved for future use."]

{"sheet":"SCH 6","index":11,"n_rows":58,"n_cols":15,"rows_kept":58,"merged":[[1,5,3,11],[1,12,3,14],[6,2,6,6],[6,11,6,12],[6,13,6,14],[7,2,7,6],[7,11,7,12],[8,1,8,14],[9,1,9,14],[41,1,41,7],[41,8,41,14],[42,1,42,5],[42,6,42,7],[42,8,42,12],[42,13,42,14],[43,1,43,5],[43,6,43,7],[43,8,43,12],[43,13,43,14],[44,1,44,5],[44,6,44,7],[44,8,44,12],[44,13,44,14],[45,1,45,5],[45,6,45,7],[45,8,45,12],[45,13,45,14],[46,1,46,5],[46,6,46,7],[46,8,46,12],[46,13,46,14],[47,1,47,5],[47,6,47,7],[47,8,47,12],[47,13,47,14],[48,1,48,5],[48,6,48,7],[48,8,48,12],[48,13,48,14],[49,1,49,5],[49,6,49,7],[49,8,49,12],[49,13,49,14],[50,1,50,14],[52,8,52,12],[53,1,53,7],[53,8,53,14],[54,1,54,7],[54,8,54,14],[55,1,55,7],[55,8,55,14],[56,1,56,7],[56,8,56,14],[57,1,57,7],[57,8,57,14]]}
[]
[{"$nulls":5},"FORM EIA-923\nPOWER PLANT\nOPERATIONS REPORT",{"$nulls":6},"OMB No. 1905-0129                      \nApproval Expires: xx/xx/xxxx\n             Burden Hours: 2.3"]
[]
[]
[]
[]
[null," Plant Name:",{"$nulls":9}," Plant  State:",null," (Postal Abbreviation)"]
[null," Plant ID:",{"$nulls":9}," Reporting Period:",null," (MM))"," (YYYY)"]
[]
[null,"SCHEDULE 6.  NONUTILITY ANNUAL SOURCE AND DISPOSITION OF ELECTRICITY\n"]
[]
[null,"Schedule 6 is completed by non-utility plants (i.e., unregulated plants)."]
[]
[null,"Source of Electricity:"]
[null,"  (1) Gross Generation (Annual):"]
[null,"      • Report the Total Gross Generation from all prime movers at the plant."]
[null,"      • For monthly respondents, ensure that Total Gross Generation equals the sum of the Gross Generation reported each month on Schedules 3A to 3D."]
[null,"  (2) Other Incoming Electricity: Report all incoming electricity to the facility from purchases, tolling agreements, transfers, exchanges, or other arrangements, in MWh."]
[null,"Types of Other Incoming Electricity:"]
[null,"      • If a positive value is entered in (2), list all types of incoming electricity included in item (2)."]
[null,"      • Types of Other Incoming Electricity may include purchases, tolling agreements, transfers, exchanges, or other arrangements."]
[null,"  (3) Total Source: Total Source must equal Total Disposition."]
[]
[null,"Disposition of Electricity:"]
[null,"  (4) Station Use: Station Use is electricity that is used to operate an electric generating plant, which is the electricity used in the operation and maintenance of the facility."]
[null,"       (e.g., parasitic loads form auxiliary equipment), regardless of whether the electricity is produced at the plant, or comes from another source)"]
[null,"  (5) Direct Use (Industrial and Commercial Sector Plants, both CHP and non-CHP): Report the amount of electricity generated by the plant and consumed"]
[null,"        onsite for processes, such as manufacturing, district heating/cooling, hospital services and campus services, and uses other than power plant station use"]
[null,"  (6) Retail Sales to Ultimate Customers:"]
[null,"      • Report the amount of electricity sold directly to an end-use customer (i.e. energy consumed by the customer, onsite, and is not resold to other customers)."]
[null,"      • If a positive value is entered, also complete Schedule 7B."]
[null,"  (7) Sales for Resale:"]
[null,"      • Report the amount of electricity sold for resale (wholesale sales), in MWh."]
[null,"      • If a positive value is entered, also complete Schedule 7A."]
[null,"  (8) Provided under Tolling Agreements: Report the amount of electricity provided under a tolling agreement. "]
[null,"  (9) Other Outgoing Electricity: Report all other outgoing electricity from the facility, such as transfers and exchanges, in MWh."]
[null,"Types of Other Outgoing Electricity:"]
[null,"      • If a positive value is entered in Item (10), list all types of outgoing electricity included in Item (10), such as transfers, exchanges, or other types."]
[null,"(10) Total Disposition: Ensure that Total Disposition equals Total Sources."]
[]
[]
[null,"Source of Electricity",{"$nulls":6},"Disposition of Electricity"]
[null,"(1) Gross Generation (Annual) (MWh)",{"$nulls":6},"(4) Station Use (MWh)"]
[null,"(2) Other Incoming Electricity (MWh)",{"$nulls":6},"(5) Direct Use  (Industrial and Commercial Sector Plants, both CHP and non-CHP) (MWh)"]
[{"$nulls":8},"(6) Total Facility Use (Total Sources + Station Use) (MWh)",{"$nulls":4},{"$f":"SUM(G50,N43)","v":0}]
[{"$nulls":8},"(7) Retail Sales to Ultimate Customers (MWh)"]
[{"$nulls":8},"(8) Sales for Resale (MWh)"]
[{"$nulls":8},"(9) Provided under Tolling Agreements (MWh)"]
[{"$nulls":8},"(10) Other Outgoing Electricity (MWh)"]
[null,"(3) Total Sources ",{"$nulls":4},{"$f":"SUM(G44,G43)","v":0},null,"= (11) Total Disposition  ",{"$nulls":4},{"$f":"SUM(N46:O49)","v":0}]
[null,"Total Sources must equal Total Disposition: Item (3) = Item (11)"]
[]
[]
[null,"Types of Other Incoming Electricity",{"$nulls":6},"Types of Other Outgoing Electricity"]
[null,"List all of the types of incoming electricity included in (2) Other Incoming Electricity.",{"$nulls":6},"List all of the types of outgoing electricity included in item (10) Other Outgoing Electricity."]
[]
[]
[{"$nulls":8}," "]

{"sheet":"SCH 7A","index":12,"n_rows":21,"n_cols":20,"rows_kept":21,"merged":[[1,5,3,12],[1,13,3,15],[6,2,6,7],[6,12,6,13],[6,14,6,15],[7,2,7,7],[7,12,7,13],[11,1,11,15],[13,1,13,15],[14,1,14,15],[15,1,15,15],[16,1,16,15],[17,1,17,15],[18,1,18,15],[20,3,20,7],[20,8,20,10],[20,12,20,13]]}
[]
[{"$nulls":5},"FORM EIA-923\nPOWER PLANT\nOPERATIONS REPORT",{"$nulls":7},"OMB No. 1905-0129                      Approval Expires: xx/xx/xxxx            Burden Hours: 2.3",{"$nulls":5},"OMB No. 1905-0129\nApproval Expires:  12/31/2016\nBurden: 2.9 Hours"]
[]
[]
[]
[]
[null," Plant Name:",{"$nulls":10}," Plant  State:",null," (Postal Abbreviation)"]
[null," Plant ID:",{"$nulls":10}," Reporting Period:",null," (MM))"," (YYYY)"]
[]
[]
[]
[null,"SCHEDULE 7. ANNUAL REVENUE FROM SALES FOR RESALE"]
[]
[]
[null,"SCHEDULE 7. PART A.  ANNUAL REVENUE FROM SALES FOR RESALE"]
[]
[null,"Complete Schedule 7, Part A, only if a positive value was entered on Schedule 6, Item (8): \"Sales for Resale.\""]
[null,"Sales for Resale are energy supplied to electric utilities, cooperatives, municipalities, federal and state electric agencies, power marketers, or other entities, for resale to end-use consumers."]
[null,"Report in thousand dollars.  For example $1,987,234 should be entered as 1,987. "]
[]
[{"$nulls":3}," Annual Revenue from Sales for Resale ($ 000's):"]

{"sheet":"SCH 7B","index":13,"n_rows":37,"n_cols":20,"rows_kept":37,"merged":[[1,7,3,13],[1,17,3,19],[6,3,6,9],[6,16,6,17],[6,18,6,19],[7,1,7,2],[7,3,7,9],[7,16,7,17],[10,1,10,19],[21,1,21,19],[22,1,22,19],[23,3,23,4],[24,1,24,19],[25,1,25,4],[25,5,25,7],[25,8,25,10],[25,11,25,13],[25,14,25,16],[25,17,25,19],[26,1,26,4],[26,5,26,7],[26,8,26,10],[26,11,26,13],[26,14,26,16],[26,17,26,19],[27,1,27,4],[27,5,27,7],[27,8,27,10],[27,11,27,13],[27,14,27,16],[27,17,27,19],[28,1,28,4],[28,5,28,7],[28,8,28,10],[28,11,28,13],[28,14,28,16],[28,17,28,19],[30,1,30,19],[31,3,31,4],[32,1,32,19],[33,1,33,4],[33,5,33,7],[33,8,33,10],[33,11,33,13],[33,14,33,16],[33,17,33,19],[34,1,34,4],[34,5,34,7],[34,8,34,10],[34,11,34,13],[34,14,34,16],[34,17,34,19],[35,1,35,4],[35,5,35,7],[35,8,35,10],[35,11,35,13],[35,14,35,16],[35,17,35,19],[36,1,36,4],[36,5,36,7],[36,8,36,10],[36,11,36,13],[36,14,36,16],[36,17,36,19]]}
[]
[{"$nulls":7},"FORM EIA-923\nPOWER PLANT\nOPERATIONS REPORT",{"$nulls":9},"OMB No. 1905-0129                      Approval Expires: xx/xx/xxxx             Burden Hours: 2.3"]
[]
[]
[]
[]
[null," Plant Name:",{"$nulls":14}," Plant  State:",null," (Postal Abbreviation)"]
[null," Plant ID:",{"$nulls":14}," Reporting Period:",null," (MM))"," (YYYY)"]
[]
[]
[null,"SCHEDULE 7. PART B. ANNUAL RETAIL SALES, REVENUES AND NUMBER OF CUSTOMERS FROM RETAIL SALES"]
[]
[null,"Report by state and end-use customer sectors (Residential, Commercial, industrial and Transportation)."]
[null,"Complete an individual Schedule 7, Part B, for each state where customers are located, only if a positive value was entered on Schedule 6, Item (7), \"Retail Sales to Ultimate Customers.\""]
[]
[null,"Annual Retail Sales, Revenue, and Number of Customers:"]
[null,"      — Retail sales are sold directly to an end-use customer (i.e., the energy is consumed by the customer, onsite, and is not resold to other customers)."]
[null,"      — Enter annual retail sales, revenue, and number of customers for each state where customer(s) are located."]
[null,"           • Report Annual Retail Sales in megawatthours (MWh), by sector."]
[null,"           • Report Annual Revenue in thousand dollars, by sector."]
[null,"           • Report Number of Customers, by sector."]
[]
[]
[null,null,"State:"," (Postal Abbreviation)"]
[]
[null,"Item",{"$nulls":3},"Residential",null,null,"Commercial",null,null,"Industrial",null,null,"Transportation",null,null,"Total"]
[null,"Retail Sales (MWh)"]
[null,"Revenue ($ 000's)"]
[null,"Number of Customers"]
[]
[]
[null,null,"State:"," (Postal Abbreviation)"]
[]
[null,"Item",{"$nulls":3},"Residential",null,null,"Commercial",null,null,"Industrial",null,null,"Transportation",null,null,"Total"]
[null,"Retail Sales (Mwh)"]
[null,"Revenue ($ 000's)"]
[null,"Number of Customers"]

{"sheet":"SCH 8A","index":14,"n_rows":41,"n_cols":16,"rows_kept":41,"merged":[[1,5,3,12],[1,13,3,15],[6,2,6,7],[6,12,6,13],[6,14,6,15],[7,2,7,7],[7,12,7,13],[10,1,10,15],[11,1,11,15],[12,1,12,15],[28,1,28,6],[28,7,28,9],[28,10,28,12],[28,13,28,14],[29,1,29,6],[31,1,31,6],[32,1,32,6],[33,1,33,6],[34,1,34,6],[35,1,35,6],[36,1,36,6],[37,1,37,6],[38,1,38,6],[39,1,39,6],[40,1,40,6]]}
[]
[{"$nulls":5},"FORM EIA-923\nPOWER PLANT\nOPERATIONS REPORT",{"$nulls":7},"OMB No. 1905-0129\n                      Approval Expires: xx/xx/xxxx\n             Burden Hours: 2.3"]
[]
[]
[]
[]
[null," Plant Name:",{"$nulls":10}," Plant  State:",null," (Postal Abbreviation)"]
[null," Plant ID:",{"$nulls":10}," Reporting Period:",null," (MM))"," (YYYY)"]
[]
[]
[null,"SCHEDULE 8. ANNUAL ENVIRONMENTAL INFORMATION"]
[]
[null,"SCHEDULE 8. PART A.  ANNUAL BY-PRODUCT DISPOSITION"]
[null,"Complete an individual Schedule 8, Part A annually for each organic-fueled thermoelectric power plant (i.e., steam-electric plants, including nuclear and combined cycle plants) with a total steam turbine capacity of greater than, or equal to,100 megawatts."]
[null,"  —  Enter the quantity of combustion by-products for the year, by type of disposal."]
[null,"  —  If actual data are not available, provide an estimated value."]
[null,"  —  Report the quantity of combustion by-products rounded to the nearest 0.1 thousand tons."]
[null,"  —  Report sales of steam in million Btu (MMBtu). "]
[null,"  —  If no by-product was produced, place a check in the checkbox labeled \"Select if no combustion by-products were produced.\""]
[]
[null,"Note: "]
[null,null,"PCD = Particulate Control Device"]
[null,null,"FGD = Flue Gas Desulfurization"]
[null,null,"FBC = Fluidized Bed Combustion"]
[null,null,"IGCC = Integrated Gasification Combined Cycle"]
[]
[null,"Select box if no combustion by-products were produced:"]
[]
[null,"Combustion By-Product",{"$nulls":5},"Disposal",null,null,"Beneficial Use",null,null,"Storage"]
[{"$nulls":7},"On-Site \nLandfill","On-Site\n Ponds","Disposal \nOff-Site","Sold","Used \nOn-Site","Used \nOff-Site","Stored \nOn-Site","Stored \nOff-Site","Total"]
[{"$nulls":7},"A","B","C","D","E","F","G","H","I"]
[null,"Fly ash from standard boiler/PCD units (0.1  thousand tons)"]
[null,"Fly ash from units with dry FGD (0.1  thousand tons)"]
[null,"Fly ash from FBC units (0.1  thousand tons)"]
[null,"Bottom ash from standard boiler units (0.1  thousand tons)"]
[null,"Bottom (bed) ash from FBC units (0.1  thousand tons)"]
[null,"FGD Gypsum (0.1  thousand tons)"]
[null,"Other FGD by-products (0.1  thousand tons)"]
[null,"Ash from coal gasification (IGCC) units (0.1  thousand tons)"]
[null,"Other (specify by-product via comments on Schedule 9)"]
[null,"Steam Sales (MMBtu)"]

{"sheet":"SCH 8B","index":15,"n_rows":32,"n_cols":16,"rows_kept":32,"merged":[[1,6,3,12],[1,13,3,15],[6,2,6,7],[6,12,6,13],[6,14,6,15],[7,2,7,7],[7,12,7,13],[8,1,8,15],[9,1,9,15],[15,1,15,15],[16,1,16,15],[17,1,17,3],[17,4,17,5],[17,6,17,7],[17,8,17,9],[17,10,17,11],[17,12,17,13],[17,14,17,15],[18,1,18,3],[18,4,18,5],[18,6,18,7],[18,8,18,9],[18,10,18,11],[18,12,18,13],[18,14,18,15],[19,1,19,3],[19,4,19,5],[19,6,19,7],[19,8,19,9],[19,10,19,11],[19,12,19,13],[19,14,19,15],[20,1,20,3],[20,4,20,5],[20,6,20,7],[20,8,20,9],[20,10,20,11],[20,12,20,13],[20,14,20,15],[21,1,21,3],[21,4,21,5],[21,6,21,7],[21,8,21,9],[21,10,21,11],[21,12,21,13],[21,14,21,15],[22,1,22,15],[23,1,23,15],[24,1,24,3],[24,4,24,6],[24,7,24,9],[24,10,24,12],[24,13,24,15],[25,1,25,3],[25,4,25,6],[25,7,25,9],[25,10,25,12],[25,13,25,15],[26,1,26,3],[26,4,26,6],[26,7,26,9],[26,10,26,12],[26,13,26,15],[27,1,27,15],[28,1,28,15],[29,1,29,3],[29,4,29,5],[29,6,29,7],[29,8,29,9],[29,10,29,11],[29,12,29,13],[29,14,29,15],[30,1,30,3],[30,4,30,5],[30,6,30,7],[30,8,30,9],[30,10,30,11],[30,12,30,13],[30,14,30,15],[31,1,31,3],[31,4,31,5],[31,6,31,7],[31,8,31,9],[31,10,31,11],[31,12,31,13],[31,14,31,15],[32,1,32,15]]}
[]
[{"$nulls":6},"FORM EIA-923\nPOWER PLANT\nOPERATIONS REPORT",{"$nulls":6},"OMB No. 1905-0129                      Approval Expires: xx/xx/xxxx             Burden Hours: 2.3"]
[]
[]
[]
[]
[null,"Plant Name:",{"$nulls":10}," Plant  State:",null," (Postal Abbreviation)"]
[null,"Plant ID:",{"$nulls":10}," Reporting Period:",null," (MM))"," (YYYY)"]
[]
[null,"SCHEDULE 8. PART B.  FINANCIAL INFORMATION RELATED TO COMBUSTION BY-PRODUCTS"]
[null,"Complete an individual Schedule 8, Part B, annually, for each organically fueled thermoelectric power plant with a total steam turbine capacity greater than"]
[null,"or equal to 100 megawatts."]
[null,"  — Data reported in Schedule 8, Part B must correspond to the combustion by-product data reported on Schedule 8, Part A."]
[null,"  — If actual data are not available, provide an estimated value."]
[null,"  — Report all values in thousand dollars, to the nearest thousand."]
[]
[null,"Operation and Maintenance (O&M) Expenditures During Year ($ 000's)"]
[null,"O&M Expenditure Type",null,null,"Fly Ash",null,"Bottom Ash",null,"Flue Gas Desulfurization",null,"Water Pollution Abatement",null,"Other Pollution Abatement",null,"Total"]
[{"$nulls":4},"(1)",null,"(2)",null,"(3)",null,"(4)",null,"(5)",null,"(6)"]
[null,"Collection"]
[null,"Disposal"]
[null,"Other"]
[]
[null,"Capital Expenditures for New Structures and Equipment During Year, Excluding Land and Interest Expense ($ 000's)"]
[null,"Capital Expenditure Type",null,null,"Air Pollution Abatement",null,null,"Water Pollution Abatement",null,null,"Solid/Contained Waste",null,null,"Other Pollution Abatement"]
[{"$nulls":4},"(7)",null,null,"(8)",null,null,"(9)",null,null,"(10)"]
[null,"Amount"]
[]
[null,"By-Product Sales Revenue During Year  ($ 000's)"]
[null,"By-Product Sales Revenue",null,null,"Fly Ash",null,"Bottom Ash",null,"Fly and Bottom Ash Sold Intermingled",null,"Flue Gas Desulfurization \nBy-Product",null,"Other By-Product Revenue",null,"Total"]
[{"$nulls":4},"(11)",null,"(12)",null,"(13)",null,"(14)",null,"(15)",null,"(16)"]
[null,"Amount"]

{"sheet":"SCH 8C","index":16,"n_rows":40,"n_cols":19,"rows_kept":40,"merged":[[1,6,3,15],[1,16,3,18],[6,2,6,6],[6,15,6,16],[6,17,6,18],[7,2,7,6],[7,15,7,16],[8,1,8,18],[17,1,17,5],[19,1,19,5],[21,1,21,5],[23,1,23,5],[25,1,25,5],[27,1,27,18],[28,1,28,5],[28,6,28,7],[28,8,28,11],[28,12,28,16],[29,3,29,4],[30,3,30,4],[30,6,30,7],[30,9,30,10],[30,12,30,13],[30,17,30,18],[31,3,31,4],[32,3,32,4],[33,3,33,4],[34,3,34,4],[35,3,35,4],[36,3,36,4],[37,1,37,18],[38,1,38,18],[39,2,39,5],[39,6,39,8],[39,9,39,11],[39,12,39,15],[39,16,39,18],[40,2,40,5],[40,6,40,8],[40,9,40,11],[40,12,40,15],[40,16,40,18],[41,2,41,5],[41,6,41,8],[41,9,41,11],[41,12,41,15],[41,16,41,18],[42,2,42,5],[42,6,42,8],[42,9,42,11],[42,12,42,15],[42,16,42,18],[43,2,43,5],[43,6,43,8],[43,9,43,11],[43,12,43,15],[43,16,43,18],[44,2,44,5],[44,6,44,8],[44,9,44,11],[44,12,44,15],[44,16,44,18]]}
[]
[{"$nulls":6},"FORM EIA-923\nPOWER PLANT\nOPERATIONS REPORT",{"$nulls":9},"OMB No. 1905-0129                                          Approval Expires: xx/xx/xxxx                                 Burden Hours: 2.3"]
[]
[]
[]
[]
[null,"Plant Name:",{"$nulls":13}," Plant  State:",null," (Postal Abbreviation)"]
[null,"Plant ID:",{"$nulls":13}," Reporting Period:",null," (MM))"," (YYYY)"]
[null,"SCHEDULE 8. PART C.  AIR EMISSIONS CONTROL INFORMATION"]
[null,"Complete an individual Schedule 8, Part C, annually, for each thermoelectric or combined cycle power plant with a total steam turbine capacity greater than or equal to 10 megawatts."]
[null,"Report operational data for emissions of sulfur dioxide (SO2), nitrogen oxides (NOx), particulates, mercury, and acid gases."]
[]
[null,"Environmental Equipment and/or Technology Type:"]
[null,"      Column A: Boiler, Flue Gas Desulfurization (FGD), and Flue Gas Particulate (FGP) unit IDs must match the ID as reported on Form EIA-860, \"Annual Electric Generator Report.\""]
[null,"      Column B: Technology Type: See the forms instructions document to obtain the technology type codes associated with each unit type."]
[null,"      Columns E through Q: See the forms instructions document for detailed guidance in completing the questionnaire items."]
[]
[null,"Does this plant use Nitrogen Oxide controls?  (Yes/No): ",{"$nulls":5},"If YES complete Columns A-D and Columns E-F, for each NOx control unit."]
[]
[null,"Does this plant use Particulate Matter controls?  (Yes/No): ",{"$nulls":5},"If YES complete Columns A-D and Columns G-J, for each Particulate Matter control unit."]
[]
[null,"Does this plant use Sulfur Dioxide controls?  (Yes/No): ",{"$nulls":5},"If YES complete Columns A-D and Columns K-O, for each SO2 control unit."]
[]
[null,"Does this plant use Mercury Controls?  (Yes/No): ",{"$nulls":5},"If YES complete columns A-D and Column P, for each Mercury control unit."]
[]
[null,"Does this plant use  Acid Gas (HCl) Controls? (Yes/No): ",{"$nulls":5},"If YES complete Columns A-D and Column Q, for each Acid Gas control unit."]
[]
[null,"Annual Operations"]
[null,"Environmental Equipment\nand/or Technology Type",{"$nulls":4},"Nitrogen Oxide (NOx)\n Control",null,"Particulate Matter Control",{"$nulls":3},"Sulfur Dioxide(SO2) Control",{"$nulls":4}," Mercury Control","Acid Gas Control"]
[null,"Equipment \nIDs \n(FGD, FGP, or  Boiler ID)'","Equipment\nType","Equipment\nStatus",null,"Hours in Service","Actual NOx  Emissions Rate \n(Annual)","Actual NOx Emissions Rate \n(May to Sep.)","Typical Particulate Matter Emissions Rate\n (Annual Average)","Particulate Removal Efficiency Rate at AOF","Tested Efficiency Particulate Removal\n(at 100% Load)","Test Date","Sulfur Dioxide Removal Efficiency Rate at AOF","Sulfur Dioxide Removal Tested Efficiency \n(at 100% Load)","Test Date","Quantity of FGD Sorbent Used","FGD Unit Electrical Energy Consumption","Mercury Removal Efficiency","HCl Removal Efficiency"]
[{"$nulls":6},"(nearest lbs/MMBtu)",null,"(nearest lbs/MMBtu)","(nearest 0.1% by weight)",null," (MMYY)","(nearest 0.1% by weight)",null,"(MMYY)","(nearest 0.1 thousand tons)","(MWh)","(nearest 0.1% by weight)"]
[null,"A","B","C",null,"D","E","F","G","H","I","J","K","L","M","N","O","P","Q"]
[]
[]
[]
[]
[]
[]
[null,"FGD Operation and Maintenance Expenditures During Year, \nExcluding Electricity (Thousand Dollars)"]
[null,"FGD ID","Feed Materials and Chemicals",{"$nulls":3},"Labor and Supervision",null,null,"Waste Disposal",null,null,"Maintenance, Materials and \nAll Other Costs",{"$nulls":3},"Total"]

{"sheet":"SCH 8D","index":17,"n_rows":23,"n_cols":20,"rows_kept":23,"merged":[[1,7,3,16],[1,18,3,19],[6,2,6,7],[6,16,6,17],[6,18,6,19],[7,2,7,7],[7,16,7,17],[9,1,9,19],[18,1,18,2],[20,1,20,5],[20,6,20,10],[20,11,20,15],[20,16,20,19]]}
[]
[{"$nulls":7},"FORM EIA-923\nPOWER PLANT\nOPERATIONS REPORT",{"$nulls":10},"OMB No. 1905-0129                      Approval Expires: xx/xx/xxxx             Burden Hours: 2.3"]
[]
[]
[]
[]
[null,"Plant Name:",{"$nulls":14}," Plant  State:",null," (Postal Abbreviation)"]
[null,"Plant ID:",{"$nulls":14}," Reporting Period:",null," (MM))"," (YYYY)"]
[]
[null,"SCHEDULE 8. PART D.  MONTHLY COOLING SYSTEM INFORMATION"]
[]
[null,"Complete an individual Schedule 8, Part D for each thermoelectric power plant (organically fueled, nuclear and combined cycle) with a total steam capacity greater than or equal to 100 megawatts."]
[null,"  —  Complete a separate schedule for each reporting month."]
[null,"  —  Complete a separate row for each cooling system."]
[null,"  —  If actual data are not available, provide an estimated value."]
[null,"  —  If the source of cooling water is a well or municipal water system, do not complete the Cooling Water Temperature sections."]
[null,"  —  To convert water flow rates from cubic feet per second (CFS) to gallons per minute (GPM), use conversion factor: 1 CFS = 448.8 GPM"]
[]
[null,"Reporting Month (MM):"]
[]
[{"$nulls":6},"Average Monthly Rate of Cooling Water \n(to nearest gallons per minute)",{"$nulls":4},"Cooling Water Temperature  \n(degrees Fahrenheit)",{"$nulls":4},"Volume of Cooling Water \n(to nearest 0.001 million gallons per month)"]
[null,"Cooling System ID","Cooling System Type","Cooling System Status","Hours in Service per month","Amount of Chlorine (Elemental) Added\n(to nearest 0.001 thousand pounds)","Diversion","Withdrawal","Discharge","Consumption","Method of Measurement","Average \nat Intake","Maximum\n at Intake","Average at Discharge","Maximum at Discharge","Method of Measurement","Diversion","Withdrawal","Discharge","Consumption"]
[null,"A","B","C","D","E","F","G","H","I","J","K","L","M","N","O","P","Q","R","S"]

{"sheet":"SCH 9","index":18,"n_rows":30,"n_cols":15,"rows_kept":30,"merged":[[1,5,3,9],[1,12,3,14],[5,11,5,12],[5,13,5,14],[6,2,6,5],[6,11,6,12],[7,2,7,5],[9,1,9,14],[11,4,11,14],[12,4,12,14],[13,4,13,14],[14,4,14,14],[15,4,15,14],[16,4,16,14],[17,4,17,14],[18,4,18,14],[19,4,19,14],[20,4,20,14],[21,4,21,14],[22,4,22,14],[23,1,23,14],[24,1,24,14],[25,1,25,14],[29,1,29,2],[29,3,29,4],[29,5,29,14],[30,1,30,2],[30,3,30,4],[30,5,30,14],[31,1,31,2],[31,3,31,4],[31,5,31,14],[32,1,32,2],[32,3,32,4],[32,5,32,14],[33,1,33,2],[33,3,33,4],[33,5,33,14],[34,1,34,14]]}
[]
[{"$nulls":5},"FORM EIA-923\nPOWER PLANT\nOPERATIONS REPORT",{"$nulls":6},"OMB No. 1905-0129\nApproval Expires: xx/xx/xxxx\n             Burden Hours: 2.3"]
[]
[]
[]
[{"$nulls":11}," Plant  State:",null," (Postal Abbreviation)"]
[null,"Plant Name:",{"$nulls":9}," Reporting Period:",null," (MM))"," (YYYY)"]
[null,"Plant ID:"]
[]
[null,"SCHEDULE 9: COMMENTS"]
[]
[null,"Schedule","Part","Item","Comment or Footnote"]
{"$rows_empty":13}
[null,"Generator Retirement Dates "]
[]
[null,"Complete this section for generators with retirement dates planned for the next twelve months."]
[]
[null,"Generator ID",null,"Proposed \nRetirement Date",null,"Comment"]

{"sheet":"Look Up Lists","index":19,"n_rows":3173,"n_cols":29,"rows_kept":3173,"merged":[[0,8,0,9],[0,10,0,13],[1,10,1,13]]}
["Range Name = ESSCH2",null,null,"Range Name = SUPPLIERS",null,"Range Name = ESSCH345",null,null,"Range Name = MINEST",{"$nulls":9},"RANGE NAME = CoalMine",null,"Emission Type",null,null,"RANGE NAME = UNITTYPE",{"$nulls":3},"Status Codes"]
["Schedule 2 Energy Source",null,null,"SUPPLIER_NAME",null,"Schedule 3 Energy Source",{"$nulls":17},"Unit Type for SCHEDULE 8C"]
["Code","Description",null,"1081 MINE",null,"Code","Description",null,null,"COALMINE_STATE","COALMINE_MSHA_ID","COAL_MINETYPE","COALMINE_NAME","COALMINE_COUNTY","COALMINE_COMPANY","COALMINE_COUNTY_CODE","COAL_TYPE","STATE_FIPS","Look up Range",null,"SO2",null,null,"Unit ID","Description","Emission Type",null,"OP","Operational "]
["BIT","Bituminous Coal",null,"381 NORTH MINE",null,"BIT","Bituminous Coal",null,"AL","AL","0100328","P","BESSIE MINE","JEFFERSON","JIM WALTER RESOURCES INC","073","BIT","01",{"$f":"K4&\"     \"&L4&\"     \"&M4&\"                                  \"&N4","v":"0100328     P     BESSIE MINE                                  JEFFERSON"},null,"NOX",null,null,"BR","Jet Bubbling Reactor","FGD",null,"TS","In Testing"]
["ANT","Anthracite Coal",null,"A/C FUELS",null,"ANT","Anthracite Coal",null,"AK","AL","0100329","P","CONCORD MINE","JEFFERSON","OAK GROVE RESOURCES LLC","073","BIT","01",{"$f":"K5&\"     \"&L5&\"     \"&M5&\"                                  \"&N5","v":"0100329     P     CONCORD MINE                                  JEFFERSON"},null,"PM",null,null,"CD","Circulating Dry Scrubber","FGD",null,"RE","Retired"]
["LIG","Lignite Coal",null,"AC&T",null,"LIG","Lignite Coal",null,"AR","AL","0100347","S","CHOCTAW MINE","WALKER","TAFT COAL SALES & ASSOCIATES I","127","BIT","01","0100347     S     CHOCTAW MINE                                  WALKER",null,"Hg",null,null,"MA","Mechanically Aided Type","FGD",null,"P","Planned"]
["SUB","Subbituminous Coal",null,"ACADIA PIPELINE PARTNERS",null,"SUB","Subbituminous Coal",null,"AU","AL","0100515","S","MARY LEE # 1 MINE","WALKER","DRUMMOND COMPANY, INC.","127","BIT","01","0100515     S     MARY LEE # 1 MINE                                  WALKER",null,"HCl",null,null,"PA","Packed Type","FGD"]
["RC","Refined Coal",null,"ACCENT ENERGY / SOCAL GAS",null,"RC","Refined Coal",null,"AZ","AL","0100563","S","GREENFUELS PROCESSING PLANT","TUSCALOOSA","COVOL FUELS NO 5 LLC","125","BIT","01","0100563     S     GREENFUELS PROCESSING PLANT                                  TUSCALOOSA",{"$nulls":4},"SD","Spray Dryer Type","FGD"]
["WC","Waste Coal",null,"ACORN PETROLEUM",null,"WC","Waste Coal",null,"CL","AL","0100742","P","SHORT CREEK 8750","JEFFERSON","DRUMMOND COMPANY, INC.","073","BIT","01","0100742     P     SHORT CREEK 8750                                  JEFFERSON",{"$nulls":4},"SP","Spray Type","FGD"]
["DFO","Distillate Fuel Oil",null,"ADAMS RESOURCES MARKETING",null,"CBL","Blended Coal (as burned only)",null,"CO","AL","0100758","P","NO. 3 MINE","JEFFERSON","JIM WALTER RESOURCES INC","073","BIT","01","0100758     P     NO. 3 MINE                                  JEFFERSON",{"$nulls":4},"TR","Tray Type","FGD"]
["RFO","Residual Fuel Oil",null,"ADARO",null,"DFO","Distillate Fuel Oil",null,"IL","AL","0100759","U","NORTH RIVER #1 UNDERGROUND MIN","FAYETTE","JIM WALTER RESOURCES INC","057","BIT","01","0100759     U     NORTH RIVER #1 UNDERGROUND MIN                                  FAYETTE",{"$nulls":4},"VE","Venturi Type","FGD"]
["NG","Natural Gas",null,"AEP/HPL",null,"RFO","Residual Fuel Oil",null,"IN","AL","0100787","P","ROSA MINE","BLOUNT","MCOAL CORPORATION","009","BIT","01","0100787     P     ROSA MINE                                  BLOUNT",{"$nulls":4},"DP","Dry Powder Injection type","FGD"]
["PC","Petroleum Coke",null,"AERO ENERGY",null,"JF","Jet Fuel",null,"IS","AL","0100851","U","OAK GROVE MINE","JEFFERSON","OAK GROVE RESOURCES LLC","073","BIT","01","0100851     U     OAK GROVE MINE                                  JEFFERSON",{"$nulls":4},"AA","Advanced Overfire Air","NOX"]
[{"$nulls":3},"AES EASTERN ENERGY",null,"KER","Kerosene",null,"KS","AL","0101247","U","NO 4 MINE","TUSCALOOSA","JIM WALTER RESOURCES INC","125","BIT","01","0101247     U     NO 4 MINE                                  TUSCALOOSA",{"$nulls":4},"BF","Biased Firing","NOX"]
[{"$nulls":3},"AES GENER",null,"WO","Waste Oil",null,"KY","AL","0101362","S","MANCHESTER MINE","WALKER","BLACK WARRIOR MINERALS INC","127","BIT","01","0101362     S     MANCHESTER MINE                                  WALKER",{"$nulls":4},"CF","Fluidized Bed Combuster","NOX"]
[{"$nulls":3},"AGGREGATE",null,"PC","Petroleum Coke",null,"LA","AL","0101401","U","NO 7 MINE","TUSCALOOSA","JIM WALTER RESOURCES INC","125","BIT","01","0101401     U     NO 7 MINE                                  TUSCALOOSA",{"$nulls":4},"FR","Flue Gas Recirculation","NOX"]
[{"$nulls":3},"AGLAND",null,"NG","Natural Gas",null,"MD","AL","0102354","S","LINDBERGH","JEFFERSON","C & H MINING COMPANY INC","073","BIT","01","0102354     S     LINDBERGH                                  JEFFERSON",{"$nulls":4},"FU","Fuel Reburning","NOX"]
[{"$nulls":3},"AGT",null,"BFG","Blast Furnace Gas",null,"MO","AL","0102515","S","CENTRAL SHOP","TUSCALOOSA","JIM WALTER RESOURCES INC","125","BIT","01","0102515     S     CENTRAL SHOP                                  TUSCALOOSA",{"$nulls":4},"H20","Water Injection","NOX"]
[{"$nulls":3},"AGUILA",null,"OG","Other Gas",null,"MS","AL","0102817","S","DOGTOWN MINE","WALKER","HALEY BROS. COAL, INC.","127","BIT","01","0102817     S     DOGTOWN MINE                                  WALKER",{"$nulls":4},"LA","Low Excess Air","NOX"]
[{"$nulls":3},"AIR QUALITY/KNOX",null,"PG","Propane Gas",null,"MT","AL","0102901","U","SHOAL CREEK MINE","JEFFERSON","DRUMMOND COMPANY INC","073","BIT","01","0102901     U     SHOAL CREEK MINE                                  JEFFERSON",{"$nulls":4},"LN","Low NOX Burner","NOX"]
[{"$nulls":3},"AITKEN CREEK GAS STORAGE",null,"SG","Syngas derived from Petroleum Coke",null,"ND","AL","0102933","S","MINE NO 2","JACKSON","ALABAMA CARBON, LLC","071","BIT","01","0102933     S     MINE NO 2                                  JACKSON",{"$nulls":4},"NH3","Ammonia Injection","NOX"]
[{"$nulls":3},"AL ROMAN",null,"SGC","Syngas derived from Coal",null,"NM","AL","0102951","S","MAJESTIC MINE NO. 2","JEFFERSON","R J R MINING COMPANY INC","073","BIT","01","0102951     S     MAJESTIC MINE NO. 2                                  JEFFERSON",{"$nulls":4},"OV","Overfire Air","NOX"]
[{"$nulls":3},"ALABAMA COAL",null,"AB","Agricultural By-Products",null,"OH","AL","0102976","S","PINEY WOODS PREPARATION PLANT","SHELBY","TACOA MINERALS, LLC","117","BIT","01","0102976     S     PINEY WOODS PREPARATION PLANT                                  SHELBY",{"$nulls":4},"OZ","Operating during the Ozone Season","NOX"]
[{"$nulls":3},"ALABAMA GAS",null,"MSW","Municipal Solid Waste",null,"OK","AL","0102996","S","JAP CREEK MINE","WALKER","REED MINERALS INC","127","BIT","01","0102996     S     JAP CREEK MINE                                  WALKER",{"$nulls":4},"SC","Slagging","NOX"]
[{"$nulls":3},"ALAGAS CO",null,"OBS","Other Solid Biomass Waste",null,"PA","AL","0103002","U","CORINTH MINE","WALKER","WARRIOR INVESTMENT CO INC","127","BIT","01","0103002     U     CORINTH MINE                                  WALKER",{"$nulls":4},"SN","Selective Noncatalytic Reduction","NOX"]
[{"$nulls":3},"ALATENN",null,"WDS","Wood and Wood Waste Solids",null,"TN","AL","0103004","S","MINER HOLLOW MINE #2","WALKER","KENNEDY BROTHERS CONSTRUCTION","127","BIT","01","0103004     S     MINER HOLLOW MINE #2                                  WALKER",{"$nulls":4},"SR","Selective Catalytic Reduction","NOX"]
[{"$nulls":3},"ALCOA",null,"OBL","Other Biomass Liquids",null,"TX","AL","0103019","S","SURFACE MINE #1","WALKER","DRUMMOND COMPANY INC","127","BIT","01","0103019     S     SURFACE MINE #1                                  WALKER",{"$nulls":4},"STM","Steam Injection","NOX"]
[{"$nulls":3},"ALGONQUIN GAS TRANSMISSION",null,"SLW","Sludge",null,"UT","AL","0103116","S","L MASSEY MINE","WALKER","NATIONAL COAL OF ALABAMA INC","127","BIT","01","0103116     S     L MASSEY MINE                                  WALKER",{"$nulls":4},"BS","Baghouse, shake and deflate","FGP"]
[{"$nulls":3},"ALLEGHENY ENERGY",null,"BLQ","Black Liquor",null,"VA","AL","0103117","S","MINE #2, #3, #4","CULLMAN","EVERGREEN MINING, LLC","043","BIT","01","0103117     S     MINE #2, #3, #4                                  CULLMAN",{"$nulls":4},"BP","Baghouse, pulse","FGP"]
[{"$nulls":3},"ALLEGHENY MINERAL CORP",null,"WDL","Wood Waste Liquids",null,"VZ","AL","0103128","S","SPRING BRANCH MINE","WALKER","HALEY BROS. COAL, INC.","127","BIT","01","0103128     S     SPRING BRANCH MINE                                  WALKER",{"$nulls":4},"BR","Baghouse, reverse air","FGP"]
[{"$nulls":3},"ALLEY CASSETTY COAL",null,"LFG","Landfill Gas",null,"WA","AL","0103150","S","LITTLETON MINE","JEFFERSON","EVERGREEN MINING, LLC","073","BIT","01","0103150     S     LITTLETON MINE                                  JEFFERSON",{"$nulls":4},"EC","Electrostatic Precipitator, cold side, With fgc","FGP"]
[{"$nulls":3},"ALLIANCE  COAL",null,"OBG","Other Biomass Gas",null,"WV","AL","0103155","P","CORINTH PREP PLANT","WALKER","WARRIOR INVESTMENT COMPANY INC","127","BIT","01","0103155     P     CORINTH PREP PLANT                                  WALKER",{"$nulls":4},"EH","Electrostatic Precipitator, hot side, With fgc","FGP"]
[{"$nulls":3},"ALLIANCE ENERGY",null,"SUN","Solar Energy",null,"WY","AL","0103172","S","SEARLES MINE NO. 2, 3, 4, 5, 6","TUSCALOOSA","SOUTHLAND RESOURCES, INC.","125","BIT","01","0103172     S     SEARLES MINE NO. 2, 3, 4, 5, 6                                  TUSCALOOSA",{"$nulls":4},"EK","Electrostatic Precipitator, cold side, Without fgc","FGP"]
[{"$nulls":3},"ALLIANCE LANDFILL",null,"WND","Wind Energy",null,null,"AL","0103179","S","FLEETWOOD MINE NO 1","TUSCALOOSA","BLACK WARRIOR MINERALS INC","125","BIT","01","0103179     S     FLEETWOOD MINE NO 1                                  TUSCALOOSA",{"$nulls":4},"MC","Multiple Cyclone","FGP"]
[{"$nulls":3},"ALLIANT ENERGY",null,"GEO","Geothermal Energy",null,null,"AL","0103180","S","SLOAN MOUNTAIN MINE","JEFFERSON","M S & R EQUIPMENT COMPANY, INC","073","BIT","01","0103180     S     SLOAN MOUNTAIN MINE                                  JEFFERSON",{"$nulls":4},"WS","Wet Scrubber","FGP"]
[{"$nulls":3},"ALLIED ENERGY RESOURCES",null,"WAT","Hydraulic Energy",null,null,"AL","0103182","S","FISHTRAP","JEFFERSON","C&H MINING","073","BIT","01","0103182     S     FISHTRAP                                  JEFFERSON",{"$nulls":4},"EW","Electrostatic Precipitator, hot side, Without fgc","FGP"]
[{"$nulls":3},"ALLIED WASTE",null,"NUC","Nuclear  Energy",null,null,"AL","0103193","S","CENTRAL SUPPLY","TUSCALOOSA","JIM WALTER RESOURCES INC","125","BIT","01","0103193     S     CENTRAL SUPPLY                                  TUSCALOOSA",{"$nulls":4},"SC","Single Cyclone","FGP"]
[{"$nulls":3},"ALOHA PETROLEUM",null,"PUR","Purchased Steam",null,null,"AL","0103195","S","MCCOLLUM/SPARKS BRANCH MINE","WALKER","QUALITY COAL, INC.","127","BIT","01","0103195     S     MCCOLLUM/SPARKS BRANCH MINE                                  WALKER"]
[{"$nulls":3},"ALPHA COAL",null,"WH","Waste Heat",null,null,"AL","0103196","S","EAST BROOKWOOD MINE","TUSCALOOSA","TUSCALOOSA RESOURCES INC","125","BIT","01","0103196     S     EAST BROOKWOOD MINE                                  TUSCALOOSA"]
[{"$nulls":3},"ALTN PIPELINE",null,"TDF","Tire-derived fuels",null,null,"AL","0103205","S","ALLIANCE MINE NO 1","SHELBY","HOPE COAL COMPANY INC","117","BIT","01","0103205     S     ALLIANCE MINE NO 1                                  SHELBY"]
[{"$nulls":3},"ALTON COAL DEVELOPMENT",null,"OTH","Other",null,null,"AL","0103206","S","MINE NO 1","JACKSON","ALABAMA CARBON LLC","071","BIT","01","0103206     S     MINE NO 1                                  JACKSON"]
[{"$nulls":3},"ALTRA INDUSTRIES",{"$nulls":5},"AL","0103222","S","SWASHER #1","JEFFERSON","SWASHER INC","073","BIT","01","0103222     S     SWASHER #1                                  JEFFERSON"]
[{"$nulls":3},"AMERADA HESS",{"$nulls":5},"AL","0103231","P","PREPARATION PLANT","JACKSON","ALABAMA CARBON LLC","071","BIT","01","0103231     P     PREPARATION PLANT                                  JACKSON"]
[{"$nulls":3},"AMEREN CILCO",{"$nulls":5},"AL","0103245","U","THOMPSON MINE NO 1","SHELBY","TACOA MINERALS, LLC","117","BIT","01","0103245     U     THOMPSON MINE NO 1                                  SHELBY"]
[{"$nulls":3},"AMEREN CIPS",{"$nulls":5},"AL","0103246","S","BEAR CREEK","FRANKLIN","BIRMINGHAM COAL & COKE CO., IN","059","BIT","01","0103246     S     BEAR CREEK                                  FRANKLIN"]
[{"$nulls":3},"AMEREN ENERGY",{"$nulls":5},"AL","0103263","S","WASTE RECOVERY SITE NO 1","BIBB","M & B EXCAVATING CO., LLC","007","BIT","01","0103263     S     WASTE RECOVERY SITE NO 1                                  BIBB"]
[{"$nulls":3},"AMERICAN COAL",{"$nulls":5},"AL","0103271","S","PRACO MINE","JEFFERSON","EVERGREEN MINING, LLC","073","BIT","01","0103271     S     PRACO MINE                                  JEFFERSON"]
[{"$nulls":3},"AMERICAN ELECTRIC POWER (AEP)",{"$nulls":5},"AL","0103278","S","CEF ALABAMA #3","JEFFERSON","COVOL ENGINEERED FUELS LC","073","BIT","01","0103278     S     CEF ALABAMA #3                                  JEFFERSON"]
[{"$nulls":3},"AMERICAN ENERGY",{"$nulls":5},"AL","0103279","S","BURLESON NORTH MINE","MARION","M.E. GROUP, INC.","093","BIT","01","0103279     S     BURLESON NORTH MINE                                  MARION"]
[{"$nulls":3},"AMERICAN GENERAL OIL",{"$nulls":5},"AL","0103285","S","NARLEY MINE","JEFFERSON","BEST COAL INC","073","BIT","01","0103285     S     NARLEY MINE                                  JEFFERSON"]
[{"$nulls":3},"AMERICAN PRIDE",{"$nulls":5},"AL","0103292","S","REDSTAR","WALKER","EVERGREEN MINING, LLC","127","BIT","01","0103292     S     REDSTAR                                  WALKER"]
[{"$nulls":3},"AMERIKOHL",{"$nulls":5},"AL","0103295","S","TACOA HIGHWALL MINER","BIBB","TACOA MINERALS LLC","007","BIT","01","0103295     S     TACOA HIGHWALL MINER                                  BIBB"]
[{"$nulls":3},"AML&P",{"$nulls":5},"AL","0103298","S","LITTLE GOODWIN CREEK","MARION","HALEY BROS. COAL INC.","093","BIT","01","0103298     S     LITTLE GOODWIN CREEK                                  MARION"]
[{"$nulls":3},"AMVEST",{"$nulls":5},"AL","0103301","S","PIT NUMBER 2","JACKSON","D & E MINING LLC","071","BIT","01","0103301     S     PIT NUMBER 2                                  JACKSON"]
[{"$nulls":3},"ANADARKO",{"$nulls":5},"AL","0103303","S","SHANNON","TUSCALOOSA","SHANNON, LLC","125","BIT","01","0103303     S     SHANNON                                  TUSCALOOSA"]
[{"$nulls":3},"ANDALEX",{"$nulls":5},"AL","0103315","S","SHEPHERD BEND","WALKER","SHEPHERD BEND, LLC","127","BIT","01","0103315     S     SHEPHERD BEND                                  WALKER"]
[{"$nulls":3},"ANDARKO",{"$nulls":5},"AL","0103320","S","DAVIS CREEK MINE","TUSCALOOSA","NATIONAL COAL OF ALABAMA INC","125","BIT","01","0103320     S     DAVIS CREEK MINE                                  TUSCALOOSA"]
[{"$nulls":3},"ANKER",{"$nulls":5},"AL","0103321","S","POPLAR SPRINGS","WINSTON","NATIONAL COAL OF ALABAMA INC","133","BIT","01","0103321     S     POPLAR SPRINGS                                  WINSTON"]
[{"$nulls":3},"ANNANDALE QUARRIES",{"$nulls":5},"AL","0103323","S","DEERLICK MINE","TUSCALOOSA","CAHABA RESOURCES, LLC","125","BIT","01","0103323     S     DEERLICK MINE                                  TUSCALOOSA"]
[{"$nulls":3},"ANR",{"$nulls":5},"AL","0103332","S","POWHATAN MINE","JEFFERSON","RAC MINING LLC","073","BIT","01","0103332     S     POWHATAN MINE                                  JEFFERSON"]
[{"$nulls":3},"ANTELOPE",{"$nulls":5},"AL","0103334","S","SEGCO/TOBY MINE","SHELBY","TWIN PINES II, LLC","117","BIT","01","0103334     S     SEGCO/TOBY MINE                                  SHELBY"]
[{"$nulls":3},"ANTHRACITE COAL SALE",{"$nulls":5},"AL","0103335","S","THOMPSON SOUTH MINE","BIBB","M&B EXCAVATING CO., INC., LLC","007","BIT","01","0103335     S     THOMPSON SOUTH MINE                                  BIBB"]
[{"$nulls":3},"APACHE",{"$nulls":5},"AL","0103336","S","SUGAR TOWN MINE","WALKER","HALEY BROS. COAL, INC.","127","BIT","01","0103336     S     SUGAR TOWN MINE                                  WALKER"]
[{"$nulls":3},"APEX",{"$nulls":5},"AL","0103337","S","GOODEN CREEK","WALKER","BIRMINGHAM COAL & COKE CO INC","127","BIT","01","0103337     S     GOODEN CREEK                                  WALKER"]
[{"$nulls":3},"APPALACHIA COAL SALES",{"$nulls":5},"AL","0103339","S","MALLARDS CREEK MINE","WALKER","HALEY BROTHERS COAL INC","127","BIT","01","0103339     S     MALLARDS CREEK MINE                                  WALKER"]
[{"$nulls":3},"AQUILA",{"$nulls":5},"AL","0103342","S","REESE'S BRANCH","WALKER","CEDAR LAKE MINING, INC","127","BIT","01","0103342     S     REESE'S BRANCH                                  WALKER"]
[{"$nulls":3},"ARCADIA",{"$nulls":5},"AL","0103358","S","OLD UNION","WINSTON","BIRMINGHAM COAL & COKE CO INC","133","BIT","01","0103358     S     OLD UNION                                  WINSTON"]
[{"$nulls":3},"ARCH ",{"$nulls":5},"AL","0103360","P","KODIAK PLANT #1","SHELBY","KODIAK MINING CO LLC","117","BIT","01","0103360     P     KODIAK PLANT #1                                  SHELBY"]
[{"$nulls":3},"ARCH COAL SALES",{"$nulls":5},"AL","0103361","S","COLD SPRINGS WEST MINE","CULLMAN","EVERGREEN MINING, LLC","043","BIT","01",{"$f":"K69&\"     \"&L69&\"     \"&M69&\"                                  \"&N69","v":"0103361     S     COLD SPRINGS WEST MINE                                  CULLMAN"}]
[{"$nulls":3},"ARCLAR COMPANY",{"$nulls":5},"AL","0103362","S","COVOL FUELS ALABAMA NO. 4, LLC","TUSCALOOSA","COVOL FUELS ALABAMA NO. 4, LLC","125","BIT","01","0103362     S     COVOL FUELS ALABAMA NO. 4, LLC                                  TUSCALOOSA"]
[{"$nulls":3},"ARCLIGHT ENERGY MARKETING",{"$nulls":5},"AL","0103364","S","CEF ALABAMA #7","TUSCALOOSA","COVOL ENGINEERED FUELS LC","125","BIT","01","0103364     S     CEF ALABAMA #7                                  TUSCALOOSA"]
[{"$nulls":3},"ARGUS ENERGY",{"$nulls":5},"AL","0103366","S","THOMPSON SURFACE MINE","SHELBY","TACOA MINERALS, LLC","117","BIT","01","0103366     S     THOMPSON SURFACE MINE                                  SHELBY"]
[{"$nulls":3},"ARIZONA ELECTRIC POWER COOPERATIVE",{"$nulls":5},"AL","0103370","S","CRESENT VALLEY MINE","WALKER","NATIONAL COAL OF ALABAMA INC","127","BIT","01","0103370     S     CRESENT VALLEY MINE                                  WALKER"]
[{"$nulls":3},"ARIZONA PUBLIC SERVICE",{"$nulls":5},"AL","0103372","S","CANE CREEK MINE","WALKER","CANE CREEK LLC","127","BIT","01","0103372     S     CANE CREEK MINE                                  WALKER"]
[{"$nulls":3},"ARKLA",{"$nulls":5},"AL","0103374","S","MOSS-MEREDYTH","FRANKLIN","NATIONAL COAL OF ALABAMA, INC","059","BIT","01","0103374     S     MOSS-MEREDYTH                                  FRANKLIN"]
[{"$nulls":3},"ARMSTRONG COAL",{"$nulls":5},"AL","0103375","S","JOHNSON MINE","JEFFERSON","CAHABA RESOURCES LLC","073","BIT","01","0103375     S     JOHNSON MINE                                  JEFFERSON"]
[{"$nulls":3},"ASCENTERGY",{"$nulls":5},"AL","0103376","S","TOWN CREEK","WALKER","REED MINERALS INC","127","BIT","01","0103376     S     TOWN CREEK                                  WALKER"]
[{"$nulls":3},"ASH RESOURCES",{"$nulls":5},"AL","0103380","P","CALERA","SHELBY","CONRAD YELVINGTON DIST.","117","BIT","01","0103380     P     CALERA                                  SHELBY"]
[{"$nulls":3},"ASHLAND",{"$nulls":5},"AL","0103381","S","TACOA HIGHWALL MINER","BIBB","TACOA MINERALS,LLC","007","BIT","01","0103381     S     TACOA HIGHWALL MINER                                  BIBB"]
[{"$nulls":3},"ASPEN PIPELINE",{"$nulls":5},"AL","0103388","U","HEBRON MINE","BIBB","TACOA MINERALS, LLC.","007","BIT","01","0103388     U     HEBRON MINE                                  BIBB"]
[{"$nulls":3},"ASPHALT AND FUEL SUPPLY",{"$nulls":5},"AL","0103389","U","CARBON HILL MINE","WALKER","PROSPECT MINING AND DEVELOPMEN","127","BIT","01","0103389     U     CARBON HILL MINE                                  WALKER"]
[{"$nulls":3},"ASSOCIATED ELECTRIC COOP",{"$nulls":5},"AL","0103390","S","HIGHWAY 59 MINE NO. 1","TUSCALOOSA","TUSCALOOSA RESOURCES, INC","125","BIT","01","0103390     S     HIGHWAY 59 MINE NO. 1                                  TUSCALOOSA"]
[{"$nulls":3},"ASSOCIATED ENERGY",{"$nulls":5},"AL","0103391","U","THOMPSON #2 MINE","BIBB","TACOA MINERALS, LLC.","007","BIT","01","0103391     U     THOMPSON #2 MINE                                  BIBB"]
[{"$nulls":3},"ATKINSON OIL",{"$nulls":5},"AL","0103392","S","FOUR OAKS MINE NO 2","LAMAR","MIDSOUTH ENERGY GROUP LLC","075","BIT","01","0103392     S     FOUR OAKS MINE NO 2                                  LAMAR"]
[{"$nulls":3},"ATLANTA GAS & LIGHT",{"$nulls":5},"AL","0103393","S","BUTTAHATCHEE MINE NO 1","MARION","NATIONAL COAL OF ALABAMA, INC","093","BIT","01","0103393     S     BUTTAHATCHEE MINE NO 1                                  MARION"]
[{"$nulls":3},"ATLANTIC LEASCO",{"$nulls":5},"AL","0103394","S","POORE MINE","DEKALB","ALABAMA CARBON LLC","049","BIT","01","0103394     S     POORE MINE                                  DEKALB"]
[{"$nulls":3},"ATLAS",{"$nulls":5},"AL","0103397","S","PARRISH MINE","WALKER","BLACK WARRIOR MINERALS INC","127","BIT","01","0103397     S     PARRISH MINE                                  WALKER"]
[{"$nulls":3},"ATMOS ENERGY",{"$nulls":5},"AL","0103398","S","KANSAS MINE","WALKER","NATIONAL COAL OF ALABAMA, INC","127","BIT","01","0103398     S     KANSAS MINE                                  WALKER"]
[{"$nulls":3},"ATMOS PIPELINE",{"$nulls":5},"AL","0103404","S","REID SCHOOL MINE","BLOUNT","TAFT COAL SALES & ASSOCIATES,","009","BIT","01","0103404     S     REID SCHOOL MINE                                  BLOUNT"]
[{"$nulls":3},"AUGUSTUS DEEP MINE",{"$nulls":5},"AL","0103407","S","TRAFFORD PIT","BLOUNT","TRAVIS CREEK ENERGY, LLC","009","BIT","01","0103407     S     TRAFFORD PIT                                  BLOUNT"]
[{"$nulls":3},"AULTMAN MINE",{"$nulls":5},"AL","0103410","S","COAL VALLEY MINE","WALKER","XINERGY OF ALABAMA, INC.","127","BIT","01","0103410     S     COAL VALLEY MINE                                  WALKER"]
[{"$nulls":3},"AUTOMATED PETROLEUM & ENERGY",{"$nulls":5},"AL","0103417","S","YESHIC MINE","SHELBY","YESHIC, LLC","117","BIT","01","0103417     S     YESHIC MINE                                  SHELBY"]
[{"$nulls":3},"AVALON PETROLEUM",{"$nulls":5},"AL","0103419","U","MAXINE MINE","JEFFERSON","WARRIOR INVESTMENTS COMPANY IN","073","BIT","01","0103419     U     MAXINE MINE                                  JEFFERSON"]
[{"$nulls":3},"AVISTA",{"$nulls":5},"AL","0103420","S","JAGGER MINE","JEFFERSON","BEST COAL, INC.","073","BIT","01","0103420     S     JAGGER MINE                                  JEFFERSON"]
[{"$nulls":3},"AVOCA BEMENT",{"$nulls":5},"AL","0103421","S","SLATE CREEK MINE","WALKER","REED MINERALS, INC.","127","BIT","01","0103421     S     SLATE CREEK MINE                                  WALKER"]
[{"$nulls":3},"B & N COAL",{"$nulls":5},"AL","0103422","U","CLARK NO 1 MINE","SHELBY","TACOA MINERALS LLC","117","BIT","01","0103422     U     CLARK NO 1 MINE                                  SHELBY"]
[{"$nulls":3},"B & W RESOURCES",{"$nulls":5},"AL","0103423","S","DUTTON HILL MINE","WALKER","QUALITY COAL COMPANY, INC.","127","BIT","01","0103423     S     DUTTON HILL MINE                                  WALKER"]
[{"$nulls":3},"BAILEY",{"$nulls":5},"AL","0103426","P","CARBON HILL PREP PLANT","WALKER","WARRIOR INVESTMENT CO., INC.","127","BIT","01","0103426     P     CARBON HILL PREP PLANT                                  WALKER"]
[{"$nulls":3},"BAILEY-ENLOW FORK MINES",{"$nulls":5},"AL","0103428","U","SHARIT SHOALS","JEFFERSON","WARRIOR INVESTMENT CO. INC.","073","BIT","01","0103428     U     SHARIT SHOALS                                  JEFFERSON"]
[{"$nulls":3},"BAMA GAS",{"$nulls":5},"AL","0103432","S","SKELTON CREEK","JEFFERSON","CCLAY, INC.","073","BIT","01","0103432     S     SKELTON CREEK                                  JEFFERSON"]
[{"$nulls":3},"BARCLAY'S CAPITAL",{"$nulls":5},"AL","0103433","S","CRANE CENTRAL MINE","JACKSON","GTM ENERGY PARTNERS, LLC.","071","BIT","01","0103433     S     CRANE CENTRAL MINE                                  JACKSON"]
[{"$nulls":3},"BARRACKVILLE FINES",{"$nulls":5},"AL","0103436","S","SWANN'S CROSSING","TUSCALOOSA","TUSCALOOSA RESOURCES, INC.","125","BIT","01","0103436     S     SWANN'S CROSSING                                  TUSCALOOSA"]
[{"$nulls":3},"BASELL",{"$nulls":5},"AL","0103437","S","BLACK WARRIOR MINE NO 1","JEFFERSON","BLACK WARRIOR MINERALS, INC.","073","BIT","01","0103437     S     BLACK WARRIOR MINE NO 1                                  JEFFERSON"]
[{"$nulls":3},"BAUMAN OIL",{"$nulls":5},"AL","0103443","S","BUNT MINE","JEFFERSON","RJR MINING CO., INC.","073","BIT","01","0103443     S     BUNT MINE                                  JEFFERSON"]
[{"$nulls":3},"BAY GAS PIPELINE",{"$nulls":5},"AZ","0201195","S","KAYENTA MINE","NAVAJO","PEABODY WESTERN COAL COMPANY","017","BIT","04","0201195     S     KAYENTA MINE                                  NAVAJO"]
[{"$nulls":3},"BAY STATE",{"$nulls":5},"AZ","0201195","S","KAYENTA MINE","NAVAJO","PEABODY WESTERN COAL COMPANY","017","SUB","04","0201195     S     KAYENTA MINE                                  NAVAJO"]
[{"$nulls":3},"BEAR CANYON",{"$nulls":5},"CO","0500296","U","NEW ELK MINE","LAS ANIMAS","T K MINING SERVICES, LLC","071","BIT","08","0500296     U     NEW ELK MINE                                  LAS ANIMAS"]
[{"$nulls":3},"BEAR ENERGY",{"$nulls":5},"CO","0500299","S","NEW HORIZON MINE","MONTROSE","WESTERN FUELS-COLORADO, LLC","085","BIT","08","0500299     S     NEW HORIZON MINE                                  MONTROSE"]
[{"$nulls":3},"BEAUDRY OIL",{"$nulls":5},"CO","0501370","U","EAGLE #5","MOFFAT","PEABODY WILLIAMS FORK MINING,","081","SUB","08","0501370     U     EAGLE #5                                  MOFFAT"]
[{"$nulls":3},"BEDFORD VALLEY PETROLEUM",{"$nulls":5},"CO","0502838","S","TRAPPER MINE","MOFFAT","TRAPPER MINING INC","081","SUB","08","0502838     S     TRAPPER MINE                                  MOFFAT"]
[{"$nulls":3},"BEECH FORK PROCESSING",{"$nulls":5},"CO","0502962","S","COLOWYO MINE","MOFFAT","COLOWYO COAL COMPANY L P","081","SUB","08","0502962     S     COLOWYO MINE                                  MOFFAT"]
[{"$nulls":3},"BELLAYRE",{"$nulls":5},"CO","0503013","U","MC CLANE CANYON MINE","GARFIELD","MCCLANE CANYON MINING, LLC","045","BIT","08","0503013     U     MC CLANE CANYON MINE                                  GARFIELD"]
[{"$nulls":3},"BELMONT PETROLEUM",{"$nulls":5},"CO","0503505","U","DESERADO MINE","RIO BLANCO","BLUE MOUNTAIN ENERGY INC","103","BIT","08","0503505     U     DESERADO MINE                                  RIO BLANCO"]
[{"$nulls":3},"BEN CREEK",{"$nulls":5},"CO","0503672","U","WEST ELK MINE","GUNNISON","MOUNTAIN COAL COMPANY, L.L.C.","051","BIT","08","0503672     U     WEST ELK MINE                                  GUNNISON"]
[{"$nulls":3},"BENDER MINE",{"$nulls":5},"CO","0503818","P","TERROR CREEK LOADOUT","DELTA","TERROR CREEK LLC","029","BIT","08","0503818     P     TERROR CREEK LOADOUT                                  DELTA"]
[{"$nulls":3},"BENTON COUNTY",{"$nulls":5},"CO","0503836","U","FOIDEL CREEK MINE","ROUTT","PEABODY TWENTYMILE MINING LLC","107","BIT","08","0503836     U     FOIDEL CREEK MINE                                  ROUTT"]
[{"$nulls":3},"BERKSHIRE GAS",{"$nulls":5},"CO","0504461","P","NEW ELK PREP PLANT","LAS ANIMAS","NEW ELK COAL COMPANY LLC","071","BIT","08","0504461     P     NEW ELK PREP PLANT                                  LAS ANIMAS"]
[{"$nulls":3},"BERNER OIL",{"$nulls":5},"CO","0504591","U","BOWIE NO 2 MINE","DELTA","BOWIE RESOURCES LLC","029","BIT","08","0504591     U     BOWIE NO 2 MINE                                  DELTA"]
[{"$nulls":3},"BERWIND COAL",{"$nulls":5},"CO","0504674","U","ELK CREEK MINE","GUNNISON","OXBOW MINING, LLC","051","BIT","08","0504674     U     ELK CREEK MINE                                  GUNNISON"]
[{"$nulls":3},"BEST OIL COMPANY",{"$nulls":5},"CO","0504864","U","KING II","LA PLATA","GCC ENERGY LLC","067","BIT","08","0504864     U     KING II                                  LA PLATA"]
[{"$nulls":3},"BEVINS BRANCH",{"$nulls":5},"CO","0504952","S","PEABODY SAGE CREEK MINE","ROUTT","PEABODY SAGE CREEK MINING, LLC","107","BIT","08","0504952     S     PEABODY SAGE CREEK MINE                                  ROUTT"]
[{"$nulls":3},"BEZJAK MINE",{"$nulls":5},"CO","0504975","S","BATES PORTALS","LAS ANIMAS","TK MINING SERVICES LLC","071","BIT","08","0504975     S     BATES PORTALS                                  LAS ANIMAS"]
[{"$nulls":3},"BG ENERGY",{"$nulls":5},"IL","1100585","P","RLF PAWNEE PROPERTIES, LLC","CHRISTIAN","RLF PAWNEE PROPERTIES, LLC","021","BIT","17","1100585     P     RLF PAWNEE PROPERTIES, LLC                                  CHRISTIAN"]
[{"$nulls":3},"BG LNG SERVICES",{"$nulls":5},"IL","1100586","S","MURDOCK MINE","DOUGLAS","COAL CARBON, INC.","041","BIT","17","1100586     S     MURDOCK MINE                                  DOUGLAS"]
[{"$nulls":3},"BGE",{"$nulls":5},"IL","1100588","S","OLD ED #21","FRANKLIN","ELK LAND HOLDINGS, LLC","055","BIT","17","1100588     S     OLD ED #21                                  FRANKLIN"]
[{"$nulls":3},"BHP BILLITON MARKETING",{"$nulls":5},"IL","1100599","U","ORIENT NO 6 MINE","JEFFERSON","PITTSBURGH ENERGY LLC","081","BIT","17","1100599     U     ORIENT NO 6 MINE                                  JEFFERSON"]
[{"$nulls":3},"BIG ELK MINING",{"$nulls":5},"IL","1100601","S","REND LAKE","JEFFERSON","CONSOLIDATION COAL COMPANY","081","BIT","17","1100601     S     REND LAKE                                  JEFFERSON"]
[{"$nulls":3},"BILLY STRIP MINE PITS 3 & 4",{"$nulls":5},"IL","1100628","S","ORIENT #4 MINE","WILLIAMSON","PITTSBURGH ENERGY LLC","199","BIT","17","1100628     S     ORIENT #4 MINE                                  WILLIAMSON"]
[{"$nulls":3},"BINGER OIL",{"$nulls":5},"IL","1100726","U","SHAY #1 MINE","MACOUPIN","MARYAN MINING LLC","117","BIT","17","1100726     U     SHAY #1 MINE                                  MACOUPIN"]
[{"$nulls":3},"BIOENERGY - WASHINGTON",{"$nulls":5},"IL","1101999","P","RANDOLPH PREP PLANT","ST. CLAIR","HILLSIDE RECREATIONAL LANDS, L","163","BIT","17","1101999     P     RANDOLPH PREP PLANT                                  ST. CLAIR"]
[{"$nulls":3},"BIOENERGY SOLUTIONS",{"$nulls":5},"IL","1102236","U","CROWN II MINE","MACOUPIN","SPRINGFIELD COAL COMPANY LLC","117","BIT","17","1102236     U     CROWN II MINE                                  MACOUPIN"]
[{"$nulls":3},"BIRCH RIVER",{"$nulls":5},"IL","1102408","U","GATEWAY MINE","RANDOLPH","PEABODY MIDWEST MINING, LLC","157","BIT","17","1102408     U     GATEWAY MINE                                  RANDOLPH"]
[{"$nulls":3},"BIRMINGHAM COAL & COKE CO",{"$nulls":5},"IL","1102546","P","PREPARATION PLANT","RANDOLPH","PEABODY MIDWEST MINING, LLC","157","BIT","17",{"$f":"K133&\"     \"&L133&\"     \"&M133&\"                                  \"&N133","v":"1102546     P     PREPARATION PLANT                                  RANDOLPH"}]
[{"$nulls":3},"BITTNER MINE",{"$nulls":5},"IL","1102632","U","CROWN III MINE","MACOUPIN","TRI COUNTY COAL, LLC","117","BIT","17","1102632     U     CROWN III MINE                                  MACOUPIN"]
[{"$nulls":3},"BKF EQUIPMENT",{"$nulls":5},"IL","1102636","U","WFI","SALINE","WFI","165","BIT","17","1102636     U     WFI                                  SALINE"]
[{"$nulls":3},"BLACK BEAUTY",{"$nulls":5},"IL","1102636","U","WFI","SALINE","WFI","165","WC","17","1102636     U     WFI                                  SALINE"]
[{"$nulls":3},"BLACK BUTTE",{"$nulls":5},"IL","1102664","U","VIPER MINE","SANGAMON","ICG ILLINOIS, LLC","167","BIT","17","1102664     U     VIPER MINE                                  SANGAMON"]
[{"$nulls":3},"BLACK DIAMOND",{"$nulls":5},"IL","1102668","S","INDUSTRY MINE","MCDONOUGH","SPRINGFIELD COAL COMPANY LLC","109","BIT","17","1102668     S     INDUSTRY MINE                                  MCDONOUGH"]
[{"$nulls":3},"BLACK GOLD",{"$nulls":5},"IL","1102751","S","I-1 MINE","GALLATIN","ILLINOIS FUEL COMPANY LLC","059","BIT","17","1102751     S     I-1 MINE                                  GALLATIN"]
[{"$nulls":3},"BLACK HILLS ENERGY",{"$nulls":5},"IL","1102752","U","GALATIA MINE","SALINE","THE AMERICAN COAL COMPANY","165","BIT","17","1102752     U     GALATIA MINE                                  SALINE"]
[{"$nulls":3},"BLACK MOUNTAIN",{"$nulls":5},"IL","1102832","S","JADER MINE NO 3","GALLATIN","JADER FUEL CO INC","059","BIT","17","1102832     S     JADER MINE NO 3                                  GALLATIN"]
[{"$nulls":3},"BLACK PANTHER MINING",{"$nulls":5},"IL","1102847","P","PITCO MINE #1","SALINE","PITCO","165","BIT","17","1102847     P     PITCO MINE #1                                  SALINE"]
[{"$nulls":3},"BLACK ROCK COAL",{"$nulls":5},"IL","1102942","S","MID-CONTINENTAL FUELS INC MINE","WILLIAMSON","MID-CONTINENTAL FUELS INC","199","BIT","17","1102942     S     MID-CONTINENTAL FUELS INC MINE                                  WILLIAMSON"]
[{"$nulls":3},"BLACK ROCK MINE",{"$nulls":5},"IL","1102975","S","SPRINGFIELD COAL CO BUCKHEART","FULTON","DAVE CLINARD TRUCK SERVICE INC","057","BIT","17","1102975     S     SPRINGFIELD COAL CO BUCKHEART                                  FULTON"]
[{"$nulls":3},"BLACK THUNDER - AEP",{"$nulls":5},"IL","1103017","S","WILDCAT HILLS MINE - COTTAGE G","GALLATIN","PEABODY MIDWEST MINING, LLC","059","BIT","17","1103017     S     WILDCAT HILLS MINE - COTTAGE G                                  GALLATIN"]
[{"$nulls":3},"BLACK THUNDER - ARCH",{"$nulls":5},"IL","1103020","S","CREEK PAUM MINE","JACKSON","KNIGHT HAWK COAL LLC","077","BIT","17","1103020     S     CREEK PAUM MINE                                  JACKSON"]
[{"$nulls":3},"BLACK THUNDER WEST",{"$nulls":5},"IL","1103045","S","RED HAWK","PERRY","KNIGHT HAWK COAL, LLC","145","BIT","17","1103045     S     RED HAWK                                  PERRY"]
[{"$nulls":3},"BLACKHAWK MINING LLC",{"$nulls":5},"IL","1103054","U","WILLOW LAKE PORTAL","SALINE","BIG RIDGE INC","165","BIT","17","1103054     U     WILLOW LAKE PORTAL                                  SALINE"]
[{"$nulls":3},"BLACKROCK COAL",{"$nulls":5},"IL","1103057","U","I-1 UNDERGROUND MINE","SALINE","ILLINOIS FUEL COMPANY LLC","165","BIT","17","1103057     U     I-1 UNDERGROUND MINE                                  SALINE"]
[{"$nulls":3},"BLACKSVILLE",{"$nulls":5},"IL","1103058","U","PATTIKI","WHITE","WHITE COUNTY COAL, LLC","193","BIT","17","1103058     U     PATTIKI                                  WHITE"]
[{"$nulls":3},"BLUE MOUNTAIN ENERGY",{"$nulls":5},"IL","1103060","U","RIOLA COMPLEX VERMILION GROVE","VERMILION","PEABODY MIDWEST MINING, LLC","183","BIT","17","1103060     U     RIOLA COMPLEX VERMILION GROVE                                  VERMILION"]
[{"$nulls":3},"BLUE RIBBON",{"$nulls":5},"IL","1103064","S","FRIENDSVILLE MINE","WABASH","FRIENDSVILLE MINE LLC","185","BIT","17","1103064     S     FRIENDSVILLE MINE                                  WABASH"]
[{"$nulls":3},"BLUESTONE COAL",{"$nulls":5},"IL","1103099","P","WILLOW LAKE CENTRAL PREPARATIO","SALINE","BIG RIDGE INC","165","BIT","17","1103099     P     WILLOW LAKE CENTRAL PREPARATIO                                  SALINE"]
[{"$nulls":3},"BLUEWATER",{"$nulls":5},"IL","1103119","S","A M NO 3","PERRY","AUGER MINING INC","145","BIT","17","1103119     S     A M NO 3                                  PERRY"]
[{"$nulls":3},"BNI COAL",{"$nulls":5},"IL","1103121","S","ELKVILLE NO.1 MINE","JACKSON","S COAL COMPANY","077","BIT","17","1103121     S     ELKVILLE NO.1 MINE                                  JACKSON"]
[{"$nulls":3},"BNP PARIBAS ENERGY TRADING",{"$nulls":5},"IL","1103131","S","FIDELITY","PERRY","PITTSBURGH ENERGY LLC","145","BIT","17","1103131     S     FIDELITY                                  PERRY"]
[{"$nulls":3},"BOMINFLOT ATLANTIC",{"$nulls":5},"IL","1103140","P","CORA TERMINAL","JACKSON","KINDER MORGAN OPERATING LP  \"B","077","BIT","17","1103140     P     CORA TERMINAL                                  JACKSON"]
[{"$nulls":3},"BOSS ENERGY",{"$nulls":5},"IL","1103141","U","MACH #1 MINE","WILLIAMSON","MACH MINING LLC","199","BIT","17","1103141     U     MACH #1 MINE                                  WILLIAMSON"]
[{"$nulls":3},"BOSSELMAN",{"$nulls":5},"IL","1103143","S","PRAIRIE EAGLE","PERRY","KNIGHT HAWK COAL, LLC","145","BIT","17","1103143     S     PRAIRIE EAGLE                                  PERRY"]
[{"$nulls":3},"BOSWELL OIL",{"$nulls":5},"IL","1103147","U","PRAIRIE EAGLE - UNDERGROUND","PERRY","KNIGHT HAWK COAL, LLC","145","BIT","17","1103147     U     PRAIRIE EAGLE - UNDERGROUND                                  PERRY"]
[{"$nulls":3},"BOWIE",{"$nulls":5},"IL","1103148","S","MINE #11","CHRISTIAN","COULTERVILLE COAL COMPANY LLC","021","BIT","17","1103148     S     MINE #11                                  CHRISTIAN"]
[{"$nulls":3},"BOWIE RESOURCES",{"$nulls":5},"IL","1103156","U","WILDCAT HILLS MINE-UNDERGROUND","SALINE","PEABODY MIDWEST MINING, LLC","165","BIT","17","1103156     U     WILDCAT HILLS MINE-UNDERGROUND                                  SALINE"]
[{"$nulls":3},"BOWOOD MINE",{"$nulls":5},"IL","1103157","U","SUGAR CAMP 1","FRANKLIN","CLINE RESOURCE & DEVELOPMENT","055","BIT","17","1103157     U     SUGAR CAMP 1                                  FRANKLIN"]
[{"$nulls":3},"BP",{"$nulls":5},"IL","1103162","U","ROYAL FALCON MINE","JACKSON","KNIGHT HAWK COAL, LLC","077","BIT","17","1103162     U     ROYAL FALCON MINE                                  JACKSON"]
[{"$nulls":3},"BP AMOCO",{"$nulls":5},"IL","1103166","S","NORTH CANTON MINE","FULTON","NORTH CANTON LLC","057","BIT","17","1103166     S     NORTH CANTON MINE                                  FULTON"]
[{"$nulls":3},"BP CANADA ENERGY COMPANY",{"$nulls":5},"IL","1103182","U","DEER RUN MINE","MONTGOMERY","PATTON MINING LLC","135","BIT","17","1103182     U     DEER RUN MINE                                  MONTGOMERY"]
[{"$nulls":3},"BP CANADA ENERGY MARKETING",{"$nulls":5},"IL","1103189","U","MC#1 Mine","FRANKLIN","M-Class Mining LLC","055","BIT","17","1103189     U     MC#1 Mine                                  FRANKLIN"]
[{"$nulls":3},"BP LNG",{"$nulls":5},"IL","1103193","U","LIVELY GROVE MINE","WASHINGTON","PRAIRIE STATE GENERATING COMPA","189","WC","17","1103193     U     LIVELY GROVE MINE                                  WASHINGTON"]
[{"$nulls":3},"BP NORTH AMERICA",{"$nulls":5},"IL","1103193","U","LIVELY GROVE MINE","WASHINGTON","PRAIRIE STATE GENERATING COMPA","189","BIT","17","1103193     U     LIVELY GROVE MINE                                  WASHINGTON"]
[{"$nulls":3},"BP REFINERY",{"$nulls":5},"IL","1103196","S","AKIN MINE","FRANKLIN","AKIN ENERGY LLC","055","BIT","17","1103196     S     AKIN MINE                                  FRANKLIN"]
[{"$nulls":3},"BRADCO FUELS & LUBRICANTS",{"$nulls":5},"IL","1103203","U","WHITE OAK MINE NO. 1","HAMILTON","WHITE OAK RESOURCES LLC","065","BIT","17","1103203     U     WHITE OAK MINE NO. 1                                  HAMILTON"]
[{"$nulls":3},"BRADFORD ENERGY",{"$nulls":5},"IL","1103205","U","PRAIRIE EAGLE SOUTH UNDERGROUN","PERRY","KNIGHT HAWK COAL LLC","145","BIT","17","1103205     U     PRAIRIE EAGLE SOUTH UNDERGROUN                                  PERRY"]
[{"$nulls":3},"BRADIGAN'S",{"$nulls":5},"IL","1103207","S","OLD BEN #25","FRANKLIN","S.I. ENERGY LLC","055","WC","17","1103207     S     OLD BEN #25                                  FRANKLIN"]
[{"$nulls":3},"BRANSEN ENERGY",{"$nulls":5},"IL","1103207","S","OLD BEN #25","FRANKLIN","S.I. ENERGY LLC","055","BIT","17","1103207     S     OLD BEN #25                                  FRANKLIN"]
[{"$nulls":3},"BRAY BARGE CLEANING",{"$nulls":5},"IL","1103209","S","NORTH GRINDSTONE MINE","MCDONOUGH","BLACK NUGGET LLC","109","BIT","17","1103209     S     NORTH GRINDSTONE MINE                                  MCDONOUGH"]
[{"$nulls":3},"BRAZIL CREEK MINERALS",{"$nulls":5},"IL","1103212","S","EAGLE RIVER COAL LLC MINE NO 1","SALINE","EAGLE RIVER COAL LLC","165","BIT","17","1103212     S     EAGLE RIVER COAL LLC MINE NO 1                                  SALINE"]
[{"$nulls":3},"BRENNER OIL",{"$nulls":5},"IL","1103216","P","MAVERICK PLANT","MONTGOMERY","PATTON PROCESSING LLC","135","BIT","17","1103216     P     MAVERICK PLANT                                  MONTGOMERY"]
[{"$nulls":3},"BRICK JEDA OIL CO",{"$nulls":5},"IL","1103224","P","KELLOGG TERMINAL","RANDOLPH","KINDER MORGAN OPERATING LP,","157","BIT","17","1103224     P     KELLOGG TERMINAL                                  RANDOLPH"]
[{"$nulls":3},"BRIDGELINE",{"$nulls":5},"IL","1103225","P","KINDER MORGAN CAHOKIA TERMINAL","ST. CLAIR","KINDER MORGAN OPERATING LP,","163","BIT","17","1103225     P     KINDER MORGAN CAHOKIA TERMINAL                                  ST. CLAIR"]
[{"$nulls":3},"BRIDGER COAL FIELD",{"$nulls":5},"IL","1103226","S","HAWKEYE MINE","RANDOLPH","KNIGHT HAWK COAL, LLC","157","BIT","17","1103226     S     HAWKEYE MINE                                  RANDOLPH"]
[{"$nulls":3},"BRIGGS & TILLMAN",{"$nulls":5},"IL","1103232","U","NEW FUTURE MINE","SALINE","THE AMERICAN COAL COMPANY","165","BIT","17","1103232     U     NEW FUTURE MINE                                  SALINE"]
[{"$nulls":3},"BRINER OIL CO",{"$nulls":5},"IL","1103234","S","FRONTIER MINE","JEFFERSON","CHEYENNE ENTERPRISES INC.","081","BIT","17","1103234     S     FRONTIER MINE                                  JEFFERSON"]
[{"$nulls":3},"BRITT ENERGY RESOURCES",{"$nulls":5},"IL","1103240","S","DUQUOIN CARBON RECOVERY","PERRY","K. D. CRAIN & SONS, INC.","145","BIT","17","1103240     S     DUQUOIN CARBON RECOVERY                                  PERRY"]
[{"$nulls":3},"BROWNFIELD OIL",{"$nulls":5},"IN","1200330","P","LOG CREEK LOADOUT","PIKE","TRIAD MINING INC.","125","BIT","18","1200330     P     LOG CREEK LOADOUT                                  PIKE"]
[{"$nulls":3},"BRUCETON PETROLEUM",{"$nulls":5},"IN","1201616","S","SOLAR SOURCES #2","PIKE","SOLAR SOURCES INC","125","BIT","18","1201616     S     SOLAR SOURCES #2                                  PIKE"]
[{"$nulls":3},"BUCK OIL",{"$nulls":5},"IN","1201732","S","CRANEY MINE","DAVIESS","SOLAR SOURCES INC","027","BIT","18","1201732     S     CRANEY MINE                                  DAVIESS"]
[{"$nulls":3},"BUCKEYE",{"$nulls":5},"IN","1201946","S","VIKING MINE","DAVIESS","PEABODY MIDWEST MINING, LLC","027","BIT","18","1201946     S     VIKING MINE                                  DAVIESS"]
[{"$nulls":3},"BUCKHORN S-2",{"$nulls":5},"IN","1201978","P","SOLAR SOURCES PREPARATION PLANT","PIKE","SOLAR SOURCES INC","125","BIT","18","1201978     P     SOLAR SOURCES PREPARATION PLANT                                  PIKE"]
[{"$nulls":3},"BUCKINGHAM COAL COMPANY",{"$nulls":5},"IN","1202010","U","AIR QUALITY #1 MINE","KNOX","PEABODY MIDWEST MINING, LLC","083","BIT","18","1202010     U     AIR QUALITY #1 MINE                                  KNOX"]
[{"$nulls":3},"BUCKINGHAM MINE",{"$nulls":5},"IN","1202063","S","MILLER CREEK MINE - KNOX PIT","KNOX","PEABODY MIDWEST MINING, LLC","083","BIT","18","1202063     S     MILLER CREEK MINE - KNOX PIT                                  KNOX"]
[{"$nulls":3},"BUCKLEY",{"$nulls":5},"IN","1202076","S","COLUMBIA MAINTENANCE SERVICES","PIKE","PEABODY MIDWEST MINING, LLC","125","BIT","18","1202076     S     COLUMBIA MAINTENANCE SERVICES                                  PIKE"]
[{"$nulls":3},"BUCKSKIN",{"$nulls":5},"IN","1202097","S","SWITZ CITY","GREENE","TRIAD MINING INC","055","BIT","18","1202097     S     SWITZ CITY                                  GREENE"]
[{"$nulls":3},"BUCY SURFACE MINE",{"$nulls":5},"IN","1202147","S","FRANCISCO MINE","GIBSON","PEABODY MIDWEST MINING, LLC","051","BIT","18","1202147     S     FRANCISCO MINE                                  GIBSON"]
[{"$nulls":3},"BULK PLANT",{"$nulls":5},"IN","1202165","S","PATOKA RIVER","PIKE","TRIAD MINING INC","125","BIT","18","1202165     S     PATOKA RIVER                                  PIKE"]
[{"$nulls":3},"BULK PLANTS",{"$nulls":5},"IN","1202167","S","FREELANDVILLE MINE","KNOX","TRIAD MINING INC","083","BIT","18","1202167     S     FREELANDVILLE MINE                                  KNOX"]
[{"$nulls":3},"BULLOCK OIL",{"$nulls":5},"IN","1202174","S","FARMERSBURG MINE","VIGO","PEABODY MIDWEST MINING, LLC","167","BIT","18","1202174     S     FARMERSBURG MINE                                  VIGO"]
[{"$nulls":3},"BULLSKIN",{"$nulls":5},"IN","1202178","S","CYPRESS CREEK MINE","WARRICK","VIGO - CYPRESS MINE LLC","173","BIT","18",{"$f":"K197&\"     \"&L197&\"     \"&M197&\"                                  \"&N197","v":"1202178     S     CYPRESS CREEK MINE                                  WARRICK"}]
[{"$nulls":3},"BUMPERS OIL",{"$nulls":5},"IN","1202182","S","FIVE STAR #1","WARRICK","B B MINING INC","173","BIT","18","1202182     S     FIVE STAR #1                                  WARRICK"]
[{"$nulls":3},"BURDIVICH MINE",{"$nulls":5},"IN","1202189","P","AIR QUALITY SOUTH WASH PLANT","KNOX","PEABODY MIDWEST MINING, LLC","083","BIT","18","1202189     P     AIR QUALITY SOUTH WASH PLANT                                  KNOX"]
[{"$nulls":3},"BV OIL CO",{"$nulls":5},"IN","1202207","S","SOMERVILLE","GIBSON","UNITED MINERALS CO LLC","051","BIT","18","1202207     S     SOMERVILLE                                  GIBSON"]
[{"$nulls":3},"C & R COAL",{"$nulls":5},"IN","1202215","U","GIBSON MINE","GIBSON","GIBSON COUNTY COAL LLC","051","BIT","18","1202215     U     GIBSON MINE                                  GIBSON"]
[{"$nulls":3},"C BARRON & SONS",{"$nulls":5},"IN","1202226","S","COLLIE POND CO","VIGO","COLLIE COAL CO INC","167","BIT","18","1202226     S     COLLIE POND CO                                  VIGO"]
[{"$nulls":3},"C REISS",{"$nulls":5},"IN","1202234","S","LEWIS MINE","VIGO","SOLAR SOURCES INC","167","BIT","18","1202234     S     LEWIS MINE                                  VIGO"]
[{"$nulls":3},"C REISS COMPANY",{"$nulls":5},"IN","1202249","U","PROSPERITY MINE","PIKE","FIVE STAR MINING INC","125","BIT","18","1202249     U     PROSPERITY MINE                                  PIKE"]
[{"$nulls":3},"C STODDARD & SONS",{"$nulls":5},"IN","1202258","S","SOMERVILLE CENTRAL MINE","GIBSON","PEABODY MIDWEST MINING, LLC","051","BIT","18","1202258     S     SOMERVILLE CENTRAL MINE                                  GIBSON"]
[{"$nulls":3},"CABALLO ROJO",{"$nulls":5},"IN","1202259","S","RED BRUSH MINE","WARRICK","VIGO COAL OPERATING CO., INC","173","BIT","18","1202259     S     RED BRUSH MINE                                  WARRICK"]
[{"$nulls":3},"CABOT",{"$nulls":5},"IN","1202285","U","COAL CREEK MINE","VIGO","MIDWEST MINING COMPANY LLC","167","BIT","18","1202285     U     COAL CREEK MINE                                  VIGO"]
[{"$nulls":3},"CALENTURITAS",{"$nulls":5},"IN","1202295","U","FRANCISCO MINE - UNDERGROUND P","GIBSON","PEABODY MIDWEST MINING, LLC","051","BIT","18","1202295     U     FRANCISCO MINE - UNDERGROUND P                                  GIBSON"]
[{"$nulls":3},"CALGAS",{"$nulls":5},"IN","1202296","S","DISCOVERY","GIBSON","UNITED MINERALS CO LLC","051","BIT","18","1202296     S     DISCOVERY                                  GIBSON"]
[{"$nulls":3},"CALIFORNIA DEPARTMENT OF WATER RESOURCES",{"$nulls":5},"IN","1202316","U","FREELANDVILLE UNDERGROUND","KNOX","TRIAD UNDERGROUND MINING, L.L.","083","BIT","18","1202316     U     FREELANDVILLE UNDERGROUND                                  KNOX"]
[{"$nulls":3},"CALIFORNIA ENERGY EXCHANGE",{"$nulls":5},"IN","1202320","S","AUGUSTA MINE","PIKE","TRIAD MINING INC.","125","BIT","18","1202320     S     AUGUSTA MINE                                  PIKE"]
[{"$nulls":3},"CALPINE ENERGY",{"$nulls":5},"IN","1202324","U","HAZLETON MINE","GIBSON","WHITE RIVER COAL, INC.","051","BIT","18","1202324     U     HAZLETON MINE                                  GIBSON"]
[{"$nulls":3},"CALPINE PRODUCER SERVICES",{"$nulls":5},"IN","1202325","S","HURRICANE CREEK","PIKE","TRIAD MINING INC","125","BIT","18","1202325     S     HURRICANE CREEK                                  PIKE"]
[{"$nulls":3},"CAMBRIA",{"$nulls":5},"IN","1202339","S","FREELANDVILLE EAST MINE","KNOX","TRIAD MINING INC","083","BIT","18","1202339     S     FREELANDVILLE EAST MINE                                  KNOX"]
[{"$nulls":3},"CAMBRIA FUEL MANAGEMENT",{"$nulls":5},"IN","1202349","U","CARLISLE MINE","SULLIVAN","SUNRISE COAL LLC","153","BIT","18","1202349     U     CARLISLE MINE                                  SULLIVAN"]
[{"$nulls":3},"CAMELOT",{"$nulls":5},"IN","1202351","S","ADDCAR SYSTEMS 13 HWM SERIAL N","CRAWFORD","ICG ADDCAR SYSTEMS LLC","025","BIT","18","1202351     S     ADDCAR SYSTEMS 13 HWM SERIAL N                                  CRAWFORD"]
[{"$nulls":3},"CAMP CREEK",{"$nulls":5},"IN","1202358","S","SOUTH AUGUSTA","PIKE","TRIAD MINING INC","125","BIT","18","1202358     S     SOUTH AUGUSTA                                  PIKE"]
[{"$nulls":3},"CANADIAN NATURAL RESOURCES",{"$nulls":5},"IN","1202368","S","CHARTER #1","PIKE","T & T WASHING CO. INC.","125","BIT","18","1202368     S     CHARTER #1                                  PIKE"]
[{"$nulls":3},"CANE PATCH",{"$nulls":5},"IN","1202368","S","CHARTER #1","PIKE","T & T WASHING CO. INC.","125","WC","18","1202368     S     CHARTER #1                                  PIKE"]
[{"$nulls":3},"CANYON FUEL",{"$nulls":5},"IN","1202372","S","ANTIOCH MINE","DAVIESS","SOLAR SOURCES, INC.","027","BIT","18","1202372     S     ANTIOCH MINE                                  DAVIESS"]
[{"$nulls":3},"CAPEX",{"$nulls":5},"IN","1202374","S","SHAMROCK MINE","DUBOIS","SOLAR SOURCES, INC.","037","BIT","18","1202374     S     SHAMROCK MINE                                  DUBOIS"]
[{"$nulls":3},"CAPITAL CITY OIL",{"$nulls":5},"IN","1202383","U","CHARGER MINE #1","PIKE","SOLAR SOURCES UNDERGROUND LLC","125","BIT","18","1202383     U     CHARGER MINE #1                                  PIKE"]
[{"$nulls":3},"CAPITAL COAL",{"$nulls":5},"IN","1202388","S","GIBSON SOUTH","GIBSON","GIBSON COUNTY COAL, LLC","051","BIT","18","1202388     S     GIBSON SOUTH                                  GIBSON"]
[{"$nulls":3},"CAPP RESOURCE",{"$nulls":5},"IN","1202394","U","OAKTOWN FUELS MINE NO 1","KNOX","BLACK PANTHER MINING LLC","083","BIT","18","1202394     U     OAKTOWN FUELS MINE NO 1                                  KNOX"]
[{"$nulls":3},"CARDWELL DISTRIBUTING",{"$nulls":5},"IN","1202397","S","CHINOOK PLANT","CLAY","COVOL ENGINEERED FUELS","021","BIT","18","1202397     S     CHINOOK PLANT                                  CLAY"]
[{"$nulls":3},"CARGILL",{"$nulls":5},"IN","1202407","S","WEST 61","WARRICK","UNITED MINERALS CO LLC","173","BIT","18","1202407     S     WEST 61                                  WARRICK"]
[{"$nulls":3},"CARLISLE",{"$nulls":5},"IN","1202410","S","LOG CREEK SURFACE","PIKE","TRIAD MINING INC.","125","BIT","18","1202410     S     LOG CREEK SURFACE                                  PIKE"]
[{"$nulls":3},"CARSON OIL",{"$nulls":5},"IN","1202413","S","CHILI PEPPER MINE","WARRICK","VIGO COAL OPERATING CO., INC.","173","BIT","18","1202413     S     CHILI PEPPER MINE                                  WARRICK"]
[{"$nulls":3},"CARTER ENERGY",{"$nulls":5},"IN","1202416","S","ADDCAR SYSTEMS 20 HWM SERIAL N","NEWTON","ICG ADDCAR SYSTEMS LLC","111","BIT","18","1202416     S     ADDCAR SYSTEMS 20 HWM SERIAL N                                  NEWTON"]
[{"$nulls":3},"CARTER PERTOLEUM",{"$nulls":5},"IN","1202418","U","OAKTOWN FUELS MINE NO 2","KNOX","BLACK PANTHER MINING LLC","083","BIT","18","1202418     U     OAKTOWN FUELS MINE NO 2                                  KNOX"]
[{"$nulls":3},"CARTER ROAG",{"$nulls":5},"IN","1202422","S","BEAR RUN MINE","SULLIVAN","PEABODY BEAR RUN MINING LLC","153","BIT","18","1202422     S     BEAR RUN MINE                                  SULLIVAN"]
[{"$nulls":3},"CASCADE GAS",{"$nulls":5},"IN","1202423","U","FREELANDVILLE WEST UNDERGROUND","KNOX","TRIAD MINING INC.","083","BIT","18","1202423     U     FREELANDVILLE WEST UNDERGROUND                                  KNOX"]
[{"$nulls":3},"CASTLE ROCK",{"$nulls":5},"IN","1202424","S","BLACKFOOT#5-GRAY#1","PIKE","JARVIS COAL LLC","125","BIT","18","1202424     S     BLACKFOOT#5-GRAY#1                                  PIKE"]
[{"$nulls":3},"CASTOR AMERICAS",{"$nulls":5},"IN","1202425","S","HILSMEYER MINE","DUBOIS","LITTLE SANDY COAL COMPANY, INC","037","BIT","18","1202425     S     HILSMEYER MINE                                  DUBOIS"]
[{"$nulls":3},"CATERPILLAR WORLD TRADING",{"$nulls":5},"IN","1202431","U","LANDREE MINE","GREENE","LILY GROUP INC","055","BIT","18","1202431     U     LANDREE MINE                                  GREENE"]
[{"$nulls":3},"CATO",{"$nulls":5},"IN","1202433","S","HILSMEYER #2","PIKE","JARVIS COAL LLC","125","BIT","18","1202433     S     HILSMEYER #2                                  PIKE"]
[{"$nulls":3},"CBS&C",{"$nulls":5},"IN","1202441","S","WILD BOAR MINE","WARRICK","PEABODY WILD BOAR MINING, LLC","173","BIT","18","1202441     S     WILD BOAR MINE                                  WARRICK"]
[{"$nulls":3},"CECG",{"$nulls":5},"IN","1202445","S","ADDCAR SYSTEM 40 HWM SERIAL NO","WARRICK","ICG ADDCAR SYSTEMS LLC","173","BIT","18","1202445     S     ADDCAR SYSTEM 40 HWM SERIAL NO                                  WARRICK"]
[{"$nulls":3},"CENEX OF WASHBURN",{"$nulls":5},"KS","1401626","S","GARLAND MINE","BOURBON","PHOENIX MINING COMPANY","011","BIT","20","1401626     S     GARLAND MINE                                  BOURBON"]
[{"$nulls":3},"CENTANA",{"$nulls":5},"KS","1401703","S","DRYWOOD","BOURBON","PHOENIX MINING COMPANY, INC.","011","BIT","20","1401703     S     DRYWOOD                                  BOURBON"]
[{"$nulls":3},"CENTERPOINT ENERGY",{"$nulls":5},"KY","1500365","P","KENTUCKY PROCESSING CO","ESTILL","FUEL RECOVERY PARTNERS, LLC","065","BIT","21","1500365     P     KENTUCKY PROCESSING CO                                  ESTILL"]
[{"$nulls":3},"CENTRAL APPALACHIA MINING",{"$nulls":5},"KY","1502002","U","MINE #2","HARLAN","MANALAPAN MINING COMPANY INC","095","BIT","21","1502002     U     MINE #2                                  HARLAN"]
[{"$nulls":3},"CENTRAL COAL",{"$nulls":5},"KY","1502013","S","EAST VOLUNTEER","HOPKINS","HOPKINS COUNTY COAL LLC","107","BIT","21","1502013     S     EAST VOLUNTEER                                  HOPKINS"]
[{"$nulls":3},"CENTRAL CRUDE",{"$nulls":5},"KY","1502057","U","ADVANTAGE NO 1","LETCHER","SAPPHIRE COAL COMPANY","133","BIT","21","1502057     U     ADVANTAGE NO 1                                  LETCHER"]
[{"$nulls":3},"CENTRAL OIL",{"$nulls":5},"KY","1502129","S","HAMILTON 1","UNION","ISLAND CREEK COAL COMPANY","225","BIT","21","1502129     S     HAMILTON 1                                  UNION"]
[{"$nulls":3},"CENTRAL STATES PETROLEUM",{"$nulls":5},"KY","1502132","U","DOTIKI MINE","HOPKINS","WEBSTER COUNTY COAL LLC","107","BIT","21","1502132     U     DOTIKI MINE                                  HOPKINS"]
[{"$nulls":3},"CENTRAL WEST VIRGINIA",{"$nulls":5},"KY","1502134","S","CORBIN PREP PLANT","KNOX","C H DEVELOPMENT","121","BIT","21","1502134     S     CORBIN PREP PLANT                                  KNOX"]
[{"$nulls":3},"CENTRALIA COAL",{"$nulls":5},"KY","1502263","U","DARBY FORK NO 1","HARLAN","LONE MOUNTAIN PROCESSING INC","095","BIT","21","1502263     U     DARBY FORK NO 1                                  HARLAN"]
[{"$nulls":3},"CENTURY",{"$nulls":5},"KY","1502709","U","HIGHLAND 9 MINE","UNION","HIGHLAND MINING COMPANY LLC","225","BIT","21","1502709     U     HIGHLAND 9 MINE                                  UNION"]
[{"$nulls":3},"CEREDO DOCK",{"$nulls":5},"KY","1502755","U","RED BIRD COAL #3","KNOTT","RED BIRD COAL LLC","119","BIT","21","1502755     U     RED BIRD COAL #3                                  KNOTT"]
[{"$nulls":3},"CES",{"$nulls":5},"KY","1503178","U","RIVER VIEW FACILITIES","UNION","RIVER VIEW COAL LLC","225","BIT","21","1503178     U     RIVER VIEW FACILITIES                                  UNION"]
[{"$nulls":3},"CFR MINE",{"$nulls":5},"KY","1503627","S","#20 STRIP JOB","PERRY","PINE BRANCH COAL SALES INC","193","BIT","21","1503627     S     #20 STRIP JOB                                  PERRY"]
[{"$nulls":3},"CHANNEL",{"$nulls":5},"KY","1504020","U","MINE #1","MARTIN","PETER CAVE MINING CO.","159","BIT","21","1504020     U     MINE #1                                  MARTIN"]
[{"$nulls":3},"CHARLENE",{"$nulls":5},"KY","1504331","P","PREP PLANT","HARLAN","MANALAPAN MINING COMPANY INC","095","BIT","21","1504331     P     PREP PLANT                                  HARLAN"]
[{"$nulls":3},"CHARLES POINT - ANNS RUN",{"$nulls":5},"KY","1504371","P","GRAY FORK","CLAY","GRAY FORK ENTERPRISES INC","051","BIT","21","1504371     P     GRAY FORK                                  CLAY"]
[{"$nulls":3},"CHAROLAIS",{"$nulls":5},"KY","1504386","P","PIONEER TIPPLE","BELL","APPOLO FUELS, INC.","013","BIT","21","1504386     P     PIONEER TIPPLE                                  BELL"]
[{"$nulls":3},"CHAS COAL",{"$nulls":5},"KY","1504442","P","BULAN LOAD OUT","PERRY","FRASURE CREEK MINING LLC","193","BIT","21","1504442     P     BULAN LOAD OUT                                  PERRY"]
[{"$nulls":3},"CHASEBURG FARMER'S UNION",{"$nulls":5},"KY","1505061","P","PREP PLANT","CLAY","KENTUCKY MOUNTAIN COAL CO. INC","051","BIT","21","1505061     P     PREP PLANT                                  CLAY"]
[{"$nulls":3},"CHENIERE ENERGY",{"$nulls":5},"KY","1505102","P","NUMBER 1 TIPPLE","CLAY","SANDHILL COAL PROCESSING CO.","051","BIT","21","1505102     P     NUMBER 1 TIPPLE                                  CLAY"]
[{"$nulls":3},"CHESAPEAK GAS",{"$nulls":5},"KY","1505106","P","PREPARATION PLANT","MARTIN","MARTIN COUNTY COAL CORP","159","BIT","21","1505106     P     PREPARATION PLANT                                  MARTIN"]
[{"$nulls":3},"CHESAPEAKE ENERGY MARKETING",{"$nulls":5},"KY","1505151","P","JEFF TIPPLE","PERRY","LEECO, INC.","193","BIT","21",{"$f":"K261&\"     \"&L261&\"     \"&M261&\"                                  \"&N261","v":"1505151     P     JEFF TIPPLE                                  PERRY"}]
[{"$nulls":3},"CHEVRON",{"$nulls":5},"KY","1505197","P","IKERD COAL COMPANY LLC","PULASKI","IKERD TERMINAL CO LLC","199","BIT","21","1505197     P     IKERD COAL COMPANY LLC                                  PULASKI"]
[{"$nulls":3},"CHEVRON TEXACO",{"$nulls":5},"KY","1505200","P","ALAMO LOADOUT","BELL","M3 ENERGY RESOURCES, LLC","013","BIT","21","1505200     P     ALAMO LOADOUT                                  BELL"]
[{"$nulls":3},"CHEYENNE",{"$nulls":5},"KY","1505215","S","MOORE PROCESSING","HARLAN","COALGOOD ENERGY CO","095","BIT","21","1505215     S     MOORE PROCESSING                                  HARLAN"]
[{"$nulls":3},"CHIEF PETROLEUM",{"$nulls":5},"KY","1505245","P","HOYT TIPPLE","PERRY","PINE BRANCH COAL SALES INC","193","BIT","21","1505245     P     HOYT TIPPLE                                  PERRY"]
[{"$nulls":3},"CHRISTMAN FUEL SERVICE",{"$nulls":5},"KY","1505275","P","#1 PREP PLANT","PERRY","PINE BRANCH COAL SALES INC","193","BIT","21","1505275     P     #1 PREP PLANT                                  PERRY"]
[{"$nulls":3},"CHRISTOPHER RESOURCES",{"$nulls":5},"KY","1505358","P","VIALL TIPPLE","BELL","XINERGY CORP.","013","BIT","21","1505358     P     VIALL TIPPLE                                  BELL"]
[{"$nulls":3},"CHS REFINERY",{"$nulls":5},"KY","1505375","P","LONG FORK PREPARATION PLANT","PIKE","LONG FORK COAL COMPANY","195","BIT","21","1505375     P     LONG FORK PREPARATION PLANT                                  PIKE"]
[{"$nulls":3},"CIG",{"$nulls":5},"KY","1505485","P","PREPARATION PLANT","PERRY","PERRY COUNTY COAL CORPORATION","193","BIT","21","1505485     P     PREPARATION PLANT                                  PERRY"]
[{"$nulls":3},"CILCORP",{"$nulls":5},"KY","1506268","P","PEVLER PLANT","MARTIN","PINNACLE PROCESSING INC","159","BIT","21","1506268     P     PEVLER PLANT                                  MARTIN"]
[{"$nulls":3},"CIMA ENERGY",{"$nulls":5},"KY","1506275","S","PRICE PLANT","FLOYD","ELK HORN COAL CO., LLC","071","BIT","21","1506275     S     PRICE PLANT                                  FLOYD"]
[{"$nulls":3},"CIMAREX ",{"$nulls":5},"KY","1506375","P","JESSE BRANCH LOADOUT","PIKE","BEVINS BRANCH RESOURCES INC","195","BIT","21","1506375     P     JESSE BRANCH LOADOUT                                  PIKE"]
[{"$nulls":3},"CINCINNATI BULK TERMINAL",{"$nulls":5},"KY","1506733","P","MILLARD PREP PLANT","PIKE","COAL OPERATOR 1 LLC","195","BIT","21","1506733     P     MILLARD PREP PLANT                                  PIKE"]
[{"$nulls":3},"CINERGY",{"$nulls":5},"KY","1506750","P","MCCLAIN TIPPLE","HARLAN","MANALAPAN MINING CO., INC.","095","BIT","21","1506750     P     MCCLAIN TIPPLE                                  HARLAN"]
[{"$nulls":3},"CITGO",{"$nulls":5},"KY","1507010","P","POINT ROCK PLANT","PIKE","CAM MINING LLC","195","BIT","21","1507010     P     POINT ROCK PLANT                                  PIKE"]
[{"$nulls":3},"CITIGROUP",{"$nulls":5},"KY","1507082","U","MINE #1","PIKE","FREEDOM ENERGY MINING COMPANY","195","BIT","21","1507082     U     MINE #1                                  PIKE"]
[{"$nulls":3},"CITY OF LAKELAND",{"$nulls":5},"KY","1507201","U","C-2","HARLAN","HARLAN CUMBERLAND COAL COMPANY","095","BIT","21","1507201     U     C-2                                  HARLAN"]
[{"$nulls":3},"CITY OF VERNON",{"$nulls":5},"KY","1507295","S","JOB-17 WEST","MARTIN","LCC KENTUCKY LLC","159","BIT","21","1507295     S     JOB-17 WEST                                  MARTIN"]
[{"$nulls":3},"CLARK OIL",{"$nulls":5},"KY","1507305","P","HONEY HOLE LLC","LAUREL","HONEY HOLE LLC","125","BIT","21","1507305     P     HONEY HOLE LLC                                  LAUREL"]
[{"$nulls":3},"CLEARFIELD PROPERTIES",{"$nulls":5},"KY","1507475","U","MINE #1","PIKE","SOLID ENERGY MINING COMPANY","195","BIT","21","1507475     U     MINE #1                                  PIKE"]
[{"$nulls":3},"CLEARWATER ENTERPRISES",{"$nulls":5},"KY","1507907","P","PLANT NO 1","PIKE","BERKELEY ENERGY CORP","195","BIT","21","1507907     P     PLANT NO 1                                  PIKE"]
[{"$nulls":3},"CLEMENTINE",{"$nulls":5},"KY","1508019","S","EMLYN TIPPLE","WHITLEY","EMLYN COAL PROCESSING LLC","235","BIT","21","1508019     S     EMLYN TIPPLE                                  WHITLEY"]
[{"$nulls":3},"CLIFFS NATURAL RESOURCES",{"$nulls":5},"KY","1508079","U","MINE NO 3","PIKE","EXCEL MINING LLC","195","BIT","21","1508079     U     MINE NO 3                                  PIKE"]
[{"$nulls":3},"CLINE RESOURCE & DEVELOPMENT",{"$nulls":5},"KY","1508105","P","HAMILTON TIPPLE","BELL","NALLY & HAMILTON ENTERPRISES,","013","BIT","21","1508105     P     HAMILTON TIPPLE                                  BELL"]
[{"$nulls":3},"CLINTON SITE/MINE",{"$nulls":5},"KY","1508166","P","PLACER PROCESSING PLANT #1","BOYD","TRANSLOAD TERMINAL","019","BIT","21","1508166     P     PLACER PROCESSING PLANT #1                                  BOYD"]
[{"$nulls":3},"CLINTWOOD",{"$nulls":5},"KY","1508177","P","ALLEN PREPARATION PLANT (P3)","FLOYD","FRASURE CREEK MINING LLC","071","BIT","21","1508177     P     ALLEN PREPARATION PLANT (P3)                                  FLOYD"]
[{"$nulls":3},"CLINTWOOD ELKHORN",{"$nulls":5},"KY","1508211","P","HAZARD STAR LOADOUT","BREATHITT","KENTUCKY FUEL CORPORATION","025","BIT","21","1508211     P     HAZARD STAR LOADOUT                                  BREATHITT"]
[{"$nulls":3},"CLISE COAL COMPANY",{"$nulls":5},"KY","1508414","U","H-1 MINE","HARLAN","HARLAN CUMBERLAND COAL CO","095","BIT","21","1508414     U     H-1 MINE                                  HARLAN"]
[{"$nulls":3},"CLISE MINE",{"$nulls":5},"KY","1508935","P","FOUR RIVERS COAL INC","BELL","FOUR RIVERS COAL INC","013","BIT","21","1508935     P     FOUR RIVERS COAL INC                                  BELL"]
[{"$nulls":3},"CLOUD PEAK",{"$nulls":5},"KY","1509351","U","MINE #4","HARLAN","KARST ROBBINS COAL CO. INC.","095","BIT","21","1509351     U     MINE #4                                  HARLAN"]
[{"$nulls":3},"CLOUGH OIL COMPANY",{"$nulls":5},"KY","1509444","P","GRAYS KNOB PREP PLANT","HARLAN","DIXIE FUEL COMPANY","095","BIT","21","1509444     P     GRAYS KNOB PREP PLANT                                  HARLAN"]
[{"$nulls":3},"CMC",{"$nulls":5},"KY","1509546","P","PREP PLANT","BELL","LEFT FORK MINING CO INC","013","BIT","21","1509546     P     PREP PLANT                                  BELL"]
[{"$nulls":3},"CNG PIPELINE",{"$nulls":5},"KY","1509636","U","#77","PERRY","BLUE DIAMOND COAL COMPANY","193","BIT","21","1509636     U     #77                                  PERRY"]
[{"$nulls":3},"CNRL",{"$nulls":5},"KY","1509724","P","#1 PREP PLANT","PIKE","SIDNEY COAL COMPANY INC","195","BIT","21","1509724     P     #1 PREP PLANT                                  PIKE"]
[{"$nulls":3},"COAL CASTLE FUELS",{"$nulls":5},"KY","1509876","P","TIPPLE #3","BELL","APPOLO FUELS INC","013","BIT","21","1509876     P     TIPPLE #3                                  BELL"]
[{"$nulls":3},"COAL CREEK",{"$nulls":5},"KY","1509938","P","GATLIFF TIPPLE","WHITLEY","ALDEN RESOURCES LLC","235","BIT","21","1509938     P     GATLIFF TIPPLE                                  WHITLEY"]
[{"$nulls":3},"COAL ENERGY",{"$nulls":5},"KY","1510137","P","SMITH BROTHERS PROCESSING","CLAY","UNITED STATES ENERGY LLC","051","BIT","21","1510137     P     SMITH BROTHERS PROCESSING                                  CLAY"]
[{"$nulls":3},"COAL HILL MINING",{"$nulls":5},"KY","1510198","P","BRENDA FAYE COAL TIPPLE","HARLAN","BRENDA FAYE COAL SALES CO, INC","095","BIT","21","1510198     P     BRENDA FAYE COAL TIPPLE                                  HARLAN"]
[{"$nulls":3},"COAL MARKETING COMPANY",{"$nulls":5},"KY","1510212","P","PREPARATION PLANT","BELL","BELL COUNTY COAL CORPORATION","013","BIT","21","1510212     P     PREPARATION PLANT                                  BELL"]
[{"$nulls":3},"COAL MOUNTAIN",{"$nulls":5},"KY","1510271","P","#1 PLANT","FLOYD","N F C MINING, INC.","071","BIT","21","1510271     P     #1 PLANT                                  FLOYD"]
[{"$nulls":3},"COAL NETWORK",{"$nulls":5},"KY","1510358","S","ARCH COAL TERMINAL INC","BOYD","ARCH COAL TERMINAL INC","019","BIT","21","1510358     S     ARCH COAL TERMINAL INC                                  BOYD"]
[{"$nulls":3},"COAL RIVER ENERGY",{"$nulls":5},"KY","1510391","P","DAYHOIT TIPPLE","HARLAN","THE NEW COAL COMPANY, INC.","095","BIT","21","1510391     P     DAYHOIT TIPPLE                                  HARLAN"]
[{"$nulls":3},"COAL SALES",{"$nulls":5},"KY","1510394","U","NO 3","PIKE","PATRICK PROCESSING LLC","195","BIT","21","1510394     U     NO 3                                  PIKE"]
[{"$nulls":3},"COAL TRADE",{"$nulls":5},"KY","1510445","P","BEVINS BRANCH PREPARATION PLAN","PIKE","MCCOY ELKHORN COAL CORP.","195","BIT","21","1510445     P     BEVINS BRANCH PREPARATION PLAN                                  PIKE"]
[{"$nulls":3},"COAL VALLEY",{"$nulls":5},"KY","1510657","P","TOTZ PREP PLANT","HARLAN","HARLAN CUMBERLAND COAL COMPANY","095","BIT","21","1510657     P     TOTZ PREP PLANT                                  HARLAN"]
[{"$nulls":3},"COALDALE ENERGY",{"$nulls":5},"KY","1510753","U","MINE #1","PIKE"," CLEAN ENERGY MINING CO.","195","BIT","21","1510753     U     MINE #1                                  PIKE"]
[{"$nulls":3},"COALSALES II LLC",{"$nulls":5},"KY","1510789","P","COLONA SYNFUEL","LAWRENCE","KANAWHA RIVER TERMINALS LLC","127","BIT","21","1510789     P     COLONA SYNFUEL                                  LAWRENCE"]
[{"$nulls":3},"COALSALES LLC",{"$nulls":5},"KY","1510865","P","ELKATAWA LOADING FACILITY","BREATHITT","REVELATION ENERGY, LLC","025","BIT","21","1510865     P     ELKATAWA LOADING FACILITY                                  BREATHITT"]
[{"$nulls":3},"COALTEK",{"$nulls":5},"KY","1511005","S","MTR SURFACE MINE","MARTIN","MARTIN COUNTY COAL CORP","159","BIT","21","1511005     S     MTR SURFACE MINE                                  MARTIN"]
[{"$nulls":3},"COAST TO COAST PARTNERS",{"$nulls":5},"KY","1511012","P","CAMP 9 PREP PLANT","UNION","HERITAGE COAL COMPANY LLC","225","BIT","21","1511012     P     CAMP 9 PREP PLANT                                  UNION"]
[{"$nulls":3},"COASTAL",{"$nulls":5},"KY","1511028","P","MANCHESTER TIPPLE","CLAY","B & W RESOURCES INC","051","BIT","21","1511028     P     MANCHESTER TIPPLE                                  CLAY"]
[{"$nulls":3},"COKINOS ENERGY",{"$nulls":5},"KY","1511055","P","MIDDLESBORO TIPPLE","BELL","PREMIUM PROCESSING CO., INC.","013","BIT","21","1511055     P     MIDDLESBORO TIPPLE                                  BELL"]
[{"$nulls":3},"COLONA",{"$nulls":5},"KY","1511121","P","ROXANA PREP PLANT","LETCHER","ENTERPRISE MINING COMPANY LLC","133","BIT","21","1511121     P     ROXANA PREP PLANT                                  LETCHER"]
[{"$nulls":3},"COLONIAL",{"$nulls":5},"KY","1511162","P","NEW RIDGE MINING COMPANY","PIKE","SIDNEY COAL COMPANY INC","195","BIT","21","1511162     P     NEW RIDGE MINING COMPANY                                  PIKE"]
[{"$nulls":3},"COLORADO INTERSTATE GAS",{"$nulls":5},"KY","1511211","U","NO. 6","FLOYD","MRI MINING INC","071","BIT","21","1511211     U     NO. 6                                  FLOYD"]
[{"$nulls":3},"COLORADO SPRINGS UTILITIES ENERGY SUPPLY DEPT",{"$nulls":5},"KY","1511417","P","ROADSIDE PROCESSING INC","MCCREARY","ROADSIDE PROCESSING INC","147","BIT","21","1511417     P     ROADSIDE PROCESSING INC                                  MCCREARY"]
[{"$nulls":3},"COLOWYO COAL COMPANY",{"$nulls":5},"KY","1511483","P","LDH ENERGY SLONES BRANCH TERMINAL","PIKE","LDH ENERGY SLONES BRANCH TERMI","195","BIT","21","1511483     P     LDH ENERGY SLONES BRANCH TERMINAL                                  PIKE"]
[{"$nulls":3},"COLOWYO MINE",{"$nulls":5},"KY","1511506","P","VERDA LOADOUT","HARLAN","DIXIE FUEL COMPANY, LLC","095","BIT","21","1511506     P     VERDA LOADOUT                                  HARLAN"]
[{"$nulls":3},"COLUMBIA",{"$nulls":5},"KY","1511545","P","PREP PLANT","PIKE","LANDMARK MINING COMPANY INC","195","BIT","21","1511545     P     PREP PLANT                                  PIKE"]
[{"$nulls":3},"COLUMBIA ENERGY",{"$nulls":5},"KY","1511564","P","NO 61","LESLIE","BLEDSOE COAL CORP","131","BIT","21","1511564     P     NO 61                                  LESLIE"]
[{"$nulls":3},"COLUMBIA GAS",{"$nulls":5},"KY","1511615","P","F&D TIPPLE","HARLAN","D&C MINING CORP.","095","BIT","21","1511615     P     F&D TIPPLE                                  HARLAN"]
[{"$nulls":3},"COLUMBIA GULF",{"$nulls":5},"KY","1511654","P","BENT BRANCH PLANT","PIKE","SIDNEY COAL COMPANY, INC.","195","BIT","21","1511654     P     BENT BRANCH PLANT                                  PIKE"]
[{"$nulls":3},"COLUMBIA GULF TRANSMISSION",{"$nulls":5},"KY","1511835","U","#1","LESLIE","BLEDSOE COAL CORPORATION","131","BIT","21","1511835     U     #1                                  LESLIE"]
[{"$nulls":3},"COLUMBIA PIPELINE",{"$nulls":5},"KY","1511870","P","BEVERLY ANN PREPARATION PLANT","FLOYD","FRASURE CREEK MINING, LLC","071","BIT","21","1511870     P     BEVERLY ANN PREPARATION PLANT                                  FLOYD"]
[{"$nulls":3},"COMMONWEALTH",{"$nulls":5},"KY","1511906","P","VFC PREPARATION PLANT","HARLAN","VIRGINIA FUEL CORPORATION","095","BIT","21",{"$f":"K325&\"     \"&L325&\"     \"&M325&\"                                  \"&N325","v":"1511906     P     VFC PREPARATION PLANT                                  HARLAN"}]
[{"$nulls":3},"COMMUNITY ENERGY",{"$nulls":5},"KY","1511935","S","SMITH MINE","WEBSTER","HOPKINS COUNTY COAL LLC","233","BIT","21","1511935     S     SMITH MINE                                  WEBSTER"]
[{"$nulls":3},"COMO OIL",{"$nulls":5},"KY","1511991","P","FLINT RIDGE PREP PLANT","BREATHITT","ICG HAZARD, LLC","025","BIT","21","1511991     P     FLINT RIDGE PREP PLANT                                  BREATHITT"]
[{"$nulls":3},"COMP COAL",{"$nulls":5},"KY","1512047","P","RED BIRD PREP PLANT","CLAY","M3 ENERGY RESOURCES, LLC","051","BIT","21","1512047     P     RED BIRD PREP PLANT                                  CLAY"]
[{"$nulls":3},"COMPASS ENERGY",{"$nulls":5},"KY","1512057","U","CREECH NO. 1","HARLAN","JERICOL MINING, INC.","095","BIT","21","1512057     U     CREECH NO. 1                                  HARLAN"]
[{"$nulls":3},"COMPLEX",{"$nulls":5},"KY","1512124","P","TIPPLE NO. 4","BELL","APPOLO FUELS, INC.","013","BIT","21","1512124     P     TIPPLE NO. 4                                  BELL"]
[{"$nulls":3},"CON ED",{"$nulls":5},"KY","1512170","S","NO 1 DREDGE","FLOYD","MARE CREEK SAND CO.,  INC","071","BIT","21","1512170     S     NO 1 DREDGE                                  FLOYD"]
[{"$nulls":3},"CON EDISON ENERGY",{"$nulls":5},"KY","1512199","P","RIVERWAY TERMINALS","BOYD","RIVERWAY SOUTH INC","019","BIT","21","1512199     P     RIVERWAY TERMINALS                                  BOYD"]
[{"$nulls":3},"CONAGRA",{"$nulls":5},"KY","1512399","P","N R G","HARLAN","HARLAN CUMBERLAND COAL COMPANY","095","BIT","21","1512399     P     N R G                                  HARLAN"]
[{"$nulls":3},"CONCORD",{"$nulls":5},"KY","1512421","P","JUSTUS PREPARATION PLANT","MCCREARY","SOUTHFORK COAL COMPANY","147","BIT","21","1512421     P     JUSTUS PREPARATION PLANT                                  MCCREARY"]
[{"$nulls":3},"CONECTIV ENERGY",{"$nulls":5},"KY","1512428","P","SEQUOIA PREPARATION FACILITY","HARLAN","SEQUOIA ENERGY LLC","095","BIT","21","1512428     P     SEQUOIA PREPARATION FACILITY                                  HARLAN"]
[{"$nulls":3},"CONEMAUGH FUEL",{"$nulls":5},"KY","1512564","U","STRAIGHT CREEK #1 MINE","BELL","LEFT FORK MINING CO INC","013","BIT","21","1512564     U     STRAIGHT CREEK #1 MINE                                  BELL"]
[{"$nulls":3},"CONESVILLE PREPARATION",{"$nulls":5},"KY","1512602","P","HIGHSPLINT PREPARATION PLANT","HARLAN","HARLAN CUMBERLAND COAL COMPANY","095","BIT","21","1512602     P     HIGHSPLINT PREPARATION PLANT                                  HARLAN"]
[{"$nulls":3},"CONNECT ENERGY",{"$nulls":5},"KY","1512603","P","CLOVER LOADOUT","HARLAN","BLEDSOE COAL CORPORATION","095","BIT","21","1512603     P     CLOVER LOADOUT                                  HARLAN"]
[{"$nulls":3},"CONOCOPHILLIPS",{"$nulls":5},"KY","1512628","P","NORTH AMERICAN GEM PROCESSING","KNOX","NORTH AMERICAN GEM US, INC","121","BIT","21","1512628     P     NORTH AMERICAN GEM PROCESSING                                  KNOX"]
[{"$nulls":3},"CONOCOPHILLIPS CANADA",{"$nulls":5},"KY","1512682","P","CROCKETT","BELL","COVOL FUELS NO. 3, LLC","013","BIT","21","1512682     P     CROCKETT                                  BELL"]
[{"$nulls":3},"CONSOL",{"$nulls":5},"KY","1512741","U","MINE #1","HARLAN","L J'S COAL CORPORATION","095","BIT","21","1512741     U     MINE #1                                  HARLAN"]
[{"$nulls":3},"CONSOL ENERGY",{"$nulls":5},"KY","1512753","U","CALVARY NO 81","LESLIE","BLUE DIAMOND COAL CO","131","BIT","21","1512753     U     CALVARY NO 81                                  LESLIE"]
[{"$nulls":3},"CONSOLIDATION COAL COMPANY",{"$nulls":5},"KY","1512896","P","JAMBOREE LOADOUT","PIKE","CAM MINING LLC","195","BIT","21","1512896     P     JAMBOREE LOADOUT                                  PIKE"]
[{"$nulls":3},"CONSTELLATION ENERGY",{"$nulls":5},"KY","1512908","U","NO 1","FLOYD","RAIN COAL COMPANY LLC","071","BIT","21","1512908     U     NO 1                                  FLOYD"]
[{"$nulls":3},"CONSTELLATION NEW ENERGY",{"$nulls":5},"KY","1512914","P","SAPPHIRE PREP PLANT","LETCHER","SAPPHIRE COAL COMPANY","133","BIT","21","1512914     P     SAPPHIRE PREP PLANT                                  LETCHER"]
[{"$nulls":3},"CONSUMERS ENERGY",{"$nulls":5},"KY","1513061","U","#5A","FLOYD","NORTH STAR MINING INC.","071","BIT","21","1513061     U     #5A                                  FLOYD"]
[{"$nulls":3},"CONTINENTAL",{"$nulls":5},"KY","1513193","P","PHELPS COAL TIPPLE (T-2)","PIKE","REVELATION ENERGY LLC","195","BIT","21","1513193     P     PHELPS COAL TIPPLE (T-2)                                  PIKE"]
[{"$nulls":3},"CONVERSE",{"$nulls":5},"KY","1513254","P","K-2 PREPARATION PLANT","BREATHITT","KENTUCKY FUEL CORPORATION","025","BIT","21","1513254     P     K-2 PREPARATION PLANT                                  BREATHITT"]
[{"$nulls":3},"CONVERSE COAL",{"$nulls":5},"KY","1513258","P","IVEL PLANT","FLOYD","DORCHESTER COAL CO. L. P.","071","BIT","21","1513258     P     IVEL PLANT                                  FLOYD"]
[{"$nulls":3},"COOK & SONS",{"$nulls":5},"KY","1513306","P","STONECOAL TIPPLE (T-3)","PIKE","REVELATION ENERGY LLC","195","BIT","21","1513306     P     STONECOAL TIPPLE (T-3)                                  PIKE"]
[{"$nulls":3},"COOK INLET",{"$nulls":5},"KY","1513331","P","FORESTER CREEK CLEAN COAL WASH","HARLAN","FOX KNOB COAL CO, INC.","095","BIT","21","1513331     P     FORESTER CREEK CLEAN COAL WASH                                  HARLAN"]
[{"$nulls":3},"COOL SPRING SITE GFCC",{"$nulls":5},"KY","1513418","S","DREDGE #1","LAWRENCE","BIG SANDY RESOURCES INC","127","BIT","21","1513418     S     DREDGE #1                                  LAWRENCE"]
[{"$nulls":3},"CO-OP MINING",{"$nulls":5},"KY","1513495","P","KENTUCKY RIVER LOADING","PERRY","ICG HAZARD, LLC","193","BIT","21","1513495     P     KENTUCKY RIVER LOADING                                  PERRY"]
[{"$nulls":3},"COOSA COAL CO",{"$nulls":5},"KY","1513890","U","DARBY #5","HARLAN","JERICOL MINING INC.","095","BIT","21","1513890     U     DARBY #5                                  HARLAN"]
[{"$nulls":3},"COPANO ENERGY SERVICES",{"$nulls":5},"KY","1513936","S","FRASURE CREEK MINE NO 6","PERRY","FRASURE CREEK MINING LLC","193","BIT","21","1513936     S     FRASURE CREEK MINE NO 6                                  PERRY"]
[{"$nulls":3},"CORAL",{"$nulls":5},"KY","1514178","U","#1 MINE","WHITLEY","L & A COAL COMPANY","235","BIT","21","1514178     U     #1 MINE                                  WHITLEY"]
[{"$nulls":3},"CORAL ENERGY",{"$nulls":5},"KY","1514324","P","PREPARATION PLANT","MARTIN","EXCEL MINING LLC","159","BIT","21","1514324     P     PREPARATION PLANT                                  MARTIN"]
[{"$nulls":3},"CORAL ENERGY RESOURCES",{"$nulls":5},"KY","1514335","P","WARRIOR PREPARATION PLANT","HOPKINS","WARRIOR COAL, LLC","107","BIT","21","1514335     P     WARRIOR PREPARATION PLANT                                  HOPKINS"]
[{"$nulls":3},"CORDERO",{"$nulls":5},"KY","1514468","P","ROB FORK PROCESSING","PIKE","CAM MINING LLC","195","BIT","21","1514468     P     ROB FORK PROCESSING                                  PIKE"]
[{"$nulls":3},"CORESCO",{"$nulls":5},"KY","1514728","S","FORESTERS CREEK STRIP","HARLAN","FOX KNOB COAL COMPANY INC","095","BIT","21","1514728     S     FORESTERS CREEK STRIP                                  HARLAN"]
[{"$nulls":3},"CORNERSTONE ENERGY",{"$nulls":5},"KY","1515153","P","MANCHESTER PREP PLANT","CLAY","B & W RESOURCES INC","051","BIT","21","1515153     P     MANCHESTER PREP PLANT                                  CLAY"]
[{"$nulls":3},"CORNING",{"$nulls":5},"KY","1515215","U","#3","PIKE","MERCY MINING, LLC","195","BIT","21","1515215     U     #3                                  PIKE"]
[{"$nulls":3},"COTTAGE GROVE",{"$nulls":5},"KY","1515506","S","MIDDLE FORK SURFACE","PERRY","ICG HAZARD, LLC","193","BIT","21","1515506     S     MIDDLE FORK SURFACE                                  PERRY"]
[{"$nulls":3},"COULSON",{"$nulls":5},"KY","1515609","S","NO. 1","BOYD","RED BUD DOCK, LLC","019","BIT","21","1515609     S     NO. 1                                  BOYD"]
[{"$nulls":3},"COURTNEY FOOS",{"$nulls":5},"KY","1515658","U","# 3","FLOYD","CHESTNUT RIDGE COAL CO., INC.","071","BIT","21","1515658     U     # 3                                  FLOYD"]
[{"$nulls":3},"COVOL FUELS",{"$nulls":5},"KY","1515682","P","PINE MOUNTAIN PREP PLANT","LESLIE","INFINITY ENERGY INCORPORATED","131","BIT","21","1515682     P     PINE MOUNTAIN PREP PLANT                                  LESLIE"]
[{"$nulls":3},"COY MINE",{"$nulls":5},"KY","1515772","P","PREP PLANT","HARLAN","D & C MINING CORPORATION","095","BIT","21","1515772     P     PREP PLANT                                  HARLAN"]
[{"$nulls":3},"CP ENERGY MARKETING",{"$nulls":5},"KY","1515851","S","MINE NO 1","LAWRENCE","JORDAN CONSTRUCTION","127","BIT","21","1515851     S     MINE NO 1                                  LAWRENCE"]
[{"$nulls":3},"CP ENERGY MARKETING (US) INC",{"$nulls":5},"KY","1515868","P","NEW TRUCKERS COAL MARKET, NO.","CLAY","NEW TRUCKERS COAL MARKET","051","BIT","21","1515868     P     NEW TRUCKERS COAL MARKET, NO.                                  CLAY"]
[{"$nulls":3},"CPENN",{"$nulls":5},"KY","1515888","P","TIPPLE","HARLAN","BOB & TOM COAL CO., INC.","095","BIT","21","1515888     P     TIPPLE                                  HARLAN"]
[{"$nulls":3},"CPS",{"$nulls":5},"KY","1515944","U","# 7 MINE","HARLAN","RB COAL CO., INC.","095","BIT","21","1515944     U     # 7 MINE                                  HARLAN"]
[{"$nulls":3},"CRANEY",{"$nulls":5},"KY","1515978","P","MARTIN PLANT","FLOYD","BLACK HAWK MINING LLC","071","BIT","21","1515978     P     MARTIN PLANT                                  FLOYD"]
[{"$nulls":3},"CREDIT SUISSE ENERGY",{"$nulls":5},"KY","1515983","P","ST. HELENS TIPPLE","LEE","STURGEON MINING CO., INC.","129","BIT","21","1515983     P     ST. HELENS TIPPLE                                  LEE"]
[{"$nulls":3},"CREEK PAUM",{"$nulls":5},"KY","1516011","U","MINE #4","HARLAN","PANTHER MINING LLC","095","BIT","21","1516011     U     MINE #4                                  HARLAN"]
[{"$nulls":3},"CRESCENT OIL COMPANY",{"$nulls":5},"KY","1516054","P","NO 1 PLANT","HARLAN","OLD VIRGINIA SERVICES, L.L.C.","095","BIT","21","1516054     P     NO 1 PLANT                                  HARLAN"]
[{"$nulls":3},"CRIMSON COAL",{"$nulls":5},"KY","1516098","P","BEECH FORK COAL PREP FACILITY","LESLIE","SHAMROCK COAL COMPANY INC","131","BIT","21","1516098     P     BEECH FORK COAL PREP FACILITY                                  LESLIE"]
[{"$nulls":3},"CROSS OIL",{"$nulls":5},"KY","1516105","P","CHARLENE LOADOUT","PERRY","CDR OPERATIONS INC","193","BIT","21","1516105     P     CHARLENE LOADOUT                                  PERRY"]
[{"$nulls":3},"CROSS PETROLEUM",{"$nulls":5},"KY","1516231","S","PATRIOT SURFACE","HENDERSON","GRAND EAGLE MINING INC","101","BIT","21","1516231     S     PATRIOT SURFACE                                  HENDERSON"]
[{"$nulls":3},"CROSS TIMBERS ROYALTY TRUST",{"$nulls":5},"KY","1516290","S","SANDLICK LOADOUT","PIKE","ICG EAST KENTUCKY LLC","195","BIT","21","1516290     S     SANDLICK LOADOUT                                  PIKE"]
[{"$nulls":3},"CROSSBROOK COAL",{"$nulls":5},"KY","1516318","U","MINE #6","HARLAN","MANALAPAN MINING COMPANY INC","095","BIT","21","1516318     U     MINE #6                                  HARLAN"]
[{"$nulls":3},"CROSSTEX",{"$nulls":5},"KY","1516349","U","CALVARY NO. 80","LESLIE","BLUE DIAMOND COAL COMPANY","131","BIT","21","1516349     U     CALVARY NO. 80                                  LESLIE"]
[{"$nulls":3},"CROUNSE CORPORATION",{"$nulls":5},"KY","1516353","P","#64","PERRY","LEECO INCORPORATED","193","BIT","21","1516353     P     #64                                  PERRY"]
[{"$nulls":3},"CROWN",{"$nulls":5},"KY","1516457","U","K-4 MINE","HARLAN","REX COAL COMPANY, INC.","095","BIT","21","1516457     U     K-4 MINE                                  HARLAN"]
[{"$nulls":3},"CRUZ BAY",{"$nulls":5},"KY","1516458","U","MINE NO 8B","HARLAN","KARST ROBBINS COAL CO INC","095","BIT","21","1516458     U     MINE NO 8B                                  HARLAN"]
[{"$nulls":3},"CRYSTAL FLASH",{"$nulls":5},"KY","1516470","S","BURKE BRANCH TIPPLE","PIKE","PREMIER ELKHORN COAL COMPANY","195","BIT","21","1516470     S     BURKE BRANCH TIPPLE                                  PIKE"]
[{"$nulls":3},"CS UTILITIES MERCHANT",{"$nulls":5},"KY","1516478","U","DELPHIA MINE","PERRY","HUBB CORP","193","BIT","21","1516478     U     DELPHIA MINE                                  PERRY"]
[{"$nulls":3},"CS UTILITIES PPA",{"$nulls":5},"KY","1516487","U","MINE NO. 1","PIKE","BRAN ZACK ENERGY LLC","195","BIT","21","1516487     U     MINE NO. 1                                  PIKE"]
[{"$nulls":3},"CSL INTERNATIONAL",{"$nulls":5},"KY","1516516","S","#2 SURFACE","BELL","TWIN STAR COAL COMPANY INC","013","BIT","21","1516516     S     #2 SURFACE                                  BELL"]
[{"$nulls":3},"CSV INC",{"$nulls":5},"KY","1516520","P","76  PLANT","PERRY","BLUE DIAMOND COAL COMPANY","193","BIT","21",{"$f":"K389&\"     \"&L389&\"     \"&M389&\"                                  \"&N389","v":"1516520     P     76  PLANT                                  PERRY"}]
[{"$nulls":3},"CSX",{"$nulls":5},"KY","1516567","P","SUPREME ENERGY PREP PLANT","KNOTT","ICG KNOTT COUNTY LLC","119","BIT","21","1516567     P     SUPREME ENERGY PREP PLANT                                  KNOTT"]
[{"$nulls":3},"CSX-OTC",{"$nulls":5},"KY","1516577","P","MILL CREEK PREP PLANT","LETCHER","DEANE MINING LLC","133","BIT","21","1516577     P     MILL CREEK PREP PLANT                                  LETCHER"]
[{"$nulls":3},"CUMBERLAND COAL RESOURCES ",{"$nulls":5},"KY","1516580","S","AUGER MINE NO 6","PERRY","B & H COAL CO INC","193","BIT","21","1516580     S     AUGER MINE NO 6                                  PERRY"]
[{"$nulls":3},"CUMBERLAND ELKHORN COAL & COKE",{"$nulls":5},"KY","1516583","U","SAM #14","PIKE","SOUTH AKERS MINING COMPANY LLC","195","BIT","21","1516583     U     SAM #14                                  PIKE"]
[{"$nulls":3},"CUMBERLAND RIVER",{"$nulls":5},"KY","1516663","U","NO. 22","MARTIN","EAGLE COAL COMPANY INC","159","BIT","21","1516663     U     NO. 22                                  MARTIN"]
[{"$nulls":3},"CUMBERLAND/EMERALD GREENE COUNTY",{"$nulls":5},"KY","1516697","U","OXFORD #6","HARLAN","NEW HORIZONS COAL INC.","095","BIT","21","1516697     U     OXFORD #6                                  HARLAN"]
[{"$nulls":3},"CUSTOM FUEL SERVICES",{"$nulls":5},"KY","1516734","P","CLINTWOOD ELKHORN II","PIKE","CLINTWOOD ELKHORN MINING COMPA","195","BIT","21","1516734     P     CLINTWOOD ELKHORN II                                  PIKE"]
[{"$nulls":3},"CYPRESS",{"$nulls":5},"KY","1516749","P","KENTUCKY COAL TERMINAL","BOYD","KANAWHA RIVER TERMINALS LLC","019","BIT","21","1516749     P     KENTUCKY COAL TERMINAL                                  BOYD"]
[{"$nulls":3},"CYPRESS CREEK MINE",{"$nulls":5},"KY","1516773","U","NO. 1 MINE","HARLAN","WGS COAL CO., INC.","095","BIT","21","1516773     U     NO. 1 MINE                                  HARLAN"]
[{"$nulls":3},"CYPRESS GAS PIPELINE",{"$nulls":5},"KY","1516792","U","DARBY NO. 1 MINE","HARLAN","COPPERHEAD MINING CO.","095","BIT","21","1516792     U     DARBY NO. 1 MINE                                  HARLAN"]
[{"$nulls":3},"CYPRUS EMERALD RESOURCES",{"$nulls":5},"KY","1516801","U","#1","FLOYD","WHITNICK & P COAL CO., LLC","071","BIT","21","1516801     U     #1                                  FLOYD"]
[{"$nulls":3},"CZAR",{"$nulls":5},"KY","1516812","S","BUCK CREEK NO. 1","LETCHER","SAPPHIRE COAL COMPANY","133","BIT","21","1516812     S     BUCK CREEK NO. 1                                  LETCHER"]
[{"$nulls":3},"D & E MINING",{"$nulls":5},"KY","1516858","P","PIONEER PREPARATION PLANT","KNOTT","ENTERPRISE MINING COMPANY LLC","119","BIT","21","1516858     P     PIONEER PREPARATION PLANT                                  KNOTT"]
[{"$nulls":3},"DAIRYLAND POWER COOPERATIVE",{"$nulls":5},"KY","1516864","U","# 1 MINE","HARLAN","K-MAC, INC.","095","BIT","21","1516864     U     # 1 MINE                                  HARLAN"]
[{"$nulls":3},"DAKOTA COAL",{"$nulls":5},"KY","1516883","S","COMBS BRANCH JOB","PERRY","PINE BRANCH COAL SALES INC","193","BIT","21","1516883     S     COMBS BRANCH JOB                                  PERRY"]
[{"$nulls":3},"DAKOTA GASIFICATION COMPANY",{"$nulls":5},"KY","1516890","S","STRIP NO 1","HARLAN","BROWNING COAL COMPANY INC","095","BIT","21","1516890     S     STRIP NO 1                                  HARLAN"]
[{"$nulls":3},"DALE PETROLEUM",{"$nulls":5},"KY","1516898","U","NO 10","LETCHER","FOGGY MOUNTAIN COAL COMPANY IN","133","BIT","21","1516898     U     NO 10                                  LETCHER"]
[{"$nulls":3},"DAMRON FOK",{"$nulls":5},"KY","1516911","S","NO 2 SURFACE","BELL","DEBRA LYNN COALS INC","013","BIT","21","1516911     S     NO 2 SURFACE                                  BELL"]
[{"$nulls":3},"DANNY'S SERVICE",{"$nulls":5},"KY","1516919","S","AUGER MINE #9A & 9B","HARLAN","B & H COAL CO INC","095","BIT","21","1516919     S     AUGER MINE #9A & 9B                                  HARLAN"]
[{"$nulls":3},"DAVE REISDORF",{"$nulls":5},"KY","1516958","P","LONGFORK PREPARATION PLANT","PIKE","MCCOY ELKHORN COAL CORP.","195","BIT","21","1516958     P     LONGFORK PREPARATION PLANT                                  PIKE"]
[{"$nulls":3},"DAVIDSON PETROLEUM",{"$nulls":5},"KY","1517009","S","REFUSE STRIP & AUGER","HARLAN","JERICOL MINING INC.","095","BIT","21","1517009     S     REFUSE STRIP & AUGER                                  HARLAN"]
[{"$nulls":3},"DAYTON POWER & LIGHT",{"$nulls":5},"KY","1517011","S","LITTLE ROCK MINING INC","BELL","LITTLE ROCK MINING INC.","013","BIT","21","1517011     S     LITTLE ROCK MINING INC                                  BELL"]
[{"$nulls":3},"DB ENERGY",{"$nulls":5},"KY","1517021","P","JONES FORK PREP PLANT","KNOTT","KENTUCKY FUEL CORPORATION","119","BIT","21","1517021     P     JONES FORK PREP PLANT                                  KNOTT"]
[{"$nulls":3},"DBET",{"$nulls":5},"KY","1517044","U","VISION #9","WEBSTER","VISION MINING, INC.","233","BIT","21","1517044     U     VISION #9                                  WEBSTER"]
[{"$nulls":3},"DCP",{"$nulls":5},"KY","1517059","P","PREP PLANT # 1","JOHNSON","BEECH FORK PROCESSING INC","115","BIT","21","1517059     P     PREP PLANT # 1                                  JOHNSON"]
[{"$nulls":3},"DEAN MINING",{"$nulls":5},"KY","1517064","S","ISLAND CREEK #1","PIKE","DUSTY DIAMOND COMPANY INC","195","BIT","21","1517064     S     ISLAND CREEK #1                                  PIKE"]
[{"$nulls":3},"DEARBORN LASALLE CO",{"$nulls":5},"KY","1517077","U","RB #5","HARLAN","MANALAPAN MINING COMPANY INC","095","BIT","21","1517077     U     RB #5                                  HARLAN"]
[{"$nulls":3},"DECKER",{"$nulls":5},"KY","1517141","U","MINE #1","HARLAN","R&R CONTRACTORS","095","BIT","21","1517141     U     MINE #1                                  HARLAN"]
[{"$nulls":3},"DEEMSTON",{"$nulls":5},"KY","1517165","U","MINE NO 1","HARLAN","STILLHOUSE MINING LLC","095","BIT","21","1517165     U     MINE NO 1                                  HARLAN"]
[{"$nulls":3},"DEEMSTON MINE",{"$nulls":5},"KY","1517216","U","CARDINAL","HOPKINS","WARRIOR COAL LLC","107","BIT","21","1517216     U     CARDINAL                                  HOPKINS"]
[{"$nulls":3},"DEEP WATER RESOURCES",{"$nulls":5},"KY","1517228","S","#2","FLOYD","BLACK STAR ENERGY, INC","071","BIT","21","1517228     S     #2                                  FLOYD"]
[{"$nulls":3},"DEER CREEK",{"$nulls":5},"KY","1517232","U","RICHLAND NO 9","HOPKINS","PLEASANT VIEW MINING COMPANY I","107","BIT","21","1517232     U     RICHLAND NO 9                                  HOPKINS"]
[{"$nulls":3},"DEFERIET PAPER",{"$nulls":5},"KY","1517234","U","HUFF CREEK NO 1","HARLAN","LONE MOUNTAIN PROCESSING INC","095","BIT","21","1517234     U     HUFF CREEK NO 1                                  HARLAN"]
[{"$nulls":3},"DELAWARE & LEHIGH COAL COMPANY",{"$nulls":5},"KY","1517266","U","#10","PIKE","CHEYENNE ELKHORN COAL CO INC","195","BIT","21","1517266     U     #10                                  PIKE"]
[{"$nulls":3},"DELTA COALS",{"$nulls":5},"KY","1517278","S","RIVEREAGLE CORPORATION","BOYD","RIVEREAGLE CORPORATION","019","BIT","21","1517278     S     RIVEREAGLE CORPORATION                                  BOYD"]
[{"$nulls":3},"DELTA ENERGY",{"$nulls":5},"KY","1517280","S","NO 1","PIKE","APEX ENERGY INC","195","BIT","21","1517280     S     NO 1                                  PIKE"]
[{"$nulls":3},"DELTA WESTERN",{"$nulls":5},"KY","1517302","S","JOB NO 17","PIKE","LCC KENTUCKY LLC","195","BIT","21","1517302     S     JOB NO 17                                  PIKE"]
[{"$nulls":3},"DENNIS K BURKE",{"$nulls":5},"KY","1517314","U","#5","KNOX","MALLIE COAL COMPANY INC.","121","BIT","21","1517314     U     #5                                  KNOX"]
[{"$nulls":3},"DEPARTMENT OF DEFENSE",{"$nulls":5},"KY","1517360","S","PE SOUTHERN PIKE CO","PIKE","PREMIER ELKHORN COAL COMPANY","195","BIT","21","1517360     S     PE SOUTHERN PIKE CO                                  PIKE"]
[{"$nulls":3},"DETM",{"$nulls":5},"KY","1517368","S","KAREN UNIT TRAIN","HARLAN","DIXIE FUEL CO.","095","BIT","21","1517368     S     KAREN UNIT TRAIN                                  HARLAN"]
[{"$nulls":3},"DEVON CANADA",{"$nulls":5},"KY","1517391","U","SPUD MINE","FLOYD","KENTUCKY MAY MINING","071","BIT","21","1517391     U     SPUD MINE                                  FLOYD"]
[{"$nulls":3},"DEVON ENERGY",{"$nulls":5},"KY","1517403","P","PLEASANT VIEW WASHER PLANT","HOPKINS","KENTUCKY PROCESSING & EQUIPMEN","107","BIT","21","1517403     P     PLEASANT VIEW WASHER PLANT                                  HOPKINS"]
[{"$nulls":3},"DEVON GAS SERVICES",{"$nulls":5},"KY","1517478","U","#75","PERRY","BLUE DIAMOND COAL COMPANY","193","BIT","21","1517478     U     #75                                  PERRY"]
[{"$nulls":3},"DHRI",{"$nulls":5},"KY","1517481","U","HARDSHELL TIPPLES MINE #1","LETCHER","HARDSHELL TIPPLES INC.","133","BIT","21","1517481     U     HARDSHELL TIPPLES MINE #1                                  LETCHER"]
[{"$nulls":3},"DIAL OIL",{"$nulls":5},"KY","1517497","U","#68","PERRY","LEECO INCORPORATED","193","BIT","21","1517497     U     #68                                  PERRY"]
[{"$nulls":3},"DIAMOND MAY COAL",{"$nulls":5},"KY","1517587","U","FREEDOM","HENDERSON","OHIO COUNTY COAL COMPANY LLC","101","BIT","21","1517587     U     FREEDOM                                  HENDERSON"]
[{"$nulls":3},"DIAMOND OIL CO",{"$nulls":5},"KY","1517610","U","NO 3","KNOTT","MRM MINING INC","119","BIT","21","1517610     U     NO 3                                  KNOTT"]
[{"$nulls":3},"DISTR ENSTAR NATURAL GAS",{"$nulls":5},"KY","1517611","S","# 1 STRIP MINE","CLAY","JAMIESON CONSTRUCTION CO INC","051","BIT","21","1517611     S     # 1 STRIP MINE                                  CLAY"]
[{"$nulls":3},"DISTRIGAS OF BOSTON",{"$nulls":5},"KY","1517627","S","AUGER MINE NO 17","JOHNSON","B & H COAL CO INC","115","BIT","21","1517627     S     AUGER MINE NO 17                                  JOHNSON"]
[{"$nulls":3},"DISTRIGAS OF MASSACHUSETTS",{"$nulls":5},"KY","1517638","S","MINE #4","BELL","EVANS COAL CORP","013","BIT","21","1517638     S     MINE #4                                  BELL"]
[{"$nulls":3},"DIVERSIFIED ENERGY",{"$nulls":5},"KY","1517650","S","FORESTERS CREEK TIPPLE","HARLAN","FOX KNOB COAL COMPANY  INC","095","BIT","21","1517650     S     FORESTERS CREEK TIPPLE                                  HARLAN"]
[{"$nulls":3},"DIXIE FUEL",{"$nulls":5},"KY","1517651","U","MINE #1","PIKE","ROCKHOUSE ENERGY MINING","195","BIT","21","1517651     U     MINE #1                                  PIKE"]
[{"$nulls":3},"DMT",{"$nulls":5},"KY","1517655","S","BERNTHALER","BELL","BERNTHALER INC","013","BIT","21","1517655     S     BERNTHALER                                  BELL"]
[{"$nulls":3},"DODGE HILL",{"$nulls":5},"KY","1517659","S","THREE MILE MINE #1","PIKE","CAM MINING LLC","195","BIT","21","1517659     S     THREE MILE MINE #1                                  PIKE"]
[{"$nulls":3},"DOLET HILLS LIGNITE",{"$nulls":5},"KY","1517691","U","MINE #3","KNOX","ALDEN RESOURCES LLC","121","BIT","21","1517691     U     MINE #3                                  KNOX"]
[{"$nulls":3},"DOMINION",{"$nulls":5},"KY","1517697","P","#1 PLANT","KNOTT","JAMES RIVER COAL SERVICE COMPA","119","BIT","21","1517697     P     #1 PLANT                                  KNOTT"]
[{"$nulls":3},"DOMINION HOPE",{"$nulls":5},"KY","1517720","U","#2","LETCHER","TRC MINING CORP","133","BIT","21","1517720     U     #2                                  LETCHER"]
[{"$nulls":3},"DOMINION PEOPLES",{"$nulls":5},"KY","1517724","P","RAVEN PREP PLANT","KNOTT","ICG KNOTT COUNTY LLC","119","BIT","21","1517724     P     RAVEN PREP PLANT                                  KNOTT"]
[{"$nulls":3},"DOMINION PIPELINE",{"$nulls":5},"KY","1517733","S","PREPARATION PLANT","PIKE","MC MINING LLC","195","BIT","21","1517733     S     PREPARATION PLANT                                  PIKE"]
[{"$nulls":3},"DOMINION RETAIL",{"$nulls":5},"KY","1517741","U","PARADISE #9","MUHLENBERG","KENAMERICAN RESOURCES INC","177","BIT","21","1517741     U     PARADISE #9                                  MUHLENBERG"]
[{"$nulls":3},"DOMINION TRANSMISSION",{"$nulls":5},"KY","1517746","S","THUNDER RIDGE MINE","LESLIE","ICG HAZARD, LLC","131","BIT","21","1517746     S     THUNDER RIDGE MINE                                  LESLIE"]
[{"$nulls":3},"DOMINY OIL",{"$nulls":5},"KY","1517751","S","COUNTY LINE MINE","PERRY","ICG HAZARD, LLC","193","BIT","21","1517751     S     COUNTY LINE MINE                                  PERRY"]
[{"$nulls":3},"DON SMALL & SONS OIL DISTRIBUTION CO",{"$nulls":5},"KY","1517789","S","NO 3","PIKE","APEX ENERGY INC","195","BIT","21","1517789     S     NO 3                                  PIKE"]
[{"$nulls":3},"DOOLEY OIL",{"$nulls":5},"KY","1517792","S","#2","BELL","KINCAID ENTERPRISES INC","013","BIT","21",{"$f":"K453&\"     \"&L453&\"     \"&M453&\"                                  \"&N453","v":"1517792     S     #2                                  BELL"}]
[{"$nulls":3},"DOVER RESOURCES",{"$nulls":5},"KY","1517799","S","S-4 NETLEY BRANCH","PIKE","REVELATION ENERGY, LLC","195","BIT","21","1517799     S     S-4 NETLEY BRANCH                                  PIKE"]
[{"$nulls":3},"DOW",{"$nulls":5},"KY","1517820","S","WILEY MILLER IMPOUNDMENT/HOLLY","PERRY","LCC KENTUCKY LLC","193","BIT","21","1517820     S     WILEY MILLER IMPOUNDMENT/HOLLY                                  PERRY"]
[{"$nulls":3},"DPL ENERGY",{"$nulls":5},"KY","1517821","S","MILL BRANCH","HARLAN","NALLY & HAMILTON ENTERPRISES I","095","BIT","21","1517821     S     MILL BRANCH                                  HARLAN"]
[{"$nulls":3},"DRUMMOND",{"$nulls":5},"KY","1517828","P","PREP PLANT/WASHER","KNOTT","FRASURE CREEK MINING LLC","119","BIT","21","1517828     P     PREP PLANT/WASHER                                  KNOTT"]
[{"$nulls":3},"DRY FORK",{"$nulls":5},"KY","1517834","S","F-9 PRATER BRANCH","MAGOFFIN","FRASURE CREEK MINING LLC","153","BIT","21","1517834     S     F-9 PRATER BRANCH                                  MAGOFFIN"]
[{"$nulls":3},"DTA",{"$nulls":5},"KY","1517837","P","APEX NO 2","PIKE","APEX ENERGY INC","195","BIT","21","1517837     P     APEX NO 2                                  PIKE"]
[{"$nulls":3},"DTC",{"$nulls":5},"KY","1517871","S","GHM #40","BELL","GREEN HILL MINING INC","013","BIT","21","1517871     S     GHM #40                                  BELL"]
[{"$nulls":3},"DTE ENERGY",{"$nulls":5},"KY","1517880","P","BROOKSIDE LOADOUT","HARLAN","NALLY & HAMILTON ENTERPRISES,","095","BIT","21","1517880     P     BROOKSIDE LOADOUT                                  HARLAN"]
[{"$nulls":3},"DTE GAS RES",{"$nulls":5},"KY","1517894","U","E3RF","KNOTT","KENTUCKY FUEL CORPORATION","119","BIT","21","1517894     U     E3RF                                  KNOTT"]
[{"$nulls":3},"DUCK ISLAND",{"$nulls":5},"KY","1517898","U","MINE #1","PIKE","MCCOY FOUTS COAL COMPANY INCOR","195","BIT","21","1517898     U     MINE #1                                  PIKE"]
[{"$nulls":3},"DUGOUT",{"$nulls":5},"KY","1517901","P","M B BRITTAIN PREP PLANT","BELL","XINERGY CORP.","013","BIT","21","1517901     P     M B BRITTAIN PREP PLANT                                  BELL"]
[{"$nulls":3},"DUKE ENERGY",{"$nulls":5},"KY","1517903","U","MINE NO.17","HARLAN","K AND D MINING INC.","095","BIT","21","1517903     U     MINE NO.17                                  HARLAN"]
[{"$nulls":3},"DUKE ENERGY CAM",{"$nulls":5},"KY","1517917","U","NO 2","PIKE","BREM COAL CO LLC","195","BIT","21","1517917     U     NO 2                                  PIKE"]
[{"$nulls":3},"DUKE ENERGY OHIO",{"$nulls":5},"KY","1517920","S","APEX NO 1","PIKE","APEX ENERGY INC","195","BIT","21","1517920     S     APEX NO 1                                  PIKE"]
[{"$nulls":3},"DUKE ENERGY TRANSFER TERMINAL",{"$nulls":5},"KY","1517924","S","#1","FLOYD","BEE, B & B, LLC","071","BIT","21","1517924     S     #1                                  FLOYD"]
[{"$nulls":3},"DUNNINGSVILLE MINE",{"$nulls":5},"KY","1517925","U","CREECH #3","HARLAN","JERICOL MINING INC.","095","BIT","21","1517925     U     CREECH #3                                  HARLAN"]
[{"$nulls":3},"DUPONT (DOG)",{"$nulls":5},"KY","1517935","U","TRANSPORT MINE","PIKE","CLEAN ENERGY MINING CO.","195","BIT","21","1517935     U     TRANSPORT MINE                                  PIKE"]
[{"$nulls":3},"DUPONT (HYDROGEN)",{"$nulls":5},"KY","1517941","S","NO 2","PIKE","APEX ENERGY INC","195","BIT","21","1517941     S     NO 2                                  PIKE"]
[{"$nulls":3},"DUPONT (VOC)",{"$nulls":5},"KY","1517954","P","PREP PLANT #2","MARTIN","BEECH FORK PROCESSING INC","159","BIT","21","1517954     P     PREP PLANT #2                                  MARTIN"]
[{"$nulls":3},"DUTCH RUN MINE",{"$nulls":5},"KY","1517960","S","BLACKBERRY CREEK MINE","PIKE","ICG EAST KENTUCKY LLC","195","BIT","21","1517960     S     BLACKBERRY CREEK MINE                                  PIKE"]
[{"$nulls":3},"DYNAMIC ENERGY",{"$nulls":5},"KY","1517964","U","NO 4","PIKE","SASSY COAL CO., INC.","195","BIT","21","1517964     U     NO 4                                  PIKE"]
[{"$nulls":3},"DYNEGY",{"$nulls":5},"KY","1517965","S","S-6 LITTLE CREEK","LETCHER","REVELATION ENERGY LLC","133","BIT","21","1517965     S     S-6 LITTLE CREEK                                  LETCHER"]
[{"$nulls":3},"DYNEGY COAL TRANDING AND TRANSPORTATION",{"$nulls":5},"KY","1517971","P","DAYS CREEK STOCKPILE","HARLAN","LONE MOUNTAIN PROCESSING INC","095","BIT","21","1517971     P     DAYS CREEK STOCKPILE                                  HARLAN"]
[{"$nulls":3},"DYNEGY MARKETING & TRADE",{"$nulls":5},"KY","1517979","U","MINE NO. 8","PIKE","WOODMAN THREE MINE, INC.","195","BIT","21","1517979     U     MINE NO. 8                                  PIKE"]
[{"$nulls":3},"E P BENDER COAL",{"$nulls":5},"KY","1517982","U","NO 7","PIKE","WOODMAN THREE MINE COMPANY INC","195","BIT","21","1517982     U     NO 7                                  PIKE"]
[{"$nulls":3},"EAGLE BUTTE",{"$nulls":5},"KY","1517993","U","#7","LETCHER","CHEYENNE ELKHORN COAL CO INC","133","BIT","21","1517993     U     #7                                  LETCHER"]
[{"$nulls":3},"EAGLE ENERGY",{"$nulls":5},"KY","1518001","U","NO. 4","PIKE","SOMER GRACE COAL COMPANY LLC","195","BIT","21","1518001     U     NO. 4                                  PIKE"]
[{"$nulls":3},"EAGLE FUELS",{"$nulls":5},"KY","1518007","S","MILL CREEK","BELL","MILL CREEK MINING, INC.","013","BIT","21","1518007     S     MILL CREEK                                  BELL"]
[{"$nulls":3},"EAGLE RIVER COAL",{"$nulls":5},"KY","1518015","S","BENT MTN","PIKE","KENTUCKY FUEL CORPORATION","195","BIT","21","1518015     S     BENT MTN                                  PIKE"]
[{"$nulls":3},"EAST FAIRFIELD",{"$nulls":5},"KY","1518025","S","SCOTT'S BRANCH","PIKE","LCC KENTUCKY LLC","195","BIT","21","1518025     S     SCOTT'S BRANCH                                  PIKE"]
[{"$nulls":3},"EAST RIVER ENERGY",{"$nulls":5},"KY","1518029","S","NO 2","PIKE","C W AUGERING INC","195","BIT","21","1518029     S     NO 2                                  PIKE"]
[{"$nulls":3},"EAST TENNESSEE NATURAL GAS",{"$nulls":5},"KY","1518040","S","NO. 6","PIKE","APEX ENERGY INC","195","BIT","21","1518040     S     NO. 6                                  PIKE"]
[{"$nulls":3},"EASTERN",{"$nulls":5},"KY","1518048","S","ROWDY GAP MINE","PERRY","ICG HAZARD, LLC","193","BIT","21","1518048     S     ROWDY GAP MINE                                  PERRY"]
[{"$nulls":3},"EASTERN SHORE NATURAL GAS",{"$nulls":5},"KY","1518058","U","COAL CREEK","BELL","BELL COUNTY COAL CORPORATION","013","BIT","21","1518058     U     COAL CREEK                                  BELL"]
[{"$nulls":3},"EASTOVER OIL",{"$nulls":5},"KY","1518093","S","VFC - DARTY GAP","HARLAN","VIRGINIA FUEL CORPORATION","095","BIT","21","1518093     S     VFC - DARTY GAP                                  HARLAN"]
[{"$nulls":3},"ECI",{"$nulls":5},"KY","1518100","S","MARION BRANCH","PIKE","CAM MINING LLC","195","BIT","21","1518100     S     MARION BRANCH                                  PIKE"]
[{"$nulls":3},"ECORP ENERGY MARKETING LLC",{"$nulls":5},"KY","1518110","P","CAN DO PLANT","HOPKINS","DON BOWLES CORPORATION","107","BIT","21","1518110     P     CAN DO PLANT                                  HOPKINS"]
[{"$nulls":3},"EDF TRADING",{"$nulls":5},"KY","1518112","U","MINE # 2","PERRY","MOTIVATION ENTERPRISE INC.","193","BIT","21","1518112     U     MINE # 2                                  PERRY"]
[{"$nulls":3},"EDNA RUTH",{"$nulls":5},"KY","1518134","S","HALLS CREEK MINE","MUHLENBERG","OXFORD MINING COMPANY-KENTUCKY","177","BIT","21","1518134     S     HALLS CREEK MINE                                  MUHLENBERG"]
[{"$nulls":3},"EDWARDS ETHERTON",{"$nulls":5},"KY","1518145","S","CM&E #3","HARLAN","CLOVERFORK MINING & EXCAVATING","095","BIT","21","1518145     S     CM&E #3                                  HARLAN"]
[{"$nulls":3},"EDWARDS OIL",{"$nulls":5},"KY","1518161","U","NO 2","LETCHER","PANZER COAL INC","133","BIT","21","1518161     U     NO 2                                  LETCHER"]
[{"$nulls":3},"EES COKE BATTERY",{"$nulls":5},"KY","1518172","U","KHP MINING INC. # 3","JOHNSON","KHP MINING INC.","115","BIT","21","1518172     U     KHP MINING INC. # 3                                  JOHNSON"]
[{"$nulls":3},"EFFINGHAM EQUITY",{"$nulls":5},"KY","1518177","U","RESOURCE ENERGY","PIKE","ROAD FORK DEVELOPMENT","195","BIT","21","1518177     U     RESOURCE ENERGY                                  PIKE"]
[{"$nulls":3},"EL PASO ENERGY",{"$nulls":5},"KY","1518181","S","VICCO MINE","PERRY","ICG HAZARD, LLC","193","BIT","21","1518181     S     VICCO MINE                                  PERRY"]
[{"$nulls":3},"EL PASO MERCHANT ENERGY",{"$nulls":5},"KY","1518182","U","D & C MINING  CORP,","HARLAN","D & C MINING CORPORATION","095","BIT","21","1518182     U     D & C MINING  CORP,                                  HARLAN"]
[{"$nulls":3},"EL PASO NATURAL GAS",{"$nulls":5},"KY","1518190","S","LAUREL COUNTY AUGERS","LAUREL","GOLDENS CREEK ENTERPRISES INC","125","BIT","21","1518190     S     LAUREL COUNTY AUGERS                                  LAUREL"]
[{"$nulls":3},"ELEMENT MARKETS",{"$nulls":5},"KY","1518191","S","JOHNSON BRANCH #2","LETCHER","NALLY & HAMILTON ENTERPRISES I","133","BIT","21","1518191     S     JOHNSON BRANCH #2                                  LETCHER"]
[{"$nulls":3},"ELK CREEK",{"$nulls":5},"KY","1518196","U","HIGHSPLINT","HARLAN","PARTON BROS. CONTRACTING INC.","095","BIT","21","1518196     U     HIGHSPLINT                                  HARLAN"]
[{"$nulls":3},"ELK MOUNTAIN",{"$nulls":5},"KY","1518197","U","MINE #1","HARLAN","CAVE SPUR COAL LLC","095","BIT","21","1518197     U     MINE #1                                  HARLAN"]
[{"$nulls":3},"ELK RIVER COAL",{"$nulls":5},"KY","1518198","U","MINE NO. 1","HARLAN","PANTHER MINING LLC","095","BIT","21","1518198     U     MINE NO. 1                                  HARLAN"]
[{"$nulls":3},"ELK RUN",{"$nulls":5},"KY","1518201","S","COTTON COAL #2 MINE","LETCHER","COTTON COAL CO INC","133","BIT","21","1518201     S     COTTON COAL #2 MINE                                  LETCHER"]
[{"$nulls":3},"ELM STREET",{"$nulls":5},"KY","1518221","S","LONDON MOTOR PLEX","KNOX","LONDON MOTOR PLEX INC","121","BIT","21","1518221     S     LONDON MOTOR PLEX                                  KNOX"]
[{"$nulls":3},"EMBRIDGE",{"$nulls":5},"KY","1518233","U","# 9","LETCHER","VIPER COAL LLC","133","BIT","21","1518233     U     # 9                                  LETCHER"]
[{"$nulls":3},"EMERA ENERGY SERVICES",{"$nulls":5},"KY","1518234","P","GRAND RIVER TERMINAL","LIVINGSTON","KINDER MORGAN OPERATING LP","139","BIT","21","1518234     P     GRAND RIVER TERMINAL                                  LIVINGSTON"]
[{"$nulls":3},"EMERALD",{"$nulls":5},"KY","1518241","U","MINE #1","HARLAN","CLOVERLICK COAL COMPANY LLC","095","BIT","21","1518241     U     MINE #1                                  HARLAN"]
[{"$nulls":3},"EMERALD COAL RESOURCES",{"$nulls":5},"KY","1518250","U","MINE #16","PIKE","MCCOY ELKHORN COAL CORP","195","BIT","21","1518250     U     MINE #16                                  PIKE"]
[{"$nulls":3},"EMERALD INTERNATIONAL CORP",{"$nulls":5},"KY","1518257","S","#1 STRIP MINE","BELL","JAMIESON CONSTRUCTION COMPANY","013","BIT","21","1518257     S     #1 STRIP MINE                                  BELL"]
[{"$nulls":3},"EMERALD MINE",{"$nulls":5},"KY","1518264","U","MINE #1","HARLAN","CAWOOD ENTERPRISES LLC","095","BIT","21","1518264     U     MINE #1                                  HARLAN"]
[{"$nulls":3},"EMERALD RESOURCES",{"$nulls":5},"KY","1518277","U","K-3","HARLAN","HARLAN CUMBERLAND COAL COMPANY","095","BIT","21","1518277     U     K-3                                  HARLAN"]
[{"$nulls":3},"EMERALD/LANHAM",{"$nulls":5},"KY","1518280","S","R-1 HUNTS BR.","PIKE","REVELATION ENERGY LLC","195","BIT","21","1518280     S     R-1 HUNTS BR.                                  PIKE"]
[{"$nulls":3},"EMLYN COAL PROCESSING",{"$nulls":5},"KY","1518292","S","WALLINS STRIP","HARLAN","DIXIE FUEL COMPANY, LLC","095","BIT","21","1518292     S     WALLINS STRIP                                  HARLAN"]
[{"$nulls":3},"EMPIRE ENERGY",{"$nulls":5},"KY","1518316","U","WHITE STAR #1","PIKE","WHITE STAR MINING","195","BIT","21","1518316     U     WHITE STAR #1                                  PIKE"]
[{"$nulls":3},"ENBRIDGE",{"$nulls":5},"KY","1518317","S","MINE #8","KNOTT","CARBON RIVER COAL CORP","119","BIT","21","1518317     S     MINE #8                                  KNOTT"]
[{"$nulls":3},"ENBRIDGE MARKETING",{"$nulls":5},"KY","1518323","S","DOTY CREEK","LETCHER","NALLY & HAMILTON ENTERPRISES I","133","BIT","21",{"$f":"K517&\"     \"&L517&\"     \"&M517&\"                                  \"&N517","v":"1518323     S     DOTY CREEK                                  LETCHER"}]
[{"$nulls":3},"ENCANA",{"$nulls":5},"KY","1518326","S","NO 4","MARTIN","MAYO RESOURCES INC","159","BIT","21","1518326     S     NO 4                                  MARTIN"]
[{"$nulls":3},"ENCANA MARKETING USA",{"$nulls":5},"KY","1518331","P","COALGOOD CRUSHER/LOADOUT","HARLAN","COALGOOD ENERGY CO","095","BIT","21","1518331     P     COALGOOD CRUSHER/LOADOUT                                  HARLAN"]
[{"$nulls":3},"ENDURANCE",{"$nulls":5},"KY","1518335","U","DODGE HILL MINE #1","UNION","DODGE HILL MINING COMPANY LLC","225","BIT","21","1518335     U     DODGE HILL MINE #1                                  UNION"]
[{"$nulls":3},"ENERFIN",{"$nulls":5},"KY","1518340","U","MINE NO 4","LETCHER","NORTH FORK COAL CORPORATION","133","BIT","21","1518340     U     MINE NO 4                                  LETCHER"]
[{"$nulls":3},"ENERGETIX",{"$nulls":5},"KY","1518353","S","FRASURE CREEK MINING LLC F-2","FLOYD","FRASURE CREEK MINING LLC","071","BIT","21","1518353     S     FRASURE CREEK MINING LLC F-2                                  FLOYD"]
[{"$nulls":3},"ENERGY AMERICA",{"$nulls":5},"KY","1518363","S","BEVINS BRANCH SURFACE MINE","PIKE","KENTUCKY FUEL CORPORATION","195","BIT","21","1518363     S     BEVINS BRANCH SURFACE MINE                                  PIKE"]
[{"$nulls":3},"ENERGY AUTHORITY",{"$nulls":5},"KY","1518365","S","LIGGETT #1","HARLAN","DATAEM INDUSTRIES","095","BIT","21","1518365     S     LIGGETT #1                                  HARLAN"]
[{"$nulls":3},"ENERGY COAL",{"$nulls":5},"KY","1518368","U","MINE #23","PIKE","CAM MINING LLC","195","BIT","21","1518368     U     MINE #23                                  PIKE"]
[{"$nulls":3},"ENERGY EXPRESS",{"$nulls":5},"KY","1518369","U","INSPIRATION RESOURCES INC #3","PIKE","INSPIRATION RESOURCES INC","195","BIT","21","1518369     U     INSPIRATION RESOURCES INC #3                                  PIKE"]
[{"$nulls":3},"ENERGY KOCH",{"$nulls":5},"KY","1518376","U","BEECHFORK MINE","LESLIE","BLEDSOE COAL CORP","131","BIT","21","1518376     U     BEECHFORK MINE                                  LESLIE"]
[{"$nulls":3},"ENERGY LINK",{"$nulls":5},"KY","1518378","S","PEGS BRANCH SURFACE MINE","PIKE","SIDNEY COAL COMPANY INC","195","BIT","21","1518378     S     PEGS BRANCH SURFACE MINE                                  PIKE"]
[{"$nulls":3},"ENERGY ONE",{"$nulls":5},"KY","1518380","S","HALFWAY BRANCH SURFACE MINE","PIKE","SIDNEY COAL COMPANY, INC","195","BIT","21","1518380     S     HALFWAY BRANCH SURFACE MINE                                  PIKE"]
[{"$nulls":3},"ENERGY PETROLEUM",{"$nulls":5},"KY","1518381","U","TAYLOR FORK ENERGY","PIKE","SIDNEY COAL COMPANY INC","195","BIT","21","1518381     U     TAYLOR FORK ENERGY                                  PIKE"]
[{"$nulls":3},"ENERGY RESOURCES",{"$nulls":5},"KY","1518384","S","#5","MARTIN","MAYO RESOURCES INC","159","BIT","21","1518384     S     #5                                  MARTIN"]
[{"$nulls":3},"ENERGYCO MARKETING AND TRADE",{"$nulls":5},"KY","1518390","U","JOHNS CREEK ENERGY","PIKE","SIDNEY COAL COMPANY, INC","195","BIT","21","1518390     U     JOHNS CREEK ENERGY                                  PIKE"]
[{"$nulls":3},"ENERGYMARK LLC",{"$nulls":5},"KY","1518393","U","CLEAN ENERGY MINE","KNOTT","ICG KNOTT COUNTY LLC","119","BIT","21","1518393     U     CLEAN ENERGY MINE                                  KNOTT"]
[{"$nulls":3},"ENERGYUSA - TPC",{"$nulls":5},"KY","1518396","S","MINE #1","BELL","EVANS COAL CORP","013","BIT","21","1518396     S     MINE #1                                  BELL"]
[{"$nulls":3},"ENERSYSTEMS",{"$nulls":5},"KY","1518401","S","NO. 2","LETCHER","T & J COAL BROKERS INC","133","BIT","21","1518401     S     NO. 2                                  LETCHER"]
[{"$nulls":3},"ENI",{"$nulls":5},"KY","1518406","S","J & L DRILLING MINE #1","CLAY","J & L DRILLING INC","051","BIT","21","1518406     S     J & L DRILLING MINE #1                                  CLAY"]
[{"$nulls":3},"ENJET",{"$nulls":5},"KY","1518418","S","JOE'S RUN","DAVIESS","WESTERN KENTUCKY MINERALS, INC","059","BIT","21","1518418     S     JOE'S RUN                                  DAVIESS"]
[{"$nulls":3},"ENOGEX",{"$nulls":5},"KY","1518419","U","MINE # 1","PERRY","MOTIVATION ENTERPRISE INC.","193","BIT","21","1518419     U     MINE # 1                                  PERRY"]
[{"$nulls":3},"ENSERCO",{"$nulls":5},"KY","1518423","S","RIGHT FORK SPLINT","HARLAN","COALGOOD ENERGY CO","095","BIT","21","1518423     S     RIGHT FORK SPLINT                                  HARLAN"]
[{"$nulls":3},"ENTERGY",{"$nulls":5},"KY","1518426","U","MINE #5","KNOX","ALDEN RESOURCES LLC","121","BIT","21","1518426     U     MINE #5                                  KNOX"]
[{"$nulls":3},"ENTERGY KOCH",{"$nulls":5},"KY","1518436","U","S. A. M. #10","PIKE","SOUTH AKERS MINING, LLC","195","BIT","21","1518436     U     S. A. M. #10                                  PIKE"]
[{"$nulls":3},"ENTERPRISE",{"$nulls":5},"KY","1518438","S","HYD NO 5","LESLIE","ISLAND FORK CONSTRUCTION LTD","131","BIT","21","1518438     S     HYD NO 5                                  LESLIE"]
[{"$nulls":3},"ENTERPRISE TEXAS PIPELINE",{"$nulls":5},"KY","1518442","S","AUGER MINE NO 28","KNOTT","B & H COAL CO INC","119","BIT","21","1518442     S     AUGER MINE NO 28                                  KNOTT"]
[{"$nulls":3},"ENVIRONMENTAL DEVELOPMENT GROUP ",{"$nulls":5},"KY","1518452","U","WHITE CABIN #7","MARTIN","MARTIN COUNTY COAL","159","BIT","21","1518452     U     WHITE CABIN #7                                  MARTIN"]
[{"$nulls":3},"EOG RESOURCES",{"$nulls":5},"KY","1518454","S","AUGER MINE NO 29","PERRY","B & H COAL CO INC","193","BIT","21","1518454     S     AUGER MINE NO 29                                  PERRY"]
[{"$nulls":3},"EPI",{"$nulls":5},"KY","1518461","S","NO 3 MINE","PIKE","BERKELEY ENERGY CORPORATION","195","BIT","21","1518461     S     NO 3 MINE                                  PIKE"]
[{"$nulls":3},"EQT",{"$nulls":5},"KY","1518466","U","F-M #4","WHITLEY","F-M COAL CORP","235","BIT","21","1518466     U     F-M #4                                  WHITLEY"]
[{"$nulls":3},"EQUILON",{"$nulls":5},"KY","1518469","U","UZ","LETCHER","SAPPHIRE COAL COMPANY","133","BIT","21","1518469     U     UZ                                  LETCHER"]
[{"$nulls":3},"EQUISTAR",{"$nulls":5},"KY","1518472","U","DM-2","FLOYD","FRASURE CREEK MINING CO. L. L.","071","BIT","21","1518472     U     DM-2                                  FLOYD"]
[{"$nulls":3},"EQUITABLE",{"$nulls":5},"KY","1518481","S","RAVEN ENERGY","LETCHER","RED BUSH COAL, LLC","133","BIT","21","1518481     S     RAVEN ENERGY                                  LETCHER"]
[{"$nulls":3},"ERM",{"$nulls":5},"KY","1518487","S","NO. 1","JOHNSON","CSS ALLIANCE GROUP LLC","115","BIT","21","1518487     S     NO. 1                                  JOHNSON"]
[{"$nulls":3},"ESERVICES, LLC",{"$nulls":5},"KY","1518488","U","K-5","HARLAN","REX COAL COMPANY INC","095","BIT","21","1518488     U     K-5                                  HARLAN"]
[{"$nulls":3},"ET FUEL",{"$nulls":5},"KY","1518502","S","AUGER MINE NO 33","LETCHER","B & H COAL CO INC","133","BIT","21","1518502     S     AUGER MINE NO 33                                  LETCHER"]
[{"$nulls":3},"ETC",{"$nulls":5},"KY","1518504","S","S-3 CANDLE RIDGE","PERRY","REVELATION ENERGY, LLC","193","BIT","21","1518504     S     S-3 CANDLE RIDGE                                  PERRY"]
[{"$nulls":3},"ETR MINES",{"$nulls":5},"KY","1518507","U","MINE #8","KNOTT","ENTERPRISE MINING COMPANY LLC","119","BIT","21","1518507     U     MINE #8                                  KNOTT"]
[{"$nulls":3},"EVANGELINE GAS PIPELINE",{"$nulls":5},"KY","1518514","S","COTTON COAL CO., INC., #1","LETCHER","COTTON COAL CO INC","133","BIT","21","1518514     S     COTTON COAL CO., INC., #1                                  LETCHER"]
[{"$nulls":3},"EVANS OIL",{"$nulls":5},"KY","1518516","U","NO 1","HARLAN","LINSCO ENERGY LLC","095","BIT","21","1518516     U     NO 1                                  HARLAN"]
[{"$nulls":3},"EVERGREEN",{"$nulls":5},"KY","1518517","S","NO 4","PIKE","APEX ENERGY INC","195","BIT","21","1518517     S     NO 4                                  PIKE"]
[{"$nulls":3},"EXELON",{"$nulls":5},"KY","1518519","S","CARR CREEK #1","KNOTT","HALCO SERVICES LLC","119","BIT","21","1518519     S     CARR CREEK #1                                  KNOTT"]
[{"$nulls":3},"EXPORT COMMODITIES",{"$nulls":5},"KY","1518520","S","SHEEP FORK SURFACE MINE","PIKE","MOUNTAIN RECLAMATION & CONSTRU","195","BIT","21","1518520     S     SHEEP FORK SURFACE MINE                                  PIKE"]
[{"$nulls":3},"EXXON",{"$nulls":5},"KY","1518522","U","CLASSIC MINE","KNOTT","ICG KNOTT COUNTY LLC","119","BIT","21","1518522     U     CLASSIC MINE                                  KNOTT"]
[{"$nulls":3},"EXXONMOBIL",{"$nulls":5},"KY","1518524","S","TURKEY PEN REFUSE","PIKE","CLINTWOOD ELKHORN MINING","195","BIT","21","1518524     S     TURKEY PEN REFUSE                                  PIKE"]
[{"$nulls":3},"FAISER OIL",{"$nulls":5},"KY","1518525","S","KENTUCKY RIVER SURFACE MINE","BREATHITT","KENTUCKY FUEL CORPORATION","025","BIT","21","1518525     S     KENTUCKY RIVER SURFACE MINE                                  BREATHITT"]
[{"$nulls":3},"FALKIRK",{"$nulls":5},"KY","1518526","S","JAKE'S BRANCH JOB","PERRY","PINE BRANCH COAL SALES, INC.","193","BIT","21","1518526     S     JAKE'S BRANCH JOB                                  PERRY"]
[{"$nulls":3},"FANCHER MINE",{"$nulls":5},"KY","1518531","S","STRATTON BRANCH","PIKE","M & D PIPELINE, INC.","195","BIT","21","1518531     S     STRATTON BRANCH                                  PIKE"]
[{"$nulls":3},"FANCO",{"$nulls":5},"KY","1518538","S","AUGER MINE NO 34","FLOYD","B & H COAL CO INC","071","BIT","21","1518538     S     AUGER MINE NO 34                                  FLOYD"]
[{"$nulls":3},"FARM & HOME",{"$nulls":5},"KY","1518542","S","RIVERVIEW TERMINAL","BOYD","RIVERVIEW TERMINAL COMPANY","019","BIT","21","1518542     S     RIVERVIEW TERMINAL                                  BOYD"]
[{"$nulls":3},"FARMINGTON FINES",{"$nulls":5},"KY","1518547","U","ONTON #9 MINE","WEBSTER","ADVENT MINING LLC","233","BIT","21","1518547     U     ONTON #9 MINE                                  WEBSTER"]
[{"$nulls":3},"FARSTAD",{"$nulls":5},"KY","1518552","U","BIG RUN MINE","OHIO","ARMSTRONG COAL COMPANY INC","183","BIT","21","1518552     U     BIG RUN MINE                                  OHIO"]
[{"$nulls":3},"FAUSER ENERGY",{"$nulls":5},"KY","1518559","S","NO. 1","LETCHER","INTERSTATE RECOVERY, INC.","133","BIT","21","1518559     S     NO. 1                                  LETCHER"]
[{"$nulls":3},"FAYETTE COAL & COKE",{"$nulls":5},"KY","1518565","U","E4-1","PERRY","PERRY COUNTY COAL CORPORATION","193","BIT","21","1518565     U     E4-1                                  PERRY"]
[{"$nulls":3},"FB ENERGY CANADA",{"$nulls":5},"KY","1518566","S","AUGER MINE NO 35","LETCHER","B & H COAL CO INC","133","BIT","21","1518566     S     AUGER MINE NO 35                                  LETCHER"]
[{"$nulls":3},"FCC ENVIRONMENTAL",{"$nulls":5},"KY","1518569","U","DEANE #1","LETCHER","DEANE MINING LLC","133","BIT","21","1518569     U     DEANE #1                                  LETCHER"]
[{"$nulls":3},"FEDERAL",{"$nulls":5},"KY","1518570","S","BEVINS BRANCH #1","PIKE","CAM MINING LLC","195","BIT","21","1518570     S     BEVINS BRANCH #1                                  PIKE"]
[{"$nulls":3},"FERRARO",{"$nulls":5},"KY","1518574","S","RAVEN #1","FLOYD","THE RAVEN COMPANY, INC.","071","BIT","21","1518574     S     RAVEN #1                                  FLOYD"]
[{"$nulls":3},"FERRELL GAS",{"$nulls":5},"KY","1518575","U","NO. 1","MARTIN","MATRIX ENERGY LLC","159","BIT","21","1518575     U     NO. 1                                  MARTIN"]
[{"$nulls":3},"FGT",{"$nulls":5},"KY","1518580","S","LE 14","PIKE","LABCO LLC","195","BIT","21","1518580     S     LE 14                                  PIKE"]
[{"$nulls":3},"FGU",{"$nulls":5},"KY","1518589","U","JONES FORK E-3","KNOTT","KENTUCKY FUEL CORPORATION","119","BIT","21","1518589     U     JONES FORK E-3                                  KNOTT"]
[{"$nulls":3},"FIDELITY",{"$nulls":5},"KY","1518595","U","RED BIRD COAL #1","KNOTT","RED BIRD COAL LLC","119","BIT","21","1518595     U     RED BIRD COAL #1                                  KNOTT"]
[{"$nulls":3},"FINA",{"$nulls":5},"KY","1518600","S","RISNER BRANCH #1","BREATHITT","JAMES RIVER COAL SERVICE COMPA","025","BIT","21","1518600     S     RISNER BRANCH #1                                  BREATHITT"]
[{"$nulls":3},"FIRST ENERGY",{"$nulls":5},"KY","1518604","S","F-3 BEAR FORK","PIKE","FRASURE CREEK MINING LLC","195","BIT","21",{"$f":"K581&\"     \"&L581&\"     \"&M581&\"                                  \"&N581","v":"1518604     S     F-3 BEAR FORK                                  PIKE"}]
[{"$nulls":3},"FISCHER OIL CO",{"$nulls":5},"KY","1518608","S","W-1 AUGER","CARLISLE","WCA COAL AUGERING INC","039","BIT","21","1518608     S     W-1 AUGER                                  CARLISLE"]
[{"$nulls":3},"FISHER",{"$nulls":5},"KY","1518613","S","TIP TOP MINE","PERRY","ICG HAZARD, LLC","193","BIT","21","1518613     S     TIP TOP MINE                                  PERRY"]
[{"$nulls":3},"FLEETWING",{"$nulls":5},"KY","1518623","S","FLINT RIDGE MINE","BREATHITT","ICG HAZARD, LLC","025","BIT","21","1518623     S     FLINT RIDGE MINE                                  BREATHITT"]
[{"$nulls":3},"FLINT HILLS",{"$nulls":5},"KY","1518626","U","MINE NO. 2","PIKE","HUBBLE MINING COMPANY, LLC","195","BIT","21","1518626     U     MINE NO. 2                                  PIKE"]
[{"$nulls":3},"FLINT HILLS RESOURCES",{"$nulls":5},"KY","1518629","U","ELKHORN NO 3","KNOTT","MARSH COAL CO. LLC","119","BIT","21","1518629     U     ELKHORN NO 3                                  KNOTT"]
[{"$nulls":3},"FLORIDA GAS",{"$nulls":5},"KY","1518639","S","CALVERT CITY TERMINAL LLC","MARSHALL","SCH TERMINAL CO., INC.","157","BIT","21","1518639     S     CALVERT CITY TERMINAL LLC                                  MARSHALL"]
[{"$nulls":3},"FLORIDA GAS TRANSMISSION",{"$nulls":5},"KY","1518643","S","HIGHSPLINT STRIP","HARLAN","DIXIE FUEL COMPANY LLC","095","BIT","21","1518643     S     HIGHSPLINT STRIP                                  HARLAN"]
[{"$nulls":3},"FLORIDA GAS UTILITY",{"$nulls":5},"KY","1518644","S","AUGER MINE NO 36","PERRY","B & H COAL CO INC","193","BIT","21","1518644     S     AUGER MINE NO 36                                  PERRY"]
[{"$nulls":3},"FLORIDA PETROLEUM",{"$nulls":5},"KY","1518647","U","CLOVER FORK NO 1","HARLAN","LONE MOUNTAIN PROCESSING INC","095","BIT","21","1518647     U     CLOVER FORK NO 1                                  HARLAN"]
[{"$nulls":3},"FLORIDA POWER & LIGHT",{"$nulls":5},"KY","1518653","S","# 1","HARLAN","C & C MINING INC","095","BIT","21","1518653     S     # 1                                  HARLAN"]
[{"$nulls":3},"FLYERS ENERGY",{"$nulls":5},"KY","1518659","U","#3","KNOTT","LA ENERGY LLC","119","BIT","21","1518659     U     #3                                  KNOTT"]
[{"$nulls":3},"FOERTSCH CONSTRUCTION COMPANY",{"$nulls":5},"KY","1518661","S","T&W #1","JOHNSON","ALHAMBRY INVESTMENTS LLC","115","BIT","21","1518661     S     T&W #1                                  JOHNSON"]
[{"$nulls":3},"FOLA",{"$nulls":5},"KY","1518662","U","E3-1","PERRY","PERRY COUNTY COAL CORPORATION","193","BIT","21","1518662     U     E3-1                                  PERRY"]
[{"$nulls":3},"FOLK OIL COMPANY",{"$nulls":5},"KY","1518671","S","TOWN CREEK MINE","LAWRENCE","VULCAN HIGHWALL MINING, LLC","127","BIT","21","1518671     S     TOWN CREEK MINE                                  LAWRENCE"]
[{"$nulls":3},"FORCEY COAL",{"$nulls":5},"KY","1518687","S","LIGGETT #1","HARLAN","LIGGETT MINING LLC","095","BIT","21","1518687     S     LIGGETT #1                                  HARLAN"]
[{"$nulls":3},"FORELAND REFINERY",{"$nulls":5},"KY","1518691","S","NO 41 AUGER S/N 41","LAWRENCE","K-JAC ENERGY INC","127","BIT","21","1518691     S     NO 41 AUGER S/N 41                                  LAWRENCE"]
[{"$nulls":3},"FORESIGHT COAL SALES",{"$nulls":5},"KY","1518698","S","N.A.A.M. NO 10","HARLAN","NORTH AMERICAN AUGER MINING IN","095","BIT","21","1518698     S     N.A.A.M. NO 10                                  HARLAN"]
[{"$nulls":3},"FORK CREEK",{"$nulls":5},"KY","1518699","U","RED BIRD COAL #2","KNOTT","RED BIRD COAL LLC","119","BIT","21","1518699     U     RED BIRD COAL #2                                  KNOTT"]
[{"$nulls":3},"FORMOSA CHLOR-ALKALI",{"$nulls":5},"KY","1518700","S","AUGER MINE NO 37","KNOTT","B & H COAL CO INC","119","BIT","21","1518700     S     AUGER MINE NO 37                                  KNOTT"]
[{"$nulls":3},"FORMOSA HYDROCARBONS",{"$nulls":5},"KY","1518701","S","JOHNSON-FLOYD COAL COMPANY LLC","JOHNSON","JOHNSON-FLOYD COAL COMPANY LLC","115","BIT","21","1518701     S     JOHNSON-FLOYD COAL COMPANY LLC                                  JOHNSON"]
[{"$nulls":3},"FORMOSA HYDROCARBONS COMPANY",{"$nulls":5},"KY","1518705","U","BAND MILL 2","LETCHER","CUMBERLAND RIVER COAL COMPANY","133","BIT","21","1518705     U     BAND MILL 2                                  LETCHER"]
[{"$nulls":3},"FORMOSA OLEFINS",{"$nulls":5},"KY","1518710","U","RAVEN MINE #2","KNOTT","ICG KNOTT COUNTY LLC","119","BIT","21","1518710     U     RAVEN MINE #2                                  KNOTT"]
[{"$nulls":3},"FORTIS ENERGY",{"$nulls":5},"KY","1518711","U","# 1","KNOTT","ABUNDANCE COAL INC","119","BIT","21","1518711     U     # 1                                  KNOTT"]
[{"$nulls":3},"FOUNDATION COAL",{"$nulls":5},"KY","1518713","S","NO 009","PIKE","C W AUGERING INC","195","BIT","21","1518713     S     NO 009                                  PIKE"]
[{"$nulls":3},"FOUNDATION ENERGY",{"$nulls":5},"KY","1518721","U","MINE #23","PIKE","MCCOY ELKHORN COAL CORP.","195","BIT","21","1518721     U     MINE #23                                  PIKE"]
[{"$nulls":3},"FOX COAL CO",{"$nulls":5},"KY","1518725","U","RB #11","HARLAN","MANALAPAN MINING CO INC","095","BIT","21","1518725     U     RB #11                                  HARLAN"]
[{"$nulls":3},"FPL ENERGY",{"$nulls":5},"KY","1518728","S","MINE NO 2","MUHLENBERG","OXFORD MINING COMPANY","177","BIT","21","1518728     S     MINE NO 2                                  MUHLENBERG"]
[{"$nulls":3},"FRANCISCO",{"$nulls":5},"KY","1518730","S","M-102","FLOYD","CONTRACT HIGHWALL MINING LLC","071","BIT","21","1518730     S     M-102                                  FLOYD"]
[{"$nulls":3},"FRANKLIN COUNTY",{"$nulls":5},"KY","1518732","U","MINE NO 5","LETCHER","NORTH FORK COAL CORPORATION","133","BIT","21","1518732     U     MINE NO 5                                  LETCHER"]
[{"$nulls":3},"FRANKTHOMP",{"$nulls":5},"KY","1518734","U","MINE #1","HARLAN","POWELL MOUNTAIN ENERGY LLC","095","BIT","21","1518734     U     MINE #1                                  HARLAN"]
[{"$nulls":3},"FRAZIER OIL CO",{"$nulls":5},"KY","1518737","S","NO 29","HARLAN","BOLLING EXCAVATING LLC","095","BIT","21","1518737     S     NO 29                                  HARLAN"]
[{"$nulls":3},"FREED MINE",{"$nulls":5},"KY","1518738","S","BUCKEYE STRIP #1","PERRY","JAMES RIVER COAL SERVICE COMPA","193","BIT","21","1518738     S     BUCKEYE STRIP #1                                  PERRY"]
[{"$nulls":3},"FREEDOM MINE",{"$nulls":5},"KY","1518741","S","NO. 5","PIKE","APEX ENERGY, INC.","195","BIT","21","1518741     S     NO. 5                                  PIKE"]
[{"$nulls":3},"FREELANDVILLE",{"$nulls":5},"KY","1518747","U","KC #1","KNOTT","MCCOY ELKHORN COAL CORP.","119","BIT","21","1518747     U     KC #1                                  KNOTT"]
[{"$nulls":3},"FRENCHMAN VALLEY COOP",{"$nulls":5},"KY","1518758","S","#2-C MINE","HARLAN","MARION ENERGY LLC","095","BIT","21","1518758     S     #2-C MINE                                  HARLAN"]
[{"$nulls":3},"FRETTE ENERGY",{"$nulls":5},"KY","1518763","U","SIMPSON BR","FLOYD","PIKE-FLOYD MINING, INC.","071","BIT","21","1518763     U     SIMPSON BR                                  FLOYD"]
[{"$nulls":3},"FRIENDSVILLE",{"$nulls":5},"KY","1518765","S","SHM-01","PIKE","BLACK FUEL ENERGY LLC","195","BIT","21","1518765     S     SHM-01                                  PIKE"]
[{"$nulls":3},"FUEL MASTERS LLC",{"$nulls":5},"KY","1518769","S","BLUE RIDGE SURFACE MINE","PERRY","CUMBERLAND RIVER COAL COMPANY","193","BIT","21","1518769     S     BLUE RIDGE SURFACE MINE                                  PERRY"]
[{"$nulls":3},"FUEL OILS",{"$nulls":5},"KY","1518771","U","RB #12","HARLAN","MANALAPAN MINING CO., INC.","095","BIT","21","1518771     U     RB #12                                  HARLAN"]
[{"$nulls":3},"FUSER OIL",{"$nulls":5},"KY","1518775","U","MINE #15","PIKE","MCCOY ELKHORN COAL CORP.","195","BIT","21","1518775     U     MINE #15                                  PIKE"]
[{"$nulls":3},"FUTURE INDUSTRIES INC",{"$nulls":5},"KY","1518777","S","HAZARD JOB #6","PERRY","B & W RESOURCES INC","193","BIT","21","1518777     S     HAZARD JOB #6                                  PERRY"]
[{"$nulls":3},"G P RESOURCES",{"$nulls":5},"KY","1518781","S","CHAVIES JOB #7","PERRY","B & W RESOURCES INC","193","BIT","21","1518781     S     CHAVIES JOB #7                                  PERRY"]
[{"$nulls":3},"G&S COAL",{"$nulls":5},"KY","1518782","U","SANDLICK II","LETCHER","SAPPHIRE COAL COMPANY","133","BIT","21","1518782     U     SANDLICK II                                  LETCHER"]
[{"$nulls":3},"GA TANK LINES",{"$nulls":5},"KY","1518784","S","JOB #45","PIKE","PREMIER ELKHORN COAL COMPANY","195","BIT","21","1518784     S     JOB #45                                  PIKE"]
[{"$nulls":3},"GALATIA",{"$nulls":5},"KY","1518785","S","MINE #1","JOHNSON","KC COALS INC","115","BIT","21","1518785     S     MINE #1                                  JOHNSON"]
[{"$nulls":3},"GALE SIZEMORE",{"$nulls":5},"KY","1518792","U","#1","FLOYD","COAL CREEK MINING, LLC","071","BIT","21","1518792     U     #1                                  FLOYD"]
[{"$nulls":3},"GALLATIN",{"$nulls":5},"KY","1518793","U","#3","KNOTT","ABUNDANCE COAL INC.","119","BIT","21","1518793     U     #3                                  KNOTT"]
[{"$nulls":3},"GARROW OIL & PROPANE",{"$nulls":5},"KY","1518795","S","#1","FLOYD","HEARTLAND ESTATE #1","071","BIT","21","1518795     S     #1                                  FLOYD"]
[{"$nulls":3},"GARY WILLIAMS ENERGY",{"$nulls":5},"KY","1518796","S","010 SALEM 1500 B","KNOX","JEAN COAL COMPANY LLC","121","BIT","21","1518796     S     010 SALEM 1500 B                                  KNOX"]
[{"$nulls":3},"GAS COMPANY OF NEW MEXICO",{"$nulls":5},"KY","1518803","S","NO. 1","KNOX","GIRDNER TRUCKING & MINE SUPPLY","121","BIT","21","1518803     S     NO. 1                                  KNOX"]
[{"$nulls":3},"GASEARCH",{"$nulls":5},"KY","1518809","S","#6","PIKE","PIA COMPANY INC","195","BIT","21","1518809     S     #6                                  PIKE"]
[{"$nulls":3},"GATE FUEL SERVICE",{"$nulls":5},"KY","1518814","U","SIMPSON BRANCH","FLOYD","MITAC MINING COMPANY LLC","071","BIT","21","1518814     U     SIMPSON BRANCH                                  FLOYD"]
[{"$nulls":3},"GATEWAY",{"$nulls":5},"KY","1518816","S","#1","LAWRENCE","MEADOW FORK MINING CO LLC","127","BIT","21","1518816     S     #1                                  LAWRENCE"]
[{"$nulls":3},"GATLIFF COAL",{"$nulls":5},"KY","1518819","S","SHM-35","FLOYD","CONTRACT HIGHWALL MINING LLC","071","BIT","21","1518819     S     SHM-35                                  FLOYD"]
[{"$nulls":3},"GATLING",{"$nulls":5},"KY","1518823","S","JOB #42","PIKE","PREMIER ELKHORN COAL COMPANY","195","BIT","21","1518823     S     JOB #42                                  PIKE"]
[{"$nulls":3},"GATOR MINE",{"$nulls":5},"KY","1518826","U","ELK CREEK MINE","HOPKINS","HOPKINS COUNTY COAL LLC","107","BIT","21","1518826     U     ELK CREEK MINE                                  HOPKINS"]
[{"$nulls":3},"GAVILON",{"$nulls":5},"KY","1518829","S","CAM 4","LAWRENCE","CAM CREEK INVESTMENTS, LLC","127","BIT","21","1518829     S     CAM 4                                  LAWRENCE"]
[{"$nulls":3},"GAZPROM MT",{"$nulls":5},"KY","1518837","S","CHAVIES JOB #7","PERRY","HENDRICKSON DRILLING LLC","193","BIT","21","1518837     S     CHAVIES JOB #7                                  PERRY"]
[{"$nulls":3},"GBG SALES CORP, LLC",{"$nulls":5},"KY","1518839","U","VAN LEAR MINE","MARTIN","EXCEL MINING LLC","159","BIT","21","1518839     U     VAN LEAR MINE                                  MARTIN"]
[{"$nulls":3},"GDF SUEZ ENERGY MARKETING NA",{"$nulls":5},"KY","1518850","U","FLINT RIDGE MINE","BREATHITT","ICG HAZARD LLC","025","BIT","21","1518850     U     FLINT RIDGE MINE                                  BREATHITT"]
[{"$nulls":3},"GEARY 11 MINE",{"$nulls":5},"KY","1518853","S","SURFACE #1","LAWRENCE","MINE RITE COAL CO INC.","127","BIT","21","1518853     S     SURFACE #1                                  LAWRENCE"]
[{"$nulls":3},"GENERAL PETROLEUM",{"$nulls":5},"KY","1518854","U","LIGGETT #3","HARLAN","LIGGETT MINING LLC","095","BIT","21","1518854     U     LIGGETT #3                                  HARLAN"]
[{"$nulls":3},"GENESIS COAL",{"$nulls":5},"KY","1518857","S","M & G MINING #1","ADAIR","M & G MINING, LLC","001","BIT","21","1518857     S     M & G MINING #1                                  ADAIR"]
[{"$nulls":3},"GENON ENERGY MANAGEMENT",{"$nulls":5},"KY","1518864","U","MINE #2","LETCHER","VISION COAL, INC.","133","BIT","21",{"$f":"K645&\"     \"&L645&\"     \"&M645&\"                                  \"&N645","v":"1518864     U     MINE #2                                  LETCHER"}]
[{"$nulls":3},"GEORGE COLLIERS",{"$nulls":5},"KY","1518867","S","SUGARLOAF MINE NO. 1","FLOYD","LOCUST GROVE, INC.","071","BIT","21","1518867     S     SUGARLOAF MINE NO. 1                                  FLOYD"]
[{"$nulls":3},"GEORGE E. WARREN",{"$nulls":5},"KY","1518869","U","MINE #2","HARLAN","STILLHOUSE MINING, LLC","095","BIT","21","1518869     U     MINE #2                                  HARLAN"]
[{"$nulls":3},"GEORGE MINE",{"$nulls":5},"KY","1518870","U","MINE NO 1","LETCHER","OWLCO ENERGY LLC","133","BIT","21","1518870     U     MINE NO 1                                  LETCHER"]
[{"$nulls":3},"GIANT INDUSTRIES",{"$nulls":5},"KY","1518880","U","REDHAWK #3 MINE","FLOYD","REDHAWK MINING, LLC","071","BIT","21","1518880     U     REDHAWK #3 MINE                                  FLOYD"]
[{"$nulls":3},"GIBSON",{"$nulls":5},"KY","1518881","U","#9","FLOYD","CHEYENNE ENTERPRISES INC","071","BIT","21","1518881     U     #9                                  FLOYD"]
[{"$nulls":3},"GINGER HILL",{"$nulls":5},"KY","1518884","U","CARBIDE COAL","FLOYD","CARBIDE COAL LLC","071","BIT","21","1518884     U     CARBIDE COAL                                  FLOYD"]
[{"$nulls":3},"GLEN ALLEN RAIL",{"$nulls":5},"KY","1518888","P","GOOSE CREEK PLANT","FLOYD","GOOSE CREEK ENERGY INC","071","BIT","21","1518888     P     GOOSE CREEK PLANT                                  FLOYD"]
[{"$nulls":3},"GLENCORE",{"$nulls":5},"KY","1518889","S","HARLAN STRIP #1","HARLAN","FOUR STAR RESOURCES LLC","095","BIT","21","1518889     S     HARLAN STRIP #1                                  HARLAN"]
[{"$nulls":3},"GLOBAL COMPANIES LLC",{"$nulls":5},"KY","1518890","S","SOUTHEASTERN AUGER NO. 1","BRECKINRIDGE","SOUTHEASTERN COAL INC.","027","BIT","21","1518890     S     SOUTHEASTERN AUGER NO. 1                                  BRECKINRIDGE"]
[{"$nulls":3},"GLOBAL ENERGY",{"$nulls":5},"KY","1518891","S","BUCK CREEK","OWSLEY","SILVER SLATE LLC","189","BIT","21","1518891     S     BUCK CREEK                                  OWSLEY"]
[{"$nulls":3},"GLOBAL MONTELLO GROUP",{"$nulls":5},"KY","1518893","S","#8 WALLINS CREEK STRIP","HARLAN","FOX KNOB COAL CO, INC.","095","BIT","21","1518893     S     #8 WALLINS CREEK STRIP                                  HARLAN"]
[{"$nulls":3},"GLOBAL OIL",{"$nulls":5},"KY","1518897","U","NO. 1","PIKE","RIGHT FORK ENERGY INC","195","BIT","21","1518897     U     NO. 1                                  PIKE"]
[{"$nulls":3},"GLOBAL PETROLEUM",{"$nulls":5},"KY","1518901","S","ROCKHOUSE 1","BELL","DEBRA LYNN COALS INC","013","BIT","21","1518901     S     ROCKHOUSE 1                                  BELL"]
[{"$nulls":3},"GOALS",{"$nulls":5},"KY","1518903","S","JOB 22","FLOYD","JAMES RIVER COAL SERVICE COMPA","071","BIT","21","1518903     S     JOB 22                                  FLOYD"]
[{"$nulls":3},"GOFF",{"$nulls":5},"KY","1518910","S","W & F CONTRACT AUGERING INC","LESLIE","W & F CONTRACT AUGERING INC","131","BIT","21","1518910     S     W & F CONTRACT AUGERING INC                                  LESLIE"]
[{"$nulls":3},"GOFF & PRUITT DRILLING",{"$nulls":5},"KY","1518911","U","MINE #28","PIKE","CAM MINING LLC","195","BIT","21","1518911     U     MINE #28                                  PIKE"]
[{"$nulls":3},"GOLD STAR",{"$nulls":5},"KY","1518912","P","ISLAND DOCK","MCLEAN","OXFORD MINING COMPANY-KENTUCKY","149","BIT","21","1518912     P     ISLAND DOCK                                  MCLEAN"]
[{"$nulls":3},"GOLDEN GATE PETROLEUM",{"$nulls":5},"KY","1518914","S","HIGHWALL MINER #1","BELL","M3 ENERGY RESOURCES, LLC","013","BIT","21","1518914     S     HIGHWALL MINER #1                                  BELL"]
[{"$nulls":3},"GOLDEN OIL",{"$nulls":5},"KY","1518917","S","SMITH BRANCH NO. 1","KNOTT","HENDRICKSON EQUIPMENT INC","119","BIT","21","1518917     S     SMITH BRANCH NO. 1                                  KNOTT"]
[{"$nulls":3},"GOLDMAN SACHS",{"$nulls":5},"KY","1518920","S","COALTECH MINE #1","PIKE","REDLINE CONSTRUCTION, LLC","195","BIT","21","1518920     S     COALTECH MINE #1                                  PIKE"]
[{"$nulls":3},"GOLDSTAR",{"$nulls":5},"KY","1518922","S","INFINITY #1","HARLAN","INFINITY ENERGY INCORPORATED","095","BIT","21","1518922     S     INFINITY #1                                  HARLAN"]
[{"$nulls":3},"GORDONSVILLE",{"$nulls":5},"KY","1518923","S","BURTON BEND","FLOYD","WALLACE COAL AUGERING","071","BIT","21","1518923     S     BURTON BEND                                  FLOYD"]
[{"$nulls":3},"GRACETON #2 MINE",{"$nulls":5},"KY","1518924","U","BUTCHER BRANCH","BELL","M3 ENERGY RESOURCES, LLC","013","BIT","21","1518924     U     BUTCHER BRANCH                                  BELL"]
[{"$nulls":3},"GRAY OIL",{"$nulls":5},"KY","1518925","S","HIGHWALL MINER #2","BELL","M3 ENERGY RESOURCES, LLC","013","BIT","21","1518925     S     HIGHWALL MINER #2                                  BELL"]
[{"$nulls":3},"GRAYS HARBOR COUNTY PUD",{"$nulls":5},"KY","1518931","S","NO 7","PIKE","APEX ENERGY INC","195","BIT","21","1518931     S     NO 7                                  PIKE"]
[{"$nulls":3},"GREAT LAKE GAS TRANSMISSION",{"$nulls":5},"KY","1518934","S","A-3","LETCHER","MEADE & SHEPHERD COAL CO., INC","133","BIT","21","1518934     S     A-3                                  LETCHER"]
[{"$nulls":3},"GREG'S TRUCK SERVICE",{"$nulls":5},"KY","1518936","U","NO. 1","FLOYD","MRM MINING INC.","071","BIT","21","1518936     U     NO. 1                                  FLOYD"]
[{"$nulls":3},"GRIFFIN OIL & PROPANE",{"$nulls":5},"KY","1518940","S","FEDS CREEK SURFACE","PIKE","SURFACE MINERALS COMPANY","195","BIT","21","1518940     S     FEDS CREEK SURFACE                                  PIKE"]
[{"$nulls":3},"GTM ENERGY PARTNERS",{"$nulls":5},"KY","1518943","U","MINE NO 5","PIKE","FALCON COAL CORPORATION","195","BIT","21","1518943     U     MINE NO 5                                  PIKE"]
[{"$nulls":3},"GUASARE COAL INTERNATIONAL",{"$nulls":5},"KY","1518946","S","JOB #49","PIKE","PREMIER ELKHORN COAL COMPANY","195","BIT","21","1518946     S     JOB #49                                  PIKE"]
[{"$nulls":3},"GULF",{"$nulls":5},"KY","1518947","S","BULL CREEK MINE","MAGOFFIN","KENTUCKY FUEL CORPORATION","153","BIT","21","1518947     S     BULL CREEK MINE                                  MAGOFFIN"]
[{"$nulls":3},"GULF SOUTH",{"$nulls":5},"KY","1518949","U","RAVEN MINE #1","KNOTT","ICG KNOTT COUNTY LLC","119","BIT","21","1518949     U     RAVEN MINE #1                                  KNOTT"]
[{"$nulls":3},"GULF STREAM",{"$nulls":5},"KY","1518950","S","FRALEY BRANCH SURFACE MINE","PIKE","SIDNEY COAL COMPANY, INC.","195","BIT","21","1518950     S     FRALEY BRANCH SURFACE MINE                                  PIKE"]
[{"$nulls":3},"GULF TERRA",{"$nulls":5},"KY","1518952","S","NO 2","PIKE","BLACK FOREST COAL LLC","195","BIT","21","1518952     S     NO 2                                  PIKE"]
[{"$nulls":3},"GULF TRADING & TRANSPORT",{"$nulls":5},"KY","1518955","S","FRIDAY BR. 1","LETCHER","WHITESBURG FRIDAY BRANCH MINE","133","BIT","21","1518955     S     FRIDAY BR. 1                                  LETCHER"]
[{"$nulls":3},"GUTTMAN OIL",{"$nulls":5},"KY","1518964","U","MINE #30","PIKE","CAM MINING LLC","195","BIT","21","1518964     U     MINE #30                                  PIKE"]
[{"$nulls":3},"HAMILTON",{"$nulls":5},"KY","1518966","S","EAST MAC & NELLIE","PERRY","ICG HAZARD, LLC","193","BIT","21","1518966     S     EAST MAC & NELLIE                                  PERRY"]
[{"$nulls":3},"HARBOR ENTERPRISES",{"$nulls":5},"KY","1518969","S","TARKILN 1","MORGAN","C & R HOLDING OF EASTERN KY, L","175","BIT","21","1518969     S     TARKILN 1                                  MORGAN"]
[{"$nulls":3},"HARLAN DEVELOPMENT",{"$nulls":5},"KY","1518973","U","NO 2","PIKE","BLACKBERRY ENERGY LLC","195","BIT","21","1518973     U     NO 2                                  PIKE"]
[{"$nulls":3},"HARLAND FUEL PRODUCTS",{"$nulls":5},"KY","1518977","S","ROB FORK CONTOUR","PIKE","CAM MINING LLC","195","BIT","21","1518977     S     ROB FORK CONTOUR                                  PIKE"]
[{"$nulls":3},"HARPER OIL",{"$nulls":5},"KY","1518978","S","BUCKEYE HIGHWALL MINER","PERRY","JAMES RIVER COAL SERVICE COMPA","193","BIT","21","1518978     S     BUCKEYE HIGHWALL MINER                                  PERRY"]
[{"$nulls":3},"HARRIS",{"$nulls":5},"KY","1518980","S","FRASURE BRANCH","FLOYD","JAMES RIVER COAL SERVICE COMPA","071","BIT","21","1518980     S     FRASURE BRANCH                                  FLOYD"]
[{"$nulls":3},"HARRISVILLE MINE",{"$nulls":5},"KY","1518982","S","STURGEON FREEMAN FORK","BREATHITT","STURGEON MINING CO., INC.","025","BIT","21","1518982     S     STURGEON FREEMAN FORK                                  BREATHITT"]
[{"$nulls":3},"HARTLAND FUEL PRODUCTS",{"$nulls":5},"KY","1518983","P","PLANT #1","MARTIN","WARFIELD PROCESSING, INC","159","BIT","21","1518983     P     PLANT #1                                  MARTIN"]
[{"$nulls":3},"HAYWOOD LOADOUT",{"$nulls":5},"KY","1518984","U","MINE NO 9","LETCHER","HUBBLE MINING COMPANY LLC","133","BIT","21","1518984     U     MINE NO 9                                  LETCHER"]
[{"$nulls":3},"HAZLETON SHAFT",{"$nulls":5},"KY","1518986","P","BALKAN","BELL","NALLY & HAMILTON ENTERPRISES I","013","BIT","21","1518986     P     BALKAN                                  BELL"]
[{"$nulls":3},"HCC-ELK CREEK",{"$nulls":5},"KY","1518987","U","MINE #1","LETCHER","CLARK MINING INC","133","BIT","21","1518987     U     MINE #1                                  LETCHER"]
[{"$nulls":3},"HEARTLAND MIDWEST",{"$nulls":5},"KY","1518988","S","RED FOX","LETCHER","H & D COAL CO., INC.","133","BIT","21","1518988     S     RED FOX                                  LETCHER"]
[{"$nulls":3},"HEATH OIL",{"$nulls":5},"KY","1518989","S","SURFACE NO. 2","FLOYD","NOBLE COAL LLC","071","BIT","21","1518989     S     SURFACE NO. 2                                  FLOYD"]
[{"$nulls":3},"HEPBURNIA COAL",{"$nulls":5},"KY","1518991","U","FLINT RIDGE MINE #2","BREATHITT","ICG HAZARD, LLC","025","BIT","21","1518991     U     FLINT RIDGE MINE #2                                  BREATHITT"]
[{"$nulls":3},"HERITAGE PETROLEUM",{"$nulls":5},"KY","1518992","S","BEAR BRANCH","PIKE","IBCS MINING INC KENTUCKY DIVIS","195","BIT","21","1518992     S     BEAR BRANCH                                  PIKE"]
[{"$nulls":3},"HESS CORP ENERGY MARKETING DIVISION",{"$nulls":5},"KY","1518996","S","TURKEY BRANCH","LESLIE","NALLY & HAMILTON ENTERPRISES,","131","BIT","21","1518996     S     TURKEY BRANCH                                  LESLIE"]
[{"$nulls":3},"HESS ENERGY",{"$nulls":5},"KY","1518997","U","NO 1","KNOTT","KY KING COAL INCORPORATED","119","BIT","21","1518997     U     NO 1                                  KNOTT"]
[{"$nulls":3},"HETCO",{"$nulls":5},"KY","1518998","S","BLACKHAWK #2 SURFACE MINE","FLOYD","BLACKHAWK MINING LLC","071","BIT","21","1518998     S     BLACKHAWK #2 SURFACE MINE                                  FLOYD"]
[{"$nulls":3},"HIAWATHA COAL COMPANY",{"$nulls":5},"KY","1519004","S","LICK FORK SURFACE","CLAY","M3 ENERGY RESOURCES, LLC","051","BIT","21","1519004     S     LICK FORK SURFACE                                  CLAY"]
[{"$nulls":3},"HIDDEN SPLENDOR RESOURCES",{"$nulls":5},"KY","1519006","S","JADEN #1","KNOTT","TWILIGHT ENERGY LLC","119","BIT","21","1519006     S     JADEN #1                                  KNOTT"]
[{"$nulls":3},"HIDDEN VALLEY",{"$nulls":5},"KY","1519008","S","OWLS NEST JOB #8","LESLIE","B & W RESOURCES INC","131","BIT","21","1519008     S     OWLS NEST JOB #8                                  LESLIE"]
[{"$nulls":3},"HIGH DESERT",{"$nulls":5},"KY","1519010","S","ORCHARD BRANCH MINE","CLAY","BLACK FIRE COAL COMPANY LLC","051","BIT","21","1519010     S     ORCHARD BRANCH MINE                                  CLAY"]
[{"$nulls":3},"HIGHTOWER PETROLEUM",{"$nulls":5},"KY","1519011","P","GRAND EAGLE PREP PLANT","HENDERSON","GRAND EAGLE MINING INC","101","BIT","21","1519011     P     GRAND EAGLE PREP PLANT                                  HENDERSON"]
[{"$nulls":3},"HILCORP ENERGY CO",{"$nulls":5},"KY","1519015","U","E4-2","PERRY","PERRY COUNTY COAL CORPORATION","193","BIT","21","1519015     U     E4-2                                  PERRY"]
[{"$nulls":3},"HILL MINE",{"$nulls":5},"KY","1519017","S","NO 1","KNOTT","T & J COAL BROKERS INC","119","BIT","21","1519017     S     NO 1                                  KNOTT"]
[{"$nulls":3},"HILL PETROLEUM",{"$nulls":5},"KY","1519018","U","NO. 3","KNOX","D & R COAL, INC.","121","BIT","21","1519018     U     NO. 3                                  KNOX"]
[{"$nulls":3},"HILLS COAL",{"$nulls":5},"KY","1519019","S","NO 1","BREATHITT","NORTH FORK COLLERIES LLC","025","BIT","21","1519019     S     NO 1                                  BREATHITT"]
[{"$nulls":3},"HILL'S FUELS",{"$nulls":5},"KY","1519021","S","NO. 1","PIKE","VIKING ACQUISITION GROUP, LLC","195","BIT","21",{"$f":"K709&\"     \"&L709&\"     \"&M709&\"                                  \"&N709","v":"1519021     S     NO. 1                                  PIKE"}]
[{"$nulls":3},"HILO",{"$nulls":5},"KY","1519022","P","BIG K PROCESSING","CLAY","BIG K PROCESSING","051","BIT","21","1519022     P     BIG K PROCESSING                                  CLAY"]
[{"$nulls":3},"HINER MINE",{"$nulls":5},"KY","1519027","S","FLATWOODS","CLAY","IKERD MINING CO LLC","051","BIT","21","1519027     S     FLATWOODS                                  CLAY"]
[{"$nulls":3},"HK ENERGY MARKETING",{"$nulls":5},"KY","1519034","P","KNOX HARDWOODS MINE #1","KNOX","KNOX HARDWOODS","121","BIT","21","1519034     P     KNOX HARDWOODS MINE #1                                  KNOX"]
[{"$nulls":3},"HOLBROOK COAL",{"$nulls":5},"KY","1519035","P","COALTEK CALVERT CITY","MARSHALL","COALTEK CALVERT CITY LLC","157","BIT","21","1519035     P     COALTEK CALVERT CITY                                  MARSHALL"]
[{"$nulls":3},"HOMAX OIL",{"$nulls":5},"KY","1519036","S","LONG BRANCH ROAD JOB","LESLIE","WHYMORE COAL COMPANY INCORPORA","131","BIT","21","1519036     S     LONG BRANCH ROAD JOB                                  LESLIE"]
[{"$nulls":3},"HOME OIL & GAS",{"$nulls":5},"KY","1519039","U","COAL HOLLOW MINE","PIKE","WILLIAMS BROS. COAL CO., INC.","195","BIT","21","1519039     U     COAL HOLLOW MINE                                  PIKE"]
[{"$nulls":3},"HOPEDALE MINING",{"$nulls":5},"KY","1519040","S","MINE NO 2","KNOTT","JORDAN CONSTRUCTION","119","BIT","21","1519040     S     MINE NO 2                                  KNOTT"]
[{"$nulls":3},"HOPKINS COUNTY COAL",{"$nulls":5},"KY","1519047","S","ELM LICK MINE","PERRY","LOCUST GROVE, INC.","193","BIT","21","1519047     S     ELM LICK MINE                                  PERRY"]
[{"$nulls":3},"HORIZON",{"$nulls":5},"KY","1519048","U","MINE  #15A","PIKE","MCCOY ELKHORN COAL CORP","195","BIT","21","1519048     U     MINE  #15A                                  PIKE"]
[{"$nulls":3},"HORSEHEAD HOLDING CORP",{"$nulls":5},"KY","1519050","S","MILL BRANCH OPERATION MINE NO","LETCHER","FLEENOR INC","133","BIT","21","1519050     S     MILL BRANCH OPERATION MINE NO                                  LETCHER"]
[{"$nulls":3},"HOUSTON PIPELINE COMPANY",{"$nulls":5},"KY","1519051","U","TIMBER TREE #9","HARLAN","PARTON BROS. CONTRACTING, INC.","095","BIT","21","1519051     U     TIMBER TREE #9                                  HARLAN"]
[{"$nulls":3},"HPL",{"$nulls":5},"KY","1519052","S","MINE #1","CLAY","UNITED CARBON GROUP, LLC","051","BIT","21","1519052     S     MINE #1                                  CLAY"]
[{"$nulls":3},"HQ ENERGY SERVICES US",{"$nulls":5},"KY","1519053","S","BEAR BRANCH SURFACE","PERRY","JAMES RIVER COAL SERVICE COMPA","193","BIT","21","1519053     S     BEAR BRANCH SURFACE                                  PERRY"]
[{"$nulls":3},"HUDSON TRUCKING",{"$nulls":5},"KY","1519056","S","MINE NO. 1","MORGAN","M2K MINING, LLC","175","BIT","21","1519056     S     MINE NO. 1                                  MORGAN"]
[{"$nulls":3},"HUGUENOT ENERGY",{"$nulls":5},"KY","1519057","U","NO 1","PIKE","NEW TECH MINING INC.","195","BIT","21","1519057     U     NO 1                                  PIKE"]
[{"$nulls":3},"HUMPHREY MINE",{"$nulls":5},"KY","1519060","S","# 2","LETCHER","W & F CONTRACT AUGERING INC.","133","BIT","21","1519060     S     # 2                                  LETCHER"]
[{"$nulls":3},"HUNTER RIDGE COAL",{"$nulls":5},"KY","1519062","S","JACKSON CO. NO. 4","JACKSON","T&T COAL, INC.","109","BIT","21","1519062     S     JACKSON CO. NO. 4                                  JACKSON"]
[{"$nulls":3},"HUNTS BRANCH",{"$nulls":5},"KY","1519063","U","PANTHER MINE #4A","HARLAN","PANTHER MINING, LLC","095","BIT","21","1519063     U     PANTHER MINE #4A                                  HARLAN"]
[{"$nulls":3},"HUSKY ENERGY",{"$nulls":5},"KY","1519064","S","SURFACE MINE #1","LETCHER","BOYD CONTRACTING INC","133","BIT","21","1519064     S     SURFACE MINE #1                                  LETCHER"]
[{"$nulls":3},"HUTCHINSON",{"$nulls":5},"KY","1519068","S","FRASURE CREEK MINE #8","PERRY","FRASURE CREEK MINING LLC","193","BIT","21","1519068     S     FRASURE CREEK MINE #8                                  PERRY"]
[{"$nulls":3},"HWP, LLC",{"$nulls":5},"KY","1519069","S","REX STRIP #1","HARLAN","REXCOAL COMPANY, INC.","095","BIT","21","1519069     S     REX STRIP #1                                  HARLAN"]
[{"$nulls":3},"HYDROCARBON EXCHANGE CORP",{"$nulls":5},"KY","1519070","S","MOUNT STERLING BRANCH","MARTIN","ICG EAST KENTUCKY LLC","159","BIT","21","1519070     S     MOUNT STERLING BRANCH                                  MARTIN"]
[{"$nulls":3},"IAC",{"$nulls":5},"KY","1519071","S","ROCK CRUSHER FINES PLANT","MUHLENBERG","COVOL FUELS ROCK CRUSHER, LLC","177","BIT","21","1519071     S     ROCK CRUSHER FINES PLANT                                  MUHLENBERG"]
[{"$nulls":3},"IBERDROLA RENEWABLES",{"$nulls":5},"KY","1519075","S","BLACKHAWK #5 SURFACE MINE","FLOYD","BLACKHAWK MINING LLC","071","BIT","21","1519075     S     BLACKHAWK #5 SURFACE MINE                                  FLOYD"]
[{"$nulls":3},"ICG ILLINOIS LLC",{"$nulls":5},"KY","1519076","S","CHESTNUT FLATS","BELL","NALLY & HAMILTON ENTERPRISES,","013","BIT","21","1519076     S     CHESTNUT FLATS                                  BELL"]
[{"$nulls":3},"IGI",{"$nulls":5},"KY","1519079","U","COAL STONE BRANCH MINE #1","WHITLEY","JELLICO ENTERPRISES, LLC","235","BIT","21","1519079     U     COAL STONE BRANCH MINE #1                                  WHITLEY"]
[{"$nulls":3},"IKERD COAL",{"$nulls":5},"KY","1519083","S","LEWIS CREEK","HARLAN","NALLY & HAMILTON ENTERPRISES I","095","BIT","21","1519083     S     LEWIS CREEK                                  HARLAN"]
[{"$nulls":3},"ILLINOIS FUELS",{"$nulls":5},"KY","1519085","S","GCAS #1","FLOYD","GCAS CORPORATION LLC","071","BIT","21","1519085     S     GCAS #1                                  FLOYD"]
[{"$nulls":3},"IMAGIN NATURAL RESOURCES",{"$nulls":5},"KY","1519086","S","CARR FORK","KNOTT","NALLY & HAMILTON ENTERPRISES I","119","BIT","21","1519086     S     CARR FORK                                  KNOTT"]
[{"$nulls":3},"IMTT",{"$nulls":5},"KY","1519087","U","#3","FLOYD","CALVARY COAL CORP","071","BIT","21","1519087     U     #3                                  FLOYD"]
[{"$nulls":3},"INDEPENDENCE COAL",{"$nulls":5},"KY","1519088","S","SURFACE #3","JOHNSON","MINE RITE COAL CO. INC.","115","BIT","21","1519088     S     SURFACE #3                                  JOHNSON"]
[{"$nulls":3},"INDIANA KENTUCKY ELECTRICSOUTHERN PRB",{"$nulls":5},"KY","1519094","U","CENTER CREEK MINE","PIKE","C S & S COAL CORPORATION","195","BIT","21","1519094     U     CENTER CREEK MINE                                  PIKE"]
[{"$nulls":3},"INDIANTOWN GAS",{"$nulls":5},"KY","1519095","S","AUGER NO 1 S/N 116","LETCHER","BUBS CONTRACTING INC","133","BIT","21","1519095     S     AUGER NO 1 S/N 116                                  LETCHER"]
[{"$nulls":3},"INDIGO ENERGY",{"$nulls":5},"KY","1519097","U","NO.1","PIKE","PROCESS ENERGY","195","BIT","21","1519097     U     NO.1                                  PIKE"]
[{"$nulls":3},"INDUSTRIAL HYDROVAC",{"$nulls":5},"KY","1519098","S","WOLF CREEK SURFACE #3","LESLIE","T & T ENERGY LLC","131","BIT","21","1519098     S     WOLF CREEK SURFACE #3                                  LESLIE"]
[{"$nulls":3},"INERGY",{"$nulls":5},"KY","1519099","S","BEAVER MINING NO 1","LETCHER","BEAVER MINING INC","133","BIT","21","1519099     S     BEAVER MINING NO 1                                  LETCHER"]
[{"$nulls":3},"INFINITE ENERGY",{"$nulls":5},"KY","1519102","U","P-1","HARLAN","MANALAPAN MINING CO., INC.","095","BIT","21","1519102     U     P-1                                  HARLAN"]
[{"$nulls":3},"INFINITY COAL",{"$nulls":5},"KY","1519107","S","RISNER #1","FLOYD","BLACKHAWK MINING, LLC","071","BIT","21","1519107     S     RISNER #1                                  FLOYD"]
[{"$nulls":3},"INGRAM BARGE",{"$nulls":5},"KY","1519109","S","BEE TREE SURFACE","MAGOFFIN","LICKING RIVER MINING, LLC","153","BIT","21","1519109     S     BEE TREE SURFACE                                  MAGOFFIN"]
[{"$nulls":3},"INR",{"$nulls":5},"KY","1519113","U","MARION BRANCH","LESLIE","BLEDSOE COAL CORPORATION","131","BIT","21","1519113     U     MARION BRANCH                                  LESLIE"]
[{"$nulls":3},"INR-WV",{"$nulls":5},"KY","1519114","U","C-5","HARLAN","REX COAL COMPANY INC.","095","BIT","21","1519114     U     C-5                                  HARLAN"]
[{"$nulls":3},"INR-WV OPERATING",{"$nulls":5},"KY","1519115","S","POPLAR LICK MINE","BELL","L C & C ENERGY INCORPORATED","013","BIT","21","1519115     S     POPLAR LICK MINE                                  BELL"]
[{"$nulls":3},"INTEGRA",{"$nulls":5},"KY","1519116","U","MINE #9A","KNOTT","ENTERPRISE MINING COMPANY LLC","119","BIT","21","1519116     U     MINE #9A                                  KNOTT"]
[{"$nulls":3},"INTEGRITY COAL",{"$nulls":5},"KY","1519117","U","K-6","HARLAN","HARLAN CUMBERLAND COAL LLC","095","BIT","21","1519117     U     K-6                                  HARLAN"]
[{"$nulls":3},"INTEGRYS ENERGY",{"$nulls":5},"KY","1519126","S","MC COAL AUGER SERIAL NO 39","LAWRENCE","AUGUSTUS AUGERING & CONTRACTIN","127","BIT","21","1519126     S     MC COAL AUGER SERIAL NO 39                                  LAWRENCE"]
[{"$nulls":3},"INTER AMERICAN COAL",{"$nulls":5},"KY","1519129","U","NO. 15","FLOYD","FOOLS GOLD ENERGY CORP","071","BIT","21","1519129     U     NO. 15                                  FLOYD"]
[{"$nulls":3},"INTER OCEAN",{"$nulls":5},"KY","1519130","S","MINE #1","OWSLEY","FRATTALONE MINING LLLP","189","BIT","21","1519130     S     MINE #1                                  OWSLEY"]
[{"$nulls":3},"INTERCHEM",{"$nulls":5},"KY","1519132","U","ABNER BRANCH RIDER","LESLIE","BLEDSOE COAL CORPORATION","131","BIT","21","1519132     U     ABNER BRANCH RIDER                                  LESLIE"]
[{"$nulls":3},"INTERCON RESOURCES",{"$nulls":5},"KY","1519134","S","RIVER VIEW CARBON RECOVERY","UNION","K D CRAIN & SONS INC","225","BIT","21","1519134     S     RIVER VIEW CARBON RECOVERY                                  UNION"]
[{"$nulls":3},"INTERNATIONAL COAL GROUP",{"$nulls":5},"KY","1519140","S","AUGER NO 1  SN #11","PIKE","MILL BRANCH PROCESSING INC","195","BIT","21","1519140     S     AUGER NO 1  SN #11                                  PIKE"]
[{"$nulls":3},"INTERNATIONAL RESOURCES",{"$nulls":5},"KY","1519143","S","CAROUSEL #1","LETCHER","PINE CREEK MINING, INC.","133","BIT","21","1519143     S     CAROUSEL #1                                  LETCHER"]
[{"$nulls":3},"INTEROCEAN COAL",{"$nulls":5},"KY","1519145","S","NO 8","PIKE","APEX ENERGY INC","195","BIT","21","1519145     S     NO 8                                  PIKE"]
[{"$nulls":3},"INTERSTATE GAS MARKET",{"$nulls":5},"KY","1519146","S","DIABLO WEST SURFACE","MAGOFFIN","LICKING RIVER MINING LLC","153","BIT","21","1519146     S     DIABLO WEST SURFACE                                  MAGOFFIN"]
[{"$nulls":3},"INTERSTATE POWER & LIGHT",{"$nulls":5},"KY","1519153","U","#11","PIKE","CHEYENNE MINING CO INC","195","BIT","21","1519153     U     #11                                  PIKE"]
[{"$nulls":3},"ION CARBON",{"$nulls":5},"KY","1519158","S","HWM 009-001","HARLAN","COAL RIVER FUELS LLC","095","BIT","21","1519158     S     HWM 009-001                                  HARLAN"]
[{"$nulls":3},"IPC USA",{"$nulls":5},"KY","1519159","U","#1","KNOTT","JASPER COAL, LLC","119","BIT","21","1519159     U     #1                                  KNOTT"]
[{"$nulls":3},"IROQUOIS GAS PIPELINE",{"$nulls":5},"KY","1519161","S","LEWIS CREEK","LESLIE","JAMES RIVER COAL SERVICE COMPA","131","BIT","21","1519161     S     LEWIS CREEK                                  LESLIE"]
[{"$nulls":3},"IRVING OIL",{"$nulls":5},"KY","1519165","P","MIDWAY COAL HANDLING FACILITY","OHIO","ARMSTRONG COAL COMPANY INC","183","BIT","21","1519165     P     MIDWAY COAL HANDLING FACILITY                                  OHIO"]
[{"$nulls":3},"ISAAC'S RUN",{"$nulls":5},"KY","1519167","S","NO 2 SURFACE","PIKE","POMPEY COAL CORPORATION","195","BIT","21","1519167     S     NO 2 SURFACE                                  PIKE"]
[{"$nulls":3},"ISLAND SALES",{"$nulls":5},"KY","1519169","S","MULLINS BRANCH PREP PLANT","BREATHITT","LICKING RIVER RESOURCES INC","025","BIT","21","1519169     S     MULLINS BRANCH PREP PLANT                                  BREATHITT"]
[{"$nulls":3},"ISOBUNKERS",{"$nulls":5},"KY","1519170","S","#1","HARLAN","EMLYN COAL PROCESSING LLC","095","BIT","21","1519170     S     #1                                  HARLAN"]
[{"$nulls":3},"J & J ENERGY",{"$nulls":5},"KY","1519176","S","GOSLIN BRANCH #1","CLAY","B&W RESOURCES, INC.","051","BIT","21","1519176     S     GOSLIN BRANCH #1                                  CLAY"]
[{"$nulls":3},"J ARON",{"$nulls":5},"KY","1519177","S","MINE NO. 3","LAWRENCE","P & C MINING CO., INC.","127","BIT","21","1519177     S     MINE NO. 3                                  LAWRENCE"]
[{"$nulls":3},"J P MORGAN",{"$nulls":5},"KY","1519179","S","STURGEON #4","OWSLEY","STURGEON MINING CO., INC.","189","BIT","21",{"$f":"K773&\"     \"&L773&\"     \"&M773&\"                                  \"&N773","v":"1519179     S     STURGEON #4                                  OWSLEY"}]
[{"$nulls":3},"JACK RICH",{"$nulls":5},"KY","1519180","U","NO 1","PIKE","M3 ENERGY MINING COMPANY","195","BIT","21","1519180     U     NO 1                                  PIKE"]
[{"$nulls":3},"JACOB RANCH",{"$nulls":5},"KY","1519181","S","HIGHWALL MINER #59","BOYD","BUNDY AUGER MINING INC","019","BIT","21","1519181     S     HIGHWALL MINER #59                                  BOYD"]
[{"$nulls":3},"JAD COAL CO",{"$nulls":5},"KY","1519183","S","MILL CREEK SURFACE","HARLAN","D & C MINING CORPORATION","095","BIT","21","1519183     S     MILL CREEK SURFACE                                  HARLAN"]
[{"$nulls":3},"JAM ENVIRONMENTAL",{"$nulls":5},"KY","1519186","S","GHM #44","HARLAN","GREEN HILL MINING INC","095","BIT","21","1519186     S     GHM #44                                  HARLAN"]
[{"$nulls":3},"JAMBOREE",{"$nulls":5},"KY","1519187","S","SHM-10","PIKE","CONTRACT HIGHWALL MINING LLC","195","BIT","21","1519187     S     SHM-10                                  PIKE"]
[{"$nulls":3},"JAMES RIVER",{"$nulls":5},"KY","1519188","U","#2","PIKE","MERCY MINING, LLC","195","BIT","21","1519188     U     #2                                  PIKE"]
[{"$nulls":3},"JAMIESON CONSTRUCTION CO",{"$nulls":5},"KY","1519189","S","BIG BRANCH WEST SURFACE MINE","KNOTT","ENTERPRISE MINING CO LLC","119","BIT","21","1519189     S     BIG BRANCH WEST SURFACE MINE                                  KNOTT"]
[{"$nulls":3},"JARON",{"$nulls":5},"KY","1519190","S","SAM CAMPBELL MINE","PERRY","ICG HAZARD, LLC","193","BIT","21","1519190     S     SAM CAMPBELL MINE                                  PERRY"]
[{"$nulls":3},"JARVIS COAL",{"$nulls":5},"KY","1519191","U","LOVE BRANCH","LETCHER","DEANE MINING LLC","133","BIT","21","1519191     U     LOVE BRANCH                                  LETCHER"]
[{"$nulls":3},"JAT OIL",{"$nulls":5},"KY","1519193","U","VOYAGER #7","MARTIN","MARTIN COUNTY COAL","159","BIT","21","1519193     U     VOYAGER #7                                  MARTIN"]
[{"$nulls":3},"JB MINERALS",{"$nulls":5},"KY","1519196","U","#1","PIKE","CALVARY COAL CORP","195","BIT","21","1519196     U     #1                                  PIKE"]
[{"$nulls":3},"JEDDO COAL",{"$nulls":5},"KY","1519199","S","S-4 CALLOWAY NORTH","PIKE","REVELATION ENERGY, LLC","195","BIT","21","1519199     S     S-4 CALLOWAY NORTH                                  PIKE"]
[{"$nulls":3},"JEFFERSON ISLAND STORAGE & HUB",{"$nulls":5},"KY","1519200","S","NO 1","MAGOFFIN","MIDDLE FORK DEVELOPMENT SERVIC","153","BIT","21","1519200     S     NO 1                                  MAGOFFIN"]
[{"$nulls":3},"JERRY WHITE¿S RECLAMATION SITE",{"$nulls":5},"KY","1519201","S","BRUSHY MOUNTAIN","KNOX","NALLY & HAMILTON ENTERPRISES,","121","BIT","21","1519201     S     BRUSHY MOUNTAIN                                  KNOX"]
[{"$nulls":3},"JESSE BRANCH",{"$nulls":5},"KY","1519205","S","MINUTEMAN FINES RECOVERY PLANT","MUHLENBERG","COVOL FUELS NO 2 LLC","177","BIT","21","1519205     S     MINUTEMAN FINES RECOVERY PLANT                                  MUHLENBERG"]
[{"$nulls":3},"JETCO ENERGY SERVICES",{"$nulls":5},"KY","1519208","U","HUBBLE NO 6","PIKE","HUBBLE MINING COMPANY LLC","195","BIT","21","1519208     U     HUBBLE NO 6                                  PIKE"]
[{"$nulls":3},"JEWELL SMOKELESS COAL CORPORATION",{"$nulls":5},"KY","1519215","S","INFINITY #2","HARLAN","INFINITY ENERGY INCORPORATED","095","BIT","21","1519215     S     INFINITY #2                                  HARLAN"]
[{"$nulls":3},"JEWETT MINE",{"$nulls":5},"KY","1519216","S","INFINITY #3","HARLAN","INFINITY ENERGY INCORPORATED","095","BIT","21","1519216     S     INFINITY #3                                  HARLAN"]
[{"$nulls":3},"JIM BRIDGER COAL",{"$nulls":5},"KY","1519217","S","MIDWAY MINE","OHIO","ARMSTRONG COAL COMPANY","183","BIT","21","1519217     S     MIDWAY MINE                                  OHIO"]
[{"$nulls":3},"JIM WALTER",{"$nulls":5},"KY","1519218","S","GRAPE CREEK NO. 1","MAGOFFIN","XCELL ENERGY & COAL CO; LLC","153","BIT","21","1519218     S     GRAPE CREEK NO. 1                                  MAGOFFIN"]
[{"$nulls":3},"JLA ENERGY",{"$nulls":5},"KY","1519219","S","TOWN FLATS SURFACE","MAGOFFIN","LICKING RIVER MINING, LLC","153","BIT","21","1519219     S     TOWN FLATS SURFACE                                  MAGOFFIN"]
[{"$nulls":3},"JM ADAMS",{"$nulls":5},"KY","1519222","U","RF LOWER ELKHORN","PIKE","CAM MINING LLC","195","BIT","21","1519222     U     RF LOWER ELKHORN                                  PIKE"]
[{"$nulls":3},"JMP HOLDINGS",{"$nulls":5},"KY","1519224","U","#2","FLOYD","COAL CREEK MINING, LLC","071","BIT","21","1519224     U     #2                                  FLOYD"]
[{"$nulls":3},"JOE PETROLE",{"$nulls":5},"KY","1519225","S","HOODS FORK","FLOYD","JAMES RIVER COAL SERVICE COMPA","071","BIT","21","1519225     S     HOODS FORK                                  FLOYD"]
[{"$nulls":3},"JOEPA MINE",{"$nulls":5},"KY","1519226","S","LONG BRANCH SURFACE","JOHNSON","JAMES RIVER COAL SERVICE COMPA","115","BIT","21","1519226     S     LONG BRANCH SURFACE                                  JOHNSON"]
[{"$nulls":3},"JOHN CLARK",{"$nulls":5},"KY","1519228","U","BLUE RIDGE NO 1","LETCHER","CUMBERLAND RIVER COAL COMPANY","133","BIT","21","1519228     U     BLUE RIDGE NO 1                                  LETCHER"]
[{"$nulls":3},"JOHN E RETZNER OIL",{"$nulls":5},"KY","1519235","S","MTR WOLF CREEK MINE","MARTIN","MARTIN COUNTY COAL CORP","159","BIT","21","1519235     S     MTR WOLF CREEK MINE                                  MARTIN"]
[{"$nulls":3},"JOHNSON ENERGY",{"$nulls":5},"KY","1519236","S","FIRST CREEK MINE","PERRY","ICG HAZARD, LLC","193","BIT","21","1519236     S     FIRST CREEK MINE                                  PERRY"]
[{"$nulls":3},"JONES FORK",{"$nulls":5},"KY","1519238","S","#17 SOUTH","FLOYD","JAMES RIVER COAL SERVICE COMPA","071","BIT","21","1519238     S     #17 SOUTH                                  FLOYD"]
[{"$nulls":3},"JP MORGAN",{"$nulls":5},"KY","1519240","U","APOLLO MINE","KNOTT","ICG KNOTT COUNTY LLC","119","BIT","21","1519240     U     APOLLO MINE                                  KNOTT"]
[{"$nulls":3},"JP MORGAN VENTURES ENERGY",{"$nulls":5},"KY","1519242","U","REDHAWK #1","FLOYD","REDHAWK MINING, LLC","071","BIT","21","1519242     U     REDHAWK #1                                  FLOYD"]
[{"$nulls":3},"KA ASH",{"$nulls":5},"KY","1519244","S","RED BUSH #1","JOHNSON","RED BUSH COAL, LLC","115","BIT","21","1519244     S     RED BUSH #1                                  JOHNSON"]
[{"$nulls":3},"KACEYS MATERIAL HANDLING LLC",{"$nulls":5},"KY","1519247","U","BENT BRANCH ENERGY CO MINE NO","PIKE","SIDNEY COAL COMPANY, INC.","195","BIT","21","1519247     U     BENT BRANCH ENERGY CO MINE NO                                  PIKE"]
[{"$nulls":3},"KAJON",{"$nulls":5},"KY","1519249","U","DORTON E 3","PIKE","CAM MINING LLC","195","BIT","21","1519249     U     DORTON E 3                                  PIKE"]
[{"$nulls":3},"KALLAM OIL COMPANY",{"$nulls":5},"KY","1519252","U","MINE NO. 8","LETCHER","HUBBLE MINING CO. LLC","133","BIT","21","1519252     U     MINE NO. 8                                  LETCHER"]
[{"$nulls":3},"KAMC",{"$nulls":5},"KY","1519253","U","#6","FLOYD","VIPER COAL LLC","071","BIT","21","1519253     U     #6                                  FLOYD"]
[{"$nulls":3},"KANAWHA EAGLE",{"$nulls":5},"KY","1519255","S","MONTGOMERY CREEK","PERRY","JAMES RIVER COAL SERVICE COMPA","193","BIT","21","1519255     S     MONTGOMERY CREEK                                  PERRY"]
[{"$nulls":3},"KANSAS GAS SERVICE",{"$nulls":5},"KY","1519256","U","#1","MAGOFFIN","MAGOFFIN CO. COAL CORPORATION","153","BIT","21","1519256     U     #1                                  MAGOFFIN"]
[{"$nulls":3},"KARBOWSKI OIL",{"$nulls":5},"KY","1519257","U","#6","LETCHER","MIDGARD MINING LLC","133","BIT","21","1519257     U     #6                                  LETCHER"]
[{"$nulls":3},"KATH FUEL",{"$nulls":5},"KY","1519260","U","D-5","HARLAN","REX COAL CO. INC","095","BIT","21","1519260     U     D-5                                  HARLAN"]
[{"$nulls":3},"KECK OIL",{"$nulls":5},"KY","1519262","U","#4","LESLIE","LA ENERGY, LLC","131","BIT","21","1519262     U     #4                                  LESLIE"]
[{"$nulls":3},"KEENE",{"$nulls":5},"KY","1519263","U","MINE NO 5","LETCHER","CLAS COAL COMPANY INC","133","BIT","21","1519263     U     MINE NO 5                                  LETCHER"]
[{"$nulls":3},"KELLER",{"$nulls":5},"KY","1519264","U","MINE #1","WEBSTER","SEBREE MINING, LLC","233","BIT","21","1519264     U     MINE #1                                  WEBSTER"]
[{"$nulls":3},"KELLY MINE",{"$nulls":5},"KY","1519266","U","HUBBLE NO. 7","PIKE","HUBBLE MINING CO. LLC","195","BIT","21","1519266     U     HUBBLE NO. 7                                  PIKE"]
[{"$nulls":3},"KEMMERER",{"$nulls":5},"KY","1519269","U","LONG POLE ENERGY MINE","PIKE","ROAD FORK DEVELOPMENT COMPANY","195","BIT","21","1519269     U     LONG POLE ENERGY MINE                                  PIKE"]
[{"$nulls":3},"KENAMERICA RESOURCES",{"$nulls":5},"KY","1519270","U","LOVE BRANCH SOUTH","PIKE","ROAD FORK DEVELOPMENT COMPANY","195","BIT","21","1519270     U     LOVE BRANCH SOUTH                                  PIKE"]
[{"$nulls":3},"KENNECOTT ENERGY",{"$nulls":5},"KY","1519273","S","BLAIR FACE UP","PIKE","PB DIRT MOVERS INC.","195","BIT","21","1519273     S     BLAIR FACE UP                                  PIKE"]
[{"$nulls":3},"KENSINGTON MINE",{"$nulls":5},"KY","1519275","P","WASHER PLANT","PIKE","C & N MINING L L C","195","BIT","21","1519275     P     WASHER PLANT                                  PIKE"]
[{"$nulls":3},"KENTUCKY COAL",{"$nulls":5},"KY","1519276","S","DWARF MINE","PERRY","NORTH FORK COLLERIES LLC","193","BIT","21","1519276     S     DWARF MINE                                  PERRY"]
[{"$nulls":3},"KENTUCKY CUMBERLAND",{"$nulls":5},"KY","1519277","S","MINE #1","WOLFE","KENTUCKY STANDARD ENERGY COMPA","237","BIT","21","1519277     S     MINE #1                                  WOLFE"]
[{"$nulls":3},"KENTUCKY FUELS",{"$nulls":5},"KY","1519280","U","NO 4","PIKE","CAVALIER MINERAL INC","195","BIT","21","1519280     U     NO 4                                  PIKE"]
[{"$nulls":3},"KENTUCKY MINING",{"$nulls":5},"KY","1519281","U","FIRST CREEK MINE #1","PERRY","ICG HAZARD LLC","193","BIT","21","1519281     U     FIRST CREEK MINE #1                                  PERRY"]
[{"$nulls":3},"KENTUCKY PETROLEUM",{"$nulls":5},"KY","1519282","U","MINE NO 2","HARLAN","NECO ENERGY INC","095","BIT","21","1519282     U     MINE NO 2                                  HARLAN"]
[{"$nulls":3},"KENTUCKY UTILITIES",{"$nulls":5},"KY","1519284","S","BURNT CABIN #1","JOHNSON","JOHNSON FLOYD COAL COMPANY LLC","115","BIT","21","1519284     S     BURNT CABIN #1                                  JOHNSON"]
[{"$nulls":3},"KERN RIVER",{"$nulls":5},"KY","1519288","S","F-11 CLEAR RIVER RESOURCES","MAGOFFIN","FRASURE CREEK MINING LLC","153","BIT","21","1519288     S     F-11 CLEAR RIVER RESOURCES                                  MAGOFFIN"]
[{"$nulls":3},"KEY OIL ",{"$nulls":5},"KY","1519289","S","RHINO MINE #1","CLAY","MAXUM ENERGY INC.","051","BIT","21","1519289     S     RHINO MINE #1                                  CLAY"]
[{"$nulls":3},"KEYSPAN ENERGY",{"$nulls":5},"KY","1519290","U","INFINITY #4","HARLAN","INFINITY ENERGY INCORPORATED","095","BIT","21","1519290     U     INFINITY #4                                  HARLAN"]
[{"$nulls":3},"KEYSTONE COAL",{"$nulls":5},"KY","1519291","S","CARDINAL MINE #1","HARLAN","CARDINAL MINING LLC","095","BIT","21","1519291     S     CARDINAL MINE #1                                  HARLAN"]
[{"$nulls":3},"KEYSTONE FUELS",{"$nulls":5},"KY","1519292","U","C1","FLOYD","FOOLS GOLD ENERGY CORPORATION","071","BIT","21","1519292     U     C1                                  FLOYD"]
[{"$nulls":3},"KEYSTONE LANDFILL",{"$nulls":5},"KY","1519293","S","MONTIES #2","KNOX","MONTIES RESOURCES LLC","121","BIT","21","1519293     S     MONTIES #2                                  KNOX"]
[{"$nulls":3},"KEYSTONE MINES",{"$nulls":5},"KY","1519294","U","#10","FLOYD","VIPER COAL, LLC","071","BIT","21","1519294     U     #10                                  FLOYD"]
[{"$nulls":3},"KIEWIT - BUCKSKIN",{"$nulls":5},"KY","1519295","S","NO. 1","FLOYD","JOHNSON COAL SALES, INC.","071","BIT","21","1519295     S     NO. 1                                  FLOYD"]
[{"$nulls":3},"KIMBALL RESOUCES",{"$nulls":5},"KY","1519296","U","NO 24","MARTIN","EAGLE COAL COMPANY INC","159","BIT","21","1519296     U     NO 24                                  MARTIN"]
[{"$nulls":3},"KINDER MORGAN",{"$nulls":5},"KY","1519297","U","UZ NO. 2","LETCHER","SAPPHIRE COAL COMPANY","133","BIT","21",{"$f":"K837&\"     \"&L837&\"     \"&M837&\"                                  \"&N837","v":"1519297     U     UZ NO. 2                                  LETCHER"}]
[{"$nulls":3},"KING COAL",{"$nulls":5},"KY","1519298","S","FRASURE CREEK 12","PERRY","FRASURE CREEK MINING LLC","193","BIT","21","1519298     S     FRASURE CREEK 12                                  PERRY"]
[{"$nulls":3},"KIPPEN INDUSTRIES",{"$nulls":5},"KY","1519299","S","M & G  #2","HARLAN","M & G MINING LLC","095","BIT","21","1519299     S     M & G  #2                                  HARLAN"]
[{"$nulls":3},"KIVA",{"$nulls":5},"KY","1519301","S","BEAR BRANCH","LESLIE","NALLY & HAMILTON ENTERPRISES I","131","BIT","21","1519301     S     BEAR BRANCH                                  LESLIE"]
[{"$nulls":3},"KM TEJAS",{"$nulls":5},"KY","1519302","S","LAUREL FORK SURFACE","MARTIN","JAMES RIVER COAL SERVICE COMPA","159","BIT","21","1519302     S     LAUREL FORK SURFACE                                  MARTIN"]
[{"$nulls":3},"KMPL",{"$nulls":5},"KY","1519303","S","K O MINE","MUHLENBERG","OXFORD MINING COMPANY-KENTUCKY","177","BIT","21","1519303     S     K O MINE                                  MUHLENBERG"]
[{"$nulls":3},"KMS ENERGY LLC",{"$nulls":5},"KY","1519304","U","GLENBROOK TAGGART MARKER","HARLAN","VIRGINIA FUEL CORPORATION","095","BIT","21","1519304     U     GLENBROOK TAGGART MARKER                                  HARLAN"]
[{"$nulls":3},"KN MARKETING",{"$nulls":5},"KY","1519305","U","LOUDER CREEK F","HARLAN","SIGMON COAL COMPANY INC","095","BIT","21","1519305     U     LOUDER CREEK F                                  HARLAN"]
[{"$nulls":3},"KNAPP OIL",{"$nulls":5},"KY","1519306","S","RUBICON #1","WHITLEY","RUBICON ENERGY LLC","235","BIT","21","1519306     S     RUBICON #1                                  WHITLEY"]
[{"$nulls":3},"KNIGHTHAWK",{"$nulls":5},"KY","1519308","U","TRIUMPH MINE","HARLAN","COALGOOD ENERGY CO","095","BIT","21","1519308     U     TRIUMPH MINE                                  HARLAN"]
[{"$nulls":3},"KOALA ENERGY",{"$nulls":5},"KY","1519309","U","#3","LETCHER","CLARK MINING, INC.","133","BIT","21","1519309     U     #3                                  LETCHER"]
[{"$nulls":3},"KOCH",{"$nulls":5},"KY","1519310","S","F10 ALUM LICK","FLOYD","FRASURE CREEK MINING LLC","071","BIT","21","1519310     S     F10 ALUM LICK                                  FLOYD"]
[{"$nulls":3},"KOCH CARBON",{"$nulls":5},"KY","1519312","S","CALLOWAY SOUTH","PIKE","RHINO SERVICES LLC","195","BIT","21","1519312     S     CALLOWAY SOUTH                                  PIKE"]
[{"$nulls":3},"KOCH PINE BEND REFINERY",{"$nulls":5},"KY","1519313","U","MINE #29","PIKE","MCCOY ELKHORN COAL CORP","195","BIT","21","1519313     U     MINE #29                                  PIKE"]
[{"$nulls":3},"KODIAK RESOURCES",{"$nulls":5},"KY","1519314","U","MINE NO. 12","PIKE","GR MINING INC","195","BIT","21","1519314     U     MINE NO. 12                                  PIKE"]
[{"$nulls":3},"KOHLSAAT",{"$nulls":5},"KY","1519315","S","YELLOW MOUNTAIN SURFACE","KNOTT","KENTUCKY FUEL CORPORATION","119","BIT","21","1519315     S     YELLOW MOUNTAIN SURFACE                                  KNOTT"]
[{"$nulls":3},"KOONTZ",{"$nulls":5},"KY","1519316","S","VFC-LOUDER CREEK E, F, G, H","HARLAN","VIRGINIA FUEL CORPORATION","095","BIT","21","1519316     S     VFC-LOUDER CREEK E, F, G, H                                  HARLAN"]
[{"$nulls":3},"KOPPER GLO",{"$nulls":5},"KY","1519318","U","GARMEDA #2","BELL","BELL COUNTY COAL CORPORATION","013","BIT","21","1519318     U     GARMEDA #2                                  BELL"]
[{"$nulls":3},"KOSKY PREP PLANT",{"$nulls":5},"KY","1519319","S","SADDLE FORK","PERRY","HAYDON BROTHERS ENTERPRISES","193","BIT","21","1519319     S     SADDLE FORK                                  PERRY"]
[{"$nulls":3},"KROFF",{"$nulls":5},"KY","1519321","S","#1","KNOTT","HI GROUND DEVELOPMENT LLC","119","BIT","21","1519321     S     #1                                  KNOTT"]
[{"$nulls":3},"KRT SYNFUEL",{"$nulls":5},"KY","1519322","S","GHM #25","WHITLEY","GREEN HILL MINING INC","235","BIT","21","1519322     S     GHM #25                                  WHITLEY"]
[{"$nulls":3},"L D BAUMGARDNER",{"$nulls":5},"KY","1519323","U","SLONE BRANCH","KNOTT","ICG KNOTT COUNTY LLC","119","BIT","21","1519323     U     SLONE BRANCH                                  KNOTT"]
[{"$nulls":3},"LACLEDE ENERGY RESOURCES",{"$nulls":5},"KY","1519324","P","MOUNTAINSIDE WASH PLANT","KNOX","MOUNTAINSIDE COAL COMPANY INC","121","BIT","21","1519324     P     MOUNTAINSIDE WASH PLANT                                  KNOX"]
[{"$nulls":3},"LAFAYETTE COAL",{"$nulls":5},"KY","1519326","S","HARLAN SURFACE #4","HARLAN","FOX KNOB COAL CO., INC","095","BIT","21","1519326     S     HARLAN SURFACE #4                                  HARLAN"]
[{"$nulls":3},"LANDFILL, LLC",{"$nulls":5},"KY","1519327","U","MINE #2","LETCHER","CLARK MINING, INC","133","BIT","21","1519327     U     MINE #2                                  LETCHER"]
[{"$nulls":3},"LANDMARK SERVICE COOPERATIVE",{"$nulls":5},"KY","1519328","S","CHERRIES BRANCH # 2","PERRY","KERN COAL COMPANY INC","193","BIT","21","1519328     S     CHERRIES BRANCH # 2                                  PERRY"]
[{"$nulls":3},"LANSING ICE & FUEL",{"$nulls":5},"KY","1519329","S","LANGNAU MINE","CLAY","REED CONSTRUCTION, INC.","051","BIT","21","1519329     S     LANGNAU MINE                                  CLAY"]
[{"$nulls":3},"LAUREL CREEK",{"$nulls":5},"KY","1519331","S","NO. 2 AUGER","LETCHER","STONERIDGE RESOURCES INC.","133","BIT","21","1519331     S     NO. 2 AUGER                                  LETCHER"]
[{"$nulls":3},"LAUREL SAND & STONE",{"$nulls":5},"KY","1519332","S","LICK BRANCH STRIP","PIKE","JAMES RIVER COAL SERVICE COMPA","195","BIT","21","1519332     S     LICK BRANCH STRIP                                  PIKE"]
[{"$nulls":3},"LCRA GAS",{"$nulls":5},"KY","1519333","U","NO 7-D","PIKE","DAGS BRANCH COAL CO INC","195","BIT","21","1519333     U     NO 7-D                                  PIKE"]
[{"$nulls":3},"LE BELCHER",{"$nulls":5},"KY","1519336","U","JELLICO #1","BELL","BELL COUNTY COAL CORPORATION","013","BIT","21","1519336     U     JELLICO #1                                  BELL"]
[{"$nulls":3},"LEATHERWOOD",{"$nulls":5},"KY","1519337","S","ISLAND CITY","OWSLEY","STAFLAND ENERGY LLC","189","BIT","21","1519337     S     ISLAND CITY                                  OWSLEY"]
[{"$nulls":3},"LECKRONE MINE",{"$nulls":5},"KY","1519340","U","NO 1","PIKE","COAL MINING INC","195","BIT","21","1519340     U     NO 1                                  PIKE"]
[{"$nulls":3},"LEE RANCH",{"$nulls":5},"KY","1519342","S","BUCKHORN SURFACE #2","PERRY","REVELATION ENERGY, LLC","193","BIT","21","1519342     S     BUCKHORN SURFACE #2                                  PERRY"]
[{"$nulls":3},"LEFT FORK MINING",{"$nulls":5},"KY","1519343","S","F2-680","FLOYD","FRASURE CREEK MINING LLC","071","BIT","21","1519343     S     F2-680                                  FLOYD"]
[{"$nulls":3},"LEHIGH VALLEY COAL",{"$nulls":5},"KY","1519344","S","EQUALITY","OHIO","ARMSTRONG COAL COMPANY INC","183","BIT","21","1519344     S     EQUALITY                                  OHIO"]
[{"$nulls":3},"LEIGHOW",{"$nulls":5},"KY","1519345","P","ARMSTRONG PREP AND DOCK FACILI","OHIO","ARMSTRONG COAL COMPANY INC","183","BIT","21","1519345     P     ARMSTRONG PREP AND DOCK FACILI                                  OHIO"]
[{"$nulls":3},"LEMMEN OIL",{"$nulls":5},"KY","1519346","S","MINE #2","CLAY","ROBINSON COAL COMPANY INCORPOR","051","BIT","21","1519346     S     MINE #2                                  CLAY"]
[{"$nulls":3},"LEWIS MINE",{"$nulls":5},"KY","1519347","U","#3","FLOYD","BLACK THUNDER MINING INC","071","BIT","21","1519347     U     #3                                  FLOYD"]
[{"$nulls":3},"LG&E",{"$nulls":5},"KY","1519348","S","DOWIS CHAPEL JOB","WHITLEY","MOUNTAINSIDE COAL","235","BIT","21","1519348     S     DOWIS CHAPEL JOB                                  WHITLEY"]
[{"$nulls":3},"LIBERTY",{"$nulls":5},"KY","1519351","S","EAGLE #1","ELLIOTT","IRON EAGLE ENTERPRISES LLC","063","BIT","21","1519351     S     EAGLE #1                                  ELLIOTT"]
[{"$nulls":3},"LICK SIDING",{"$nulls":5},"KY","1519353","S","SHUTTE #1","KNOTT","JAMES RIVER COAL SERVICE COMPA","119","BIT","21","1519353     S     SHUTTE #1                                  KNOTT"]
[{"$nulls":3},"LILY GROUP INC",{"$nulls":5},"KY","1519355","S","RUST # 1","OHIO","VALLEY MINING, INC.","183","BIT","21","1519355     S     RUST # 1                                  OHIO"]
[{"$nulls":3},"LIONHEART COAL",{"$nulls":5},"KY","1519356","P","PARKWAY MINE SURFACE FACILITIE","MUHLENBERG","ARMSTRONG COAL COMPANY INC","177","BIT","21","1519356     P     PARKWAY MINE SURFACE FACILITIE                                  MUHLENBERG"]
[{"$nulls":3},"LITTLE ELK MINING",{"$nulls":5},"KY","1519357","U","NO. 1","PIKE","SUPERIOR MINING LLC","195","BIT","21","1519357     U     NO. 1                                  PIKE"]
[{"$nulls":3},"LLOYD AGGREGATE",{"$nulls":5},"KY","1519358","U","PARKWAY MINE","MUHLENBERG","ARMSTRONG COAL COMPANY INC","177","BIT","21","1519358     U     PARKWAY MINE                                  MUHLENBERG"]
[{"$nulls":3},"LOGAN & KANAWHA COAL COMPANY",{"$nulls":5},"KY","1519359","S","AUGER # 1 S/N 146491","PIKE","AUGUSTUS AUGERING & CONTRACTIN","195","BIT","21","1519359     S     AUGER # 1 S/N 146491                                  PIKE"]
[{"$nulls":3},"LONG FORK",{"$nulls":5},"KY","1519360","S","MASSEY HWM #11","HARLAN","COALGOOD ENERGY CO","095","BIT","21","1519360     S     MASSEY HWM #11                                  HARLAN"]
[{"$nulls":3},"LONG ISLAND POWER AUTHORITY",{"$nulls":5},"KY","1519363","S","D. BEST MINING","LEE","D. BEST MINING, INC.","129","BIT","21","1519363     S     D. BEST MINING                                  LEE"]
[{"$nulls":3},"LOUIS DREYFUS ENERGY",{"$nulls":5},"KY","1519364","S","UPPER SECOND CREEK PORTALS","PERRY","PERRY COUNTY COAL CORPORATION","193","BIT","21","1519364     S     UPPER SECOND CREEK PORTALS                                  PERRY"]
[{"$nulls":3},"LOUISIANA INTERSTATE GAS",{"$nulls":5},"KY","1519365","P","SCHOATE PREPARATION PLANT","MUHLENBERG","OXFORD MINING COMPANY-KENTUCKY","177","BIT","21","1519365     P     SCHOATE PREPARATION PLANT                                  MUHLENBERG"]
[{"$nulls":3},"LOVERIDGE MINE",{"$nulls":5},"KY","1519366","S","NO 1","ELLIOTT","BOZINE INVESTMENTS LLC","063","BIT","21","1519366     S     NO 1                                  ELLIOTT"]
[{"$nulls":3},"LOZIER OIL",{"$nulls":5},"KY","1519368","S","MILL CREEK 1","LAWRENCE","ADVANCE ENERGY II LLC","127","BIT","21","1519368     S     MILL CREEK 1                                  LAWRENCE"]
[{"$nulls":3},"LR CHAPMAN",{"$nulls":5},"KY","1519369","S","#4","WHITLEY","EMLYN COAL PROCESSING LLC","235","BIT","21","1519369     S     #4                                  WHITLEY"]
[{"$nulls":3},"LSP-WHITEWATER",{"$nulls":5},"KY","1519370","S","WILGAR REFUSE PILE","PIKE","LANDFALL MINING INC","195","BIT","21","1519370     S     WILGAR REFUSE PILE                                  PIKE"]
[{"$nulls":3},"LUEBBERING OIL CO",{"$nulls":5},"KY","1519371","S","HARMONDS BRANCH","PIKE","MAJOR ELKHORN MINING LLC","195","BIT","21","1519371     S     HARMONDS BRANCH                                  PIKE"]
[{"$nulls":3},"LUKE",{"$nulls":5},"KY","1519372","S","BLACKHAWK #1 SURFACE MINE","FLOYD","BLACKHAWK MINING LLC","071","BIT","21","1519372     S     BLACKHAWK #1 SURFACE MINE                                  FLOYD"]
[{"$nulls":3},"LUMINANT TRADING",{"$nulls":5},"KY","1519374","U","RIVER VIEW MINE","UNION","RIVER VIEW COAL LLC","225","BIT","21","1519374     U     RIVER VIEW MINE                                  UNION"]
[{"$nulls":3},"LYKINS OIL",{"$nulls":5},"KY","1519376","S","MINE RECLAMATION","PIKE","LCC KENTUCKY LLC","195","BIT","21","1519376     S     MINE RECLAMATION                                  PIKE"]
[{"$nulls":3},"LYNCH COMPLEX",{"$nulls":5},"KY","1519377","S","TEGES #1","CLAY","JACKSON COAL COMPANY INC","051","BIT","21","1519377     S     TEGES #1                                  CLAY"]
[{"$nulls":3},"LYONDELL",{"$nulls":5},"KY","1519379","U","NO. 1","LAWRENCE","TORCHLIGHT ENERGY INC","127","BIT","21","1519379     U     NO. 1                                  LAWRENCE"]
[{"$nulls":3},"M&J PREMIUM",{"$nulls":5},"KY","1519382","S","PHOENIX","PIKE"," MT. STERLING ENERGY MINING","195","BIT","21","1519382     S     PHOENIX                                  PIKE"]
[{"$nulls":3},"MACMILLAN OIL CO",{"$nulls":5},"KY","1519383","S","BIG SANDY REFUSE","PIKE","LANDFALL MINING INC","195","BIT","21","1519383     S     BIG SANDY REFUSE                                  PIKE"]
[{"$nulls":3},"MACQUARIE COOK",{"$nulls":5},"KY","1519384","U","OLDHOUSE BRANCH","LESLIE","BLEDSOE COAL CORPORATION","131","BIT","21","1519384     U     OLDHOUSE BRANCH                                  LESLIE"]
[{"$nulls":3},"MADISON GAS AND ELECTRIC CO",{"$nulls":5},"KY","1519390","S","PE 11 FACE-UP","PIKE","VIPER COAL, LLC","195","BIT","21",{"$f":"K901&\"     \"&L901&\"     \"&M901&\"                                  \"&N901","v":"1519390     S     PE 11 FACE-UP                                  PIKE"}]
[{"$nulls":3},"MAGELLAN",{"$nulls":5},"KY","1519391","S","SOUTH FORK MINE","BREATHITT","ICG HAZARD LLC","025","BIT","21","1519391     S     SOUTH FORK MINE                                  BREATHITT"]
[{"$nulls":3},"MAGNUM COAL SALES",{"$nulls":5},"KY","1519392","S","HIGHWALL MINER #64","HARLAN","FOX KNOB COAL CO. INC.","095","BIT","21","1519392     S     HIGHWALL MINER #64                                  HARLAN"]
[{"$nulls":3},"MAGNUS ENERGY MARKETING",{"$nulls":5},"KY","1519393","S","CANE BRANCH ELKHORN #2","PIKE","BOWMAN-COOK CONSTRUCTION CO.,","195","BIT","21","1519393     S     CANE BRANCH ELKHORN #2                                  PIKE"]
[{"$nulls":3},"MAHER OIL",{"$nulls":5},"KY","1519394","U","NO. 1","PIKE","MG ENERGY LLC","195","BIT","21","1519394     U     NO. 1                                  PIKE"]
[{"$nulls":3},"MAMMOTH COAL",{"$nulls":5},"KY","1519395","U","CLOVERLICK #2","HARLAN","JARISA, INC.","095","BIT","21","1519395     U     CLOVERLICK #2                                  HARLAN"]
[{"$nulls":3},"MANALPAN MINING",{"$nulls":5},"KY","1519396","S","PERSIMMON #1","PIKE","CLINTWOOD ELKHORN MINING","195","BIT","21","1519396     S     PERSIMMON #1                                  PIKE"]
[{"$nulls":3},"MANSFIELD",{"$nulls":5},"KY","1519400","U","#88","KNOTT","LEECO, INC.","119","BIT","21","1519400     U     #88                                  KNOTT"]
[{"$nulls":3},"MAPLE COAL COMPANY",{"$nulls":5},"KY","1519402","S","WAYLAND REFUSE PILE","FLOYD","COAL OPERATOR 1, LLC","071","BIT","21","1519402     S     WAYLAND REFUSE PILE                                  FLOYD"]
[{"$nulls":3},"MAPLES GAS",{"$nulls":5},"KY","1519403","S","DAVENPORT COAL CO, LLC.","WHITLEY","C & T EXCAVATORS, LLC.","235","BIT","21","1519403     S     DAVENPORT COAL CO, LLC.                                  WHITLEY"]
[{"$nulls":3},"MARABOU MIDSTREAM SERVICES",{"$nulls":5},"KY","1519404","S","GIBRALTER SLURRY RECOVERY","MUHLENBERG","GREEN ENERGY HOLDINGS, LLC","177","BIT","21","1519404     S     GIBRALTER SLURRY RECOVERY                                  MUHLENBERG"]
[{"$nulls":3},"MARATHON",{"$nulls":5},"KY","1519407","S","EASTFORK SURFACE MINE","OHIO","ARMSTRONG COAL COMPANY INC","183","BIT","21","1519407     S     EASTFORK SURFACE MINE                                  OHIO"]
[{"$nulls":3},"MARIETTA COAL",{"$nulls":5},"KY","1519408","U","HANCE MINE NO. 1","BELL","TENNCO ENERGY, INC.","013","BIT","21","1519408     U     HANCE MINE NO. 1                                  BELL"]
[{"$nulls":3},"MARION",{"$nulls":5},"KY","1519410","U","TANTROUGH","LESLIE","BLEDSOE COAL CORPORATION","131","BIT","21","1519410     U     TANTROUGH                                  LESLIE"]
[{"$nulls":3},"MARION DOCKS",{"$nulls":5},"KY","1519411","S","JOB 55","LETCHER","PREMIER ELKHORN COAL COMPANY","133","BIT","21","1519411     S     JOB 55                                  LETCHER"]
[{"$nulls":3},"MARION EXCAVATING CORP",{"$nulls":5},"KY","1519413","S","EMMA","FLOYD","ROOSTER CONTRACTING LLC","071","BIT","21","1519413     S     EMMA                                  FLOYD"]
[{"$nulls":3},"MARITIMES & NORTHEAST",{"$nulls":5},"KY","1519415","S","WHITE OAK SURFACE NO 1 MINE","MAGOFFIN","BLACKWATER COAL INC","153","BIT","21","1519415     S     WHITE OAK SURFACE NO 1 MINE                                  MAGOFFIN"]
[{"$nulls":3},"MARK WEST",{"$nulls":5},"KY","1519416","S","BEARVILLE","KNOTT","ICG HAZARD, LLC","119","BIT","21","1519416     S     BEARVILLE                                  KNOTT"]
[{"$nulls":3},"MARSH FORK DEVELOPMENT",{"$nulls":5},"KY","1519417","S","CRESENT RECOVERY PROJECT","MUHLENBERG","B & M RECOVERY","177","BIT","21","1519417     S     CRESENT RECOVERY PROJECT                                  MUHLENBERG"]
[{"$nulls":3},"MARSHALL",{"$nulls":5},"KY","1519418","U","MINE NO. 3","HARLAN","CLOVERLICK COAL COMPANY LLC","095","BIT","21","1519418     U     MINE NO. 3                                  HARLAN"]
[{"$nulls":3},"MARSHALL RESOURCES",{"$nulls":5},"KY","1519419","S","NOBLE MINE #2","PERRY","NOBLE CONSTRUCTION","193","BIT","21","1519419     S     NOBLE MINE #2                                  PERRY"]
[{"$nulls":3},"MARTIN PRODUCTS",{"$nulls":5},"KY","1519420","S","DIABLO WEST SURFACE","MAGOFFIN","LICKING RIVER MINING, LLC","153","BIT","21","1519420     S     DIABLO WEST SURFACE                                  MAGOFFIN"]
[{"$nulls":3},"MASEFIELD",{"$nulls":5},"KY","1519421","S","JELLICO #2","BELL","CLAIBORNE CONTRACTORS","013","BIT","21","1519421     S     JELLICO #2                                  BELL"]
[{"$nulls":3},"MASSEY",{"$nulls":5},"KY","1519422","U","EAGLE 4","PIKE","NEW JET  LLC","195","BIT","21","1519422     U     EAGLE 4                                  PIKE"]
[{"$nulls":3},"MATRIX ENERGY, LLC",{"$nulls":5},"KY","1519424","U","DELAWARE MINE","MCLEAN","WEST KENTUCKY ENERGY COMPANY","149","BIT","21","1519424     U     DELAWARE MINE                                  MCLEAN"]
[{"$nulls":3},"MC MINING",{"$nulls":5},"KY","1519426","S","KY NO 8","HARLAN","BIG RUN MINING, INC.","095","BIT","21","1519426     S     KY NO 8                                  HARLAN"]
[{"$nulls":3},"MCCLURE ENTERPRISES",{"$nulls":5},"KY","1519427","S","BEAR FORK MINE","PIKE","LOCUST GROVE, INC.","195","BIT","21","1519427     S     BEAR FORK MINE                                  PIKE"]
[{"$nulls":3},"MCCOY ELKHORN",{"$nulls":5},"KY","1519428","S","MINE #1","LETCHER","ASHER'S QUALITY COAL CORPORATI","133","BIT","21","1519428     S     MINE #1                                  LETCHER"]
[{"$nulls":3},"MCCRAW OIL & PROPANE",{"$nulls":5},"KY","1519430","U","MINE # 1","HARLAN","YELLOW ROSE COAL, LLC","095","BIT","21","1519430     U     MINE # 1                                  HARLAN"]
[{"$nulls":3},"MCE",{"$nulls":5},"KY","1519431","S","MINE #5","BELL","CLEAR DEVELOPMENT LLC.","013","BIT","21","1519431     S     MINE #5                                  BELL"]
[{"$nulls":3},"MCELROY",{"$nulls":5},"KY","1519432","S","FOUR MILE","BELL","NALLY & HAMILTON ENTERPRISES I","013","BIT","21","1519432     S     FOUR MILE                                  BELL"]
[{"$nulls":3},"MCGILL MINE",{"$nulls":5},"KY","1519433","U","EAGLE 2","PIKE","JET COAL COMPANY INC","195","BIT","21","1519433     U     EAGLE 2                                  PIKE"]
[{"$nulls":3},"MCLEOD WASTE OIL",{"$nulls":5},"KY","1519434","S","#2","FLOYD","M-T COAL COMPANY LLC","071","BIT","21","1519434     S     #2                                  FLOYD"]
[{"$nulls":3},"MCQUARIE COOK ENERGY",{"$nulls":5},"KY","1519435","S","PATTERSON CREEK MINE","WHITLEY","ALDEN RESOURCES LLC","235","BIT","21","1519435     S     PATTERSON CREEK MINE                                  WHITLEY"]
[{"$nulls":3},"MEARS CLYMER",{"$nulls":5},"KY","1519436","S","PATRICK BRANCH NO. 1","LAWRENCE","EXECUTIVE COAL LLC","127","BIT","21","1519436     S     PATRICK BRANCH NO. 1                                  LAWRENCE"]
[{"$nulls":3},"MEDFORD COOP",{"$nulls":5},"KY","1519437","S","BIG BRANCH MINE #1","KNOTT","CDR OPERATIONS INC","119","BIT","21","1519437     S     BIG BRANCH MINE #1                                  KNOTT"]
[{"$nulls":3},"MEG-LYNN",{"$nulls":5},"KY","1519438","U","MINE #17","PIKE","BLAIR COAL CO INC.","195","BIT","21","1519438     U     MINE #17                                  PIKE"]
[{"$nulls":3},"MEPCO OPERATIONS",{"$nulls":5},"KY","1519439","S","JOB #4","JOHNSON","K-JAC ENERGY INC","115","BIT","21","1519439     S     JOB #4                                  JOHNSON"]
[{"$nulls":3},"MERCURIA ",{"$nulls":5},"KY","1519440","S","ROUND MOUNTAIN","WHITLEY","MOUNTAINSIDE COAL","235","BIT","21","1519440     S     ROUND MOUNTAIN                                  WHITLEY"]
[{"$nulls":3},"MERCURIA ENERGY TRADING INC",{"$nulls":5},"KY","1519441","S","ACES BRANCH MINE #9","LESLIE","B & W RESOURCES INC","131","BIT","21","1519441     S     ACES BRANCH MINE #9                                  LESLIE"]
[{"$nulls":3},"MERIDIAN HYDROCARBONS",{"$nulls":5},"KY","1519442","S","BAIN BRANCH #1","KNOX","ALDEN RESOURCES LLC","121","BIT","21","1519442     S     BAIN BRANCH #1                                  KNOX"]
[{"$nulls":3},"MERRILL LYNCH",{"$nulls":5},"KY","1519447","U","KATHLEEN","KNOTT","ICG KNOTT COUNTY LLC","119","BIT","21","1519447     U     KATHLEEN                                  KNOTT"]
[{"$nulls":3},"MERRILL LYNCH COMMODITIES INC",{"$nulls":5},"KY","1519448","S","C & W LAND DEVELOPMENT","LETCHER","C & W LAND DEVELOPMENT","133","BIT","21","1519448     S     C & W LAND DEVELOPMENT                                  LETCHER"]
[{"$nulls":3},"MERRIMAC ENERGY GROUP",{"$nulls":5},"KY","1519449","S","ELK CREEK","CLAY","IKERD MINING LLC","051","BIT","21","1519449     S     ELK CREEK                                  CLAY"]
[{"$nulls":3},"METROPOLITAN UTILITIES DISTRICT",{"$nulls":5},"KY","1519450","S","BMM REFUSE NO. 1","PIKE","HEI SERVICES, LLC","195","BIT","21","1519450     S     BMM REFUSE NO. 1                                  PIKE"]
[{"$nulls":3},"METTIKI",{"$nulls":5},"KY","1519451","S","FINDLAY BRANCH","PIKE","LCC KENTUCKY LLC","195","BIT","21","1519451     S     FINDLAY BRANCH                                  PIKE"]
[{"$nulls":3},"METZ MINE",{"$nulls":5},"KY","1519452","S","STAR MINE","MUHLENBERG","OXFORD MINING COMPANY-KENTUCKY","177","BIT","21","1519452     S     STAR MINE                                  MUHLENBERG"]
[{"$nulls":3},"MFA",{"$nulls":5},"KY","1519453","S","ROUND BOTTOM SURFACE  MINE","PIKE","ROAD FORK DEVELOPMENT COMPANY,","195","BIT","21","1519453     S     ROUND BOTTOM SURFACE  MINE                                  PIKE"]
[{"$nulls":3},"MGC",{"$nulls":5},"KY","1519455","S","HIGHSPLINT STRIP #2 DIXIE 25","HARLAN","DIXIE FUEL COMPANY LLC","095","BIT","21","1519455     S     HIGHSPLINT STRIP #2 DIXIE 25                                  HARLAN"]
[{"$nulls":3},"MGI",{"$nulls":5},"KY","1519456","S","HIGHSPLINT STRIP #3 DIXIE 30","HARLAN","DIXIE FUEL COMPANY LLC","095","BIT","21","1519456     S     HIGHSPLINT STRIP #3 DIXIE 30                                  HARLAN"]
[{"$nulls":3},"MGK LOGISTICS LLC",{"$nulls":5},"KY","1519457","S","HIGHSPLINT STRIP #1 DIXIE 21","HARLAN","DIXIE FUEL COMPANY LLC","095","BIT","21","1519457     S     HIGHSPLINT STRIP #1 DIXIE 21                                  HARLAN"]
[{"$nulls":3},"MICHIGAN CONSOLIDATED",{"$nulls":5},"KY","1519458","S","NO. 1","OWSLEY","DIVERSIFIED MINING, INC.","189","BIT","21","1519458     S     NO. 1                                  OWSLEY"]
[{"$nulls":3},"MICHIGAN GAS UTILITIES",{"$nulls":5},"KY","1519459","S","RIGHT OAKLEY SURFACE","MAGOFFIN","LICKING RIVER MINING, LLC","153","BIT","21","1519459     S     RIGHT OAKLEY SURFACE                                  MAGOFFIN"]
[{"$nulls":3},"MICROGY",{"$nulls":5},"KY","1519460","U","NO 2","PIKE","OAK RIDGE ENERGY INC","195","BIT","21","1519460     U     NO 2                                  PIKE"]
[{"$nulls":3},"MID AMERICAN NATURAL RESOURCES",{"$nulls":5},"KY","1519461","S","NO 2","PIKE","TLT RESOURCES CORPORATION","195","BIT","21","1519461     S     NO 2                                  PIKE"]
[{"$nulls":3},"MIDAMERICAN ENERGY",{"$nulls":5},"KY","1519462","U","LIGGETT #7","HARLAN","LIGGETT MINING LLC","095","BIT","21","1519462     U     LIGGETT #7                                  HARLAN"]
[{"$nulls":3},"MIDCON ENERGY",{"$nulls":5},"KY","1519463","S","BIG SHOAL MINE #1","PIKE","PARAGON COAL LLC","195","BIT","21","1519463     S     BIG SHOAL MINE #1                                  PIKE"]
[{"$nulls":3},"MID-SOUTH SALES",{"$nulls":5},"KY","1519464","S","HARMONDS BRANCH","PIKE","JAMES RIVER COAL SERVICE COMPA","195","BIT","21","1519464     S     HARMONDS BRANCH                                  PIKE"]
[{"$nulls":3},"MID-SOUTH SYNERGY",{"$nulls":5},"KY","1519466","S","ROSE FRANCE MINE","MUHLENBERG","OXFORD MINING COMPANY-KENTUCKY","177","BIT","21","1519466     S     ROSE FRANCE MINE                                  MUHLENBERG"]
[{"$nulls":3},"MIDSTREAM FUEL SERVICE",{"$nulls":5},"KY","1519467","S","JIM'S BRANCH #2","LAWRENCE","BLACK GEM MINING, INC.","127","BIT","21","1519467     S     JIM'S BRANCH #2                                  LAWRENCE"]
[{"$nulls":3},"MIDWEST ENERGY RESOURCES",{"$nulls":5},"KY","1519468","S","M & G #10","BELL","M & G MINING LLC","013","BIT","21","1519468     S     M & G #10                                  BELL"]
[{"$nulls":3},"MIDWESTERN GAS TRANSMISSION COMPANY",{"$nulls":5},"KY","1519469","S","M & G #11","HARLAN","M & G MINING LLC","095","BIT","21","1519469     S     M & G #11                                  HARLAN"]
[{"$nulls":3},"MIECO INC",{"$nulls":5},"KY","1519471","S","CROMONA REFUSE AML ENHANCEMENT","LETCHER","P & L CONSTRUCTION. LLC.","133","BIT","21","1519471     S     CROMONA REFUSE AML ENHANCEMENT                                  LETCHER"]
[{"$nulls":3},"MILES LP GAS",{"$nulls":5},"KY","1519472","S","MEADE BRANCH SURFACE","MARTIN","MARTIN COUNTY COAL CORP","159","BIT","21","1519472     S     MEADE BRANCH SURFACE                                  MARTIN"]
[{"$nulls":3},"MILLARD LEASING",{"$nulls":5},"KY","1519473","S","ADVANTAGE NO. 1 AIR SHAFT","LETCHER","SAPPHIRE COAL COMPANY","133","BIT","21",{"$f":"K965&\"     \"&L965&\"     \"&M965&\"                                  \"&N965","v":"1519473     S     ADVANTAGE NO. 1 AIR SHAFT                                  LETCHER"}]
[{"$nulls":3},"MILLER CREEK",{"$nulls":5},"KY","1519474","S","FONDE #2","BELL","T & T ENERGY","013","BIT","21","1519474     S     FONDE #2                                  BELL"]
[{"$nulls":3},"MILLER TRUCKING CO",{"$nulls":5},"KY","1519475","S","BEECH CREEK SURFACE MINE","PIKE","KENTUCKY FUEL CORPORATION","195","BIT","21","1519475     S     BEECH CREEK SURFACE MINE                                  PIKE"]
[{"$nulls":3},"MINA NORTE",{"$nulls":5},"KY","1519476","S","RATTLESNAKE MINE","PIKE","LCC KENTUCKY LLC","195","BIT","21","1519476     S     RATTLESNAKE MINE                                  PIKE"]
[{"$nulls":3},"MINERAL RECLAMATION",{"$nulls":5},"KY","1519482","S","NO. 1 FACE UP","PIKE","BELCHER & COMPANY EXCAVATING I","195","BIT","21","1519482     S     NO. 1 FACE UP                                  PIKE"]
[{"$nulls":3},"MINERAL TRADING",{"$nulls":5},"KY","1519483","S","JENKINS (MINE 204) DAML PROJEC","LETCHER","D S & M RESOURCES LLC","133","BIT","21","1519483     S     JENKINS (MINE 204) DAML PROJEC                                  LETCHER"]
[{"$nulls":3},"MINNESOTA ENERGY RESOURCES",{"$nulls":5},"KY","1519484","S","MINE #2","KNOX","EVANS COAL CORP","121","BIT","21","1519484     S     MINE #2                                  KNOX"]
[{"$nulls":3},"MINTO ENERGY CORPORATION",{"$nulls":5},"KY","1519485","S","MINE #5","LESLIE","MOUNTAIN SOURCE ENERGY, LLC","131","BIT","21","1519485     S     MINE #5                                  LESLIE"]
[{"$nulls":3},"MIRABITO",{"$nulls":5},"KY","1519486","U","ENGLE HOLLOW MINE #1","KNOX","TRUE ENERGY, LLC","121","BIT","21","1519486     U     ENGLE HOLLOW MINE #1                                  KNOX"]
[{"$nulls":3},"MIRANT",{"$nulls":5},"KY","1519487","S","MINE 1","CLAY","YOUNG MINING, LLC","051","BIT","21","1519487     S     MINE 1                                  CLAY"]
[{"$nulls":3},"MISSISSIPPI LIGNITE MINING",{"$nulls":5},"KY","1519488","U","NO. 25","MARTIN","EAGLE COAL COMPANY INC","159","BIT","21","1519488     U     NO. 25                                  MARTIN"]
[{"$nulls":3},"MISSISSIPPI RIVER TRANS",{"$nulls":5},"KY","1519491","S","MINE #20","BELL","BLACK HAWK MINING, INC.","013","BIT","21","1519491     S     MINE #20                                  BELL"]
[{"$nulls":3},"MLGW PIPELINE",{"$nulls":5},"KY","1519492","U","NO. 3","PIKE","SUPERIOR MINING, LLC","195","BIT","21","1519492     U     NO. 3                                  PIKE"]
[{"$nulls":3},"MOHAWK VALLEY",{"$nulls":5},"KY","1519493","S","NO 1","FLOYD","INDEVA MNG. CO. INC.","071","BIT","21","1519493     S     NO 1                                  FLOYD"]
[{"$nulls":3},"MONTANA-DAKOTA UTILITIES",{"$nulls":5},"KY","1519494","U","NO. 8","MARTIN","COALBURG ENTERPRISES INC.","159","BIT","21","1519494     U     NO. 8                                  MARTIN"]
[{"$nulls":3},"MONTOUR",{"$nulls":5},"KY","1519495","S","MINE #1","JOHNSON","WARRINGTON COAL GROUP LLC","115","BIT","21","1519495     S     MINE #1                                  JOHNSON"]
[{"$nulls":3},"MORGAN",{"$nulls":5},"KY","1519497","U","LIGE HOLLOW","KNOTT","ICG KNOTT COUNTY LLC","119","BIT","21","1519497     U     LIGE HOLLOW                                  KNOTT"]
[{"$nulls":3},"MORGAN & HUNT OIL CO",{"$nulls":5},"KY","1519498","S","PUTNEY #1","HARLAN","CLOVERFORK MINING & EXCAVATING","095","BIT","21","1519498     S     PUTNEY #1                                  HARLAN"]
[{"$nulls":3},"MORGAN STANLEY",{"$nulls":5},"KY","1519499","S","NO. 1","LAWRENCE","ROADWAY UNLIMITED LLC","127","BIT","21","1519499     S     NO. 1                                  LAWRENCE"]
[{"$nulls":3},"MORRISON",{"$nulls":5},"KY","1519500","S","JOHNSON FORK REFUSE PROJECT #1","LETCHER","ADAMS COMPANIES, LLC","133","BIT","21","1519500     S     JOHNSON FORK REFUSE PROJECT #1                                  LETCHER"]
[{"$nulls":3},"MOTIVA ENTERPRISES",{"$nulls":5},"KY","1519501","S","MINE NO 11","PIKE","HUBBLE MINING COMPANY LLC","195","BIT","21","1519501     S     MINE NO 11                                  PIKE"]
[{"$nulls":3},"MOTTS BRANCH",{"$nulls":5},"KY","1519503","S","MITCO JOB #12","CLAY","B&W RESOURCES, INC.","051","BIT","21","1519503     S     MITCO JOB #12                                  CLAY"]
[{"$nulls":3},"MOUNTAIN COAL",{"$nulls":5},"KY","1519505","S","3117","KNOX","BLACK HAWK MINING, INC.","121","BIT","21","1519505     S     3117                                  KNOX"]
[{"$nulls":3},"MOUNTAIN ENERGY RESOURCES",{"$nulls":5},"KY","1519506","S","NO. 2","JOHNSON","BLACKSTONE COAL COMPANY LLC","115","BIT","21","1519506     S     NO. 2                                  JOHNSON"]
[{"$nulls":3},"MOUNTAIN LAUREL",{"$nulls":5},"KY","1519509","S","NO 7","LAWRENCE","COALBURG ENTERPRISES INC","127","BIT","21","1519509     S     NO 7                                  LAWRENCE"]
[{"$nulls":3},"MOUNTAINSIDE COAL",{"$nulls":5},"KY","1519511","S","LEWIS CREEK","OHIO","ARMSTRONG COAL CO.","183","BIT","21","1519511     S     LEWIS CREEK                                  OHIO"]
[{"$nulls":3},"MPS MERCHANT SERVICES",{"$nulls":5},"KY","1519512","S","HIGHWALL MINER # 37","HARLAN","FOX KNOB COAL CO, INC.","095","BIT","21","1519512     S     HIGHWALL MINER # 37                                  HARLAN"]
[{"$nulls":3},"MSR ENERGY AUTHORITY",{"$nulls":5},"KY","1519514","U","D-1 MINE","HARLAN","MANALAPAN MINING CO., INC.","095","BIT","21","1519514     U     D-1 MINE                                  HARLAN"]
[{"$nulls":3},"MUNCE'S SUPERIOR",{"$nulls":5},"KY","1519515","U","MINE #4","PIKE","EXCEL MINING, LLC.","195","BIT","21","1519515     U     MINE #4                                  PIKE"]
[{"$nulls":3},"MUNICIPAL GAS AUTHORITY OF GA",{"$nulls":5},"KY","1519517","S","BOTTOM FORK FACEUP","LETCHER","MOUNTAIN TOP HYDROSEEDING INC","133","BIT","21","1519517     S     BOTTOM FORK FACEUP                                  LETCHER"]
[{"$nulls":3},"MUNIGAS - BP ENERGY",{"$nulls":5},"KY","1519520","S","ED GAUNT","KNOX","ED GAUNT","121","BIT","21","1519520     S     ED GAUNT                                  KNOX"]
[{"$nulls":3},"MUNIGAS - MACQUARIE COOK",{"$nulls":5},"KY","1519521","S","HAYMOND AML","LETCHER","LANDFALL MINING, INCORPORATED","133","BIT","21","1519521     S     HAYMOND AML                                  LETCHER"]
[{"$nulls":3},"MUNIGAS - TENASKA",{"$nulls":5},"KY","1519522","S","REFUSE MINE","FLOYD","VIKING REMINING LLC","071","BIT","21","1519522     S     REFUSE MINE                                  FLOYD"]
[{"$nulls":3},"MURPHY GAS MARKETING",{"$nulls":5},"KY","1519523","S","SURFACE #1","WHITLEY","B & B ENERGY, LLC","235","BIT","21","1519523     S     SURFACE #1                                  WHITLEY"]
[{"$nulls":3},"MURPHY OIL USA",{"$nulls":5},"KY","1519524","S","BOOGER MOUNTAIN","KNOX","M3 ENERGY RESOURCES","121","BIT","21","1519524     S     BOOGER MOUNTAIN                                  KNOX"]
[{"$nulls":3},"N&B ENTERPRISES",{"$nulls":5},"KY","1519526","S","SPRING BRANCH MINE NO 1","PIKE","CENTURIAN OF PIKEVILLE, INC.","195","BIT","21","1519526     S     SPRING BRANCH MINE NO 1                                  PIKE"]
[{"$nulls":3},"NALLY & HAMILTON",{"$nulls":5},"KY","1519527","S","B & R CONSTRUCTION","CLAY","B & R CONSTRUCTION","051","BIT","21","1519527     S     B & R CONSTRUCTION                                  CLAY"]
[{"$nulls":3},"NAME PENDING",{"$nulls":5},"KY","1519528","U","LAUREL FORK #2","CLAY","M3 ENERGY RESOURCES, LLC","051","BIT","21","1519528     U     LAUREL FORK #2                                  CLAY"]
[{"$nulls":3},"NANCY MINE",{"$nulls":5},"KY","1519529","S","LARUE","CLAY","T&T COAL INC.","051","BIT","21","1519529     S     LARUE                                  CLAY"]
[{"$nulls":3},"NATIONAL COAL OF ALABAMA",{"$nulls":5},"KY","1519531","U","WHITE CABIN #9","MARTIN","MARTIN COUNTY COAL CORP.","159","BIT","21","1519531     U     WHITE CABIN #9                                  MARTIN"]
[{"$nulls":3},"NATIONAL ENERGY & TRADE",{"$nulls":5},"KY","1519532","S","ACCESS ENERGY","LETCHER","DEANE MINING LLC","133","BIT","21","1519532     S     ACCESS ENERGY                                  LETCHER"]
[{"$nulls":3},"NATIONAL FUEL GAS",{"$nulls":5},"KY","1519533","U","TRACE FORK 1","LETCHER","CUMBERLAND RIVER COAL COMPANY","133","BIT","21","1519533     U     TRACE FORK 1                                  LETCHER"]
[{"$nulls":3},"NATIONAL FUEL MARKETING",{"$nulls":5},"KY","1519534","U","EAGLE 3","PIKE","JET COAL CO. INC.","195","BIT","21","1519534     U     EAGLE 3                                  PIKE"]
[{"$nulls":3},"NATIONAL FUEL RESOURCES",{"$nulls":5},"KY","1519535","U","KRONOS MINE","OHIO","ARMSTRONG COAL COMPANY","183","BIT","21","1519535     U     KRONOS MINE                                  OHIO"]
[{"$nulls":3},"NATIONAL GRID",{"$nulls":5},"KY","1519536","S","MINE NO 1","WHITLEY","DENALI ENERGY GROUP, LLC","235","BIT","21","1519536     S     MINE NO 1                                  WHITLEY"]
[{"$nulls":3},"NATURAL GAS EXCHANGE",{"$nulls":5},"KY","1519538","S","NO 3","JOHNSON","BLACKSTONE COAL COMPANY LLC","115","BIT","21","1519538     S     NO 3                                  JOHNSON"]
[{"$nulls":3},"NATURAL GAS PIPELINE",{"$nulls":5},"KY","1519539","U","MINE NO 5","BELL","A & M COAL CO., INC.","013","BIT","21","1519539     U     MINE NO 5                                  BELL"]
[{"$nulls":3},"NAUGHTON ENERGY",{"$nulls":5},"KY","1519540","S","16 SALEM MC","LETCHER","JEAN COAL COMPANY LLC","133","BIT","21","1519540     S     16 SALEM MC                                  LETCHER"]
[{"$nulls":3},"NAVAJO TRIBAL AUTHORITY",{"$nulls":5},"KY","1519541","U","7-E","PIKE","DAGS BRANCH COAL CO, INC.","195","BIT","21","1519541     U     7-E                                  PIKE"]
[{"$nulls":3},"NCG1",{"$nulls":5},"KY","1519542","S","BEAR BRANCH MINE","PERRY","LOCUST GROVE, INC.","193","BIT","21","1519542     S     BEAR BRANCH MINE                                  PERRY"]
[{"$nulls":3},"NCGA",{"$nulls":5},"KY","1519544","S","NO 9","PIKE","APEX ENERGY, INC.","195","BIT","21","1519544     S     NO 9                                  PIKE"]
[{"$nulls":3},"NE/IA SUPPLY",{"$nulls":5},"KY","1519545","S","MINE #6","KNOX","CLEAR DEVELOPMENT, LLC","121","BIT","21","1519545     S     MINE #6                                  KNOX"]
[{"$nulls":3},"NEBRASKA IOWA SUPPLY",{"$nulls":5},"KY","1519548","S","SURFACE #4","JOHNSON","MINE RITE COAL CO INC","115","BIT","21","1519548     S     SURFACE #4                                  JOHNSON"]
[{"$nulls":3},"NEGT",{"$nulls":5},"KY","1519550","S","BEGLEY RESOURCES #1","LESLIE","T & T ENERGY, LLC","131","BIT","21","1519550     S     BEGLEY RESOURCES #1                                  LESLIE"]
[{"$nulls":3},"NET",{"$nulls":5},"KY","1519551","S","MARROWBONE","LESLIE","NALLY & HAMILTON ENTERPRISES I","131","BIT","21","1519551     S     MARROWBONE                                  LESLIE"]
[{"$nulls":3},"NEVADA POWER",{"$nulls":5},"KY","1519552","S","HUBBS CREEK SURFACE MINE","KNOX","MOUNTAINSIDE COAL","121","BIT","21","1519552     S     HUBBS CREEK SURFACE MINE                                  KNOX"]
[{"$nulls":3},"NEW BRAUNFELS",{"$nulls":5},"KY","1519553","S","CANEY SHAFT SURFACE","MARTIN","MARTIN COUNTY COAL CORP","159","BIT","21","1519553     S     CANEY SHAFT SURFACE                                  MARTIN"]
[{"$nulls":3},"NEW HORIZON MINE",{"$nulls":5},"KY","1519554","S","NO 1","HARLAN","B & B COAL COMPANY INC","095","BIT","21","1519554     S     NO 1                                  HARLAN"]
[{"$nulls":3},"NEW JERSEY NATURAL GAS",{"$nulls":5},"KY","1519555","S","N.A.A.M. NO. 21","MUHLENBERG","NORTH AMERICAN AUGER MINING, I","177","BIT","21","1519555     S     N.A.A.M. NO. 21                                  MUHLENBERG"]
[{"$nulls":3},"NEW RIDGE MINING",{"$nulls":5},"KY","1519556","S","MINE NO 1","ELLIOTT","BLACK DIAMOND INC.","063","BIT","21","1519556     S     MINE NO 1                                  ELLIOTT"]
[{"$nulls":3},"NEW RIVER",{"$nulls":5},"KY","1519557","S","BUCYRUS HIGHWALL MINER #72","PIKE","ALPHA HIGHWALL MINING LLC","195","BIT","21","1519557     S     BUCYRUS HIGHWALL MINER #72                                  PIKE"]
[{"$nulls":3},"NEXEN",{"$nulls":5},"KY","1519558","S","AUGER  NO. 2    SN #11","PIKE","TLT RESOURCES CORP.","195","BIT","21","1519558     S     AUGER  NO. 2    SN #11                                  PIKE"]
[{"$nulls":3},"NEXTERA",{"$nulls":5},"KY","1519559","S","LOWER ELKHORN FACE UP","KNOTT","SAMUEL COAL COMPANY INC","119","BIT","21","1519559     S     LOWER ELKHORN FACE UP                                  KNOTT"]
[{"$nulls":3},"NFMCO",{"$nulls":5},"KY","1519560","S","SMOOT CREEK NO. 1","LETCHER","SAPPHIRE COAL COMPANY","133","BIT","21","1519560     S     SMOOT CREEK NO. 1                                  LETCHER"]
[{"$nulls":3},"NFMCO ",{"$nulls":5},"KY","1519563","U","MINE #4","FLOYD","SUPERIOR MINING MINE NO 4 LLC","071","BIT","21",{"$f":"K1029&\"     \"&L1029&\"     \"&M1029&\"                                  \"&N1029","v":"1519563     U     MINE #4                                  FLOYD"}]
[{"$nulls":3},"NGPL",{"$nulls":5},"KY","1519564","S","AUGER NO. 11","PIKE","LABCO, LLC","195","BIT","21","1519564     S     AUGER NO. 11                                  PIKE"]
[{"$nulls":3},"NGTS",{"$nulls":5},"KY","1519565","S","NO. 1 FACE UP","FLOYD","INDEVA MINING CO, INC.","071","BIT","21","1519565     S     NO. 1 FACE UP                                  FLOYD"]
[{"$nulls":3},"NIAGARA MOHAWK POWER CORP",{"$nulls":5},"KY","1519566","S","#6","MARTIN","MAYO RESOURCES INC","159","BIT","21","1519566     S     #6                                  MARTIN"]
[{"$nulls":3},"NIC HOLDINGS INC",{"$nulls":5},"KY","1519570","S","BEDROCK","BELL","T&T ENERGY LLC","013","BIT","21","1519570     S     BEDROCK                                  BELL"]
[{"$nulls":3},"NICOR",{"$nulls":5},"KY","1519571","S","MINE #7","WHITLEY","CLEAR DEVELOPMENT, LLC","235","BIT","21","1519571     S     MINE #7                                  WHITLEY"]
[{"$nulls":3},"NIPSCO",{"$nulls":5},"KY","1519572","S","MOBILE AUGER #3 UNIT 57","OHIO","VALLEY MINING, INC.","183","BIT","21","1519572     S     MOBILE AUGER #3 UNIT 57                                  OHIO"]
[{"$nulls":3},"NISKA GAS STORAGE",{"$nulls":5},"KY","1519573","S","NO. 1","LESLIE","FRANK PARKS CONTRACT AUGERING,","131","BIT","21","1519573     S     NO. 1                                  LESLIE"]
[{"$nulls":3},"NISOURCE",{"$nulls":5},"KY","1519574","S","COAL STONE","BELL","NALLY & HAMILTON ENTERPRISES I","013","BIT","21","1519574     S     COAL STONE                                  BELL"]
[{"$nulls":3},"NJR ENERGY SERVICES CO",{"$nulls":5},"KY","1519575","S","NO 1","PIKE","D & D MINING INC","195","BIT","21","1519575     S     NO 1                                  PIKE"]
[{"$nulls":3},"NOBLE AMERICAS GAS & POWER",{"$nulls":5},"KY","1519577","S","NO 1","LETCHER","HALCO SERVICES L L C","133","BIT","21","1519577     S     NO 1                                  LETCHER"]
[{"$nulls":3},"NOBLE ENERGY MARKETING",{"$nulls":5},"KY","1519578","S","CAROUSEL #1","LETCHER","PINE CREEK MINING, INC.","133","BIT","21","1519578     S     CAROUSEL #1                                  LETCHER"]
[{"$nulls":3},"NOBLE GAS MARKETING",{"$nulls":5},"KY","1519579","S","MINIARD BRANCH MINE","LESLIE","BLEDSOE COAL CORPORATION","131","BIT","21","1519579     S     MINIARD BRANCH MINE                                  LESLIE"]
[{"$nulls":3},"NOCO",{"$nulls":5},"KY","1519580","S","NO 2","LESLIE","FRANK PARKS CONTRACT AUGERING","131","BIT","21","1519580     S     NO 2                                  LESLIE"]
[{"$nulls":3},"NOCOR",{"$nulls":5},"KY","1519581","S","KYZ RED OAK MINE #1","KNOTT","KYZ RED OAK RESOURCES LLC","119","BIT","21","1519581     S     KYZ RED OAK MINE #1                                  KNOTT"]
[{"$nulls":3},"NORTH ANTELOPE",{"$nulls":5},"KY","1519582","S","GRAY'S EXCAVATING INC MINE #4","CLAY","GRAY'S EXCAVATING INC.","051","BIT","21","1519582     S     GRAY'S EXCAVATING INC MINE #4                                  CLAY"]
[{"$nulls":3},"NORTH BAY ENERGY",{"$nulls":5},"KY","1519584","S","B & R CONSTRUCTION #2","CLAY","B & R CONSTRUCTION","051","BIT","21","1519584     S     B & R CONSTRUCTION #2                                  CLAY"]
[{"$nulls":3},"NORTH SPRINGS",{"$nulls":5},"KY","1519585","S","GHM #30","KNOX","GREEN HILL MINING, INC","121","BIT","21","1519585     S     GHM #30                                  KNOX"]
[{"$nulls":3},"NORTHAMPTON",{"$nulls":5},"KY","1519586","S","HWM MS0002","KNOTT","KENTUCKY FUEL CORPORATION","119","BIT","21","1519586     S     HWM MS0002                                  KNOTT"]
[{"$nulls":3},"NORTHERN NATURAL",{"$nulls":5},"KY","1519587","S","JOB -1","LETCHER","STONE RIDGE RESOURCES INC.","133","BIT","21","1519587     S     JOB -1                                  LETCHER"]
[{"$nulls":3},"NORTHVILLE",{"$nulls":5},"KY","1519588","S","BLACKHAWK #4 SURFACE MINE","FLOYD","BLACKHAWK MINING LLC","071","BIT","21","1519588     S     BLACKHAWK #4 SURFACE MINE                                  FLOYD"]
[{"$nulls":3},"NORTHWEST PETROLEUM COMPANY",{"$nulls":5},"KY","1519590","S","JOB 56","PIKE","PREMIER ELKHORN COAL COMPANY","195","BIT","21","1519590     S     JOB 56                                  PIKE"]
[{"$nulls":3},"NORTHWEST PIPELINE",{"$nulls":5},"KY","1519593","S","MILLER BRANCH #1","BREATHITT","RED BUSH LLC","025","BIT","21","1519593     S     MILLER BRANCH #1                                  BREATHITT"]
[{"$nulls":3},"NORTHWESTERN ENERGY",{"$nulls":5},"KY","1519594","S","JOB #1","WHITLEY","PHIPPS EXCAVATING LLC","235","BIT","21","1519594     S     JOB #1                                  WHITLEY"]
[{"$nulls":3},"NRG",{"$nulls":5},"KY","1519595","S","SUPERIOR HIGHWALL MINER SYSTEM","PIKE","MARTIN COUNTY COAL CORP","195","BIT","21","1519595     S     SUPERIOR HIGHWALL MINER SYSTEM                                  PIKE"]
[{"$nulls":3},"NRJ",{"$nulls":5},"KY","1519597","S","NO. 2","FLOYD","PAGETON TRUCKING LLC","071","BIT","21","1519597     S     NO. 2                                  FLOYD"]
[{"$nulls":3},"NS ORIGIN",{"$nulls":5},"KY","1519598","S","POUNDMILL MINE NO. 90","PERRY","BLUE DIAMOND COAL COMPANY","193","BIT","21","1519598     S     POUNDMILL MINE NO. 90                                  PERRY"]
[{"$nulls":3},"NWPL",{"$nulls":5},"KY","1519600","S","STRAY #1","BELL","STONY FORK MINING, INC.","013","BIT","21","1519600     S     STRAY #1                                  BELL"]
[{"$nulls":3},"NWPL - SUMAS",{"$nulls":5},"KY","1519601","S","#107","BELL","L C & C ENERGY INCORPORATED","013","BIT","21","1519601     S     #107                                  BELL"]
[{"$nulls":3},"O G E ENERGY",{"$nulls":5},"KY","1519602","S","NO 1","PIKE","FASTRAC MINING LLC","195","BIT","21","1519602     S     NO 1                                  PIKE"]
[{"$nulls":3},"OAK GROVE",{"$nulls":5},"KY","1519604","S","BEAVER MINE NO. 1","PIKE","MILL BRANCH PROCESSING, INC.","195","BIT","21","1519604     S     BEAVER MINE NO. 1                                  PIKE"]
[{"$nulls":3},"OAK HILL",{"$nulls":5},"KY","1519605","S","NO. 1","PIKE","AMERICAN COAL ENERGY LLC","195","BIT","21","1519605     S     NO. 1                                  PIKE"]
[{"$nulls":3},"OAK MOUNTAIN PRODUCTS",{"$nulls":5},"KY","1519606","S","H119 (HIGHWALL MINER)","KNOTT","FRASURE CREEK MINING, LLC","119","BIT","21","1519606     S     H119 (HIGHWALL MINER)                                  KNOTT"]
[{"$nulls":3},"OASIS",{"$nulls":5},"KY","1519608","S","NO 2","BELL","TACKETT CREEK MINING INC","013","BIT","21","1519608     S     NO 2                                  BELL"]
[{"$nulls":3},"OCCIDENTAL ENERGY",{"$nulls":5},"KY","1519610","S","HIGHWALL MINER MINE NO. 1","FLOYD","COAL MINING INC.","071","BIT","21","1519610     S     HIGHWALL MINER MINE NO. 1                                  FLOYD"]
[{"$nulls":3},"OCCIDENTAL ENERGY MARKETING",{"$nulls":5},"KY","1519611","S","TINSLEY BRANCH","KNOX","NALLY & HAMILTON ENTERPRISES I","121","BIT","21","1519611     S     TINSLEY BRANCH                                  KNOX"]
[{"$nulls":3},"ODESSA FUELS MARKETING",{"$nulls":5},"KY","1519613","S","AUGER SERIAL # MBS11 FEDS CREE","PIKE","JAYMAX COAL RESOURCES, LLC","195","BIT","21","1519613     S     AUGER SERIAL # MBS11 FEDS CREE                                  PIKE"]
[{"$nulls":3},"ODYSSEY",{"$nulls":5},"KY","1519614","S","MAPLE CREEK MINE #1","WHITLEY","ALDEN RESOURCES, LLC","235","BIT","21","1519614     S     MAPLE CREEK MINE #1                                  WHITLEY"]
[{"$nulls":3},"OFFEN PETROLEUM INC",{"$nulls":5},"KY","1519615","S","MCC ADDCAR HWM SYSTEM 23","MARTIN","MARTIN COUNTY COAL CORP","159","BIT","21","1519615     S     MCC ADDCAR HWM SYSTEM 23                                  MARTIN"]
[{"$nulls":3},"OGE ENERGY",{"$nulls":5},"KY","1519617","S","BINGHAM JOB #13","OWSLEY","B & W RESOURCES, INC.","189","BIT","21","1519617     S     BINGHAM JOB #13                                  OWSLEY"]
[{"$nulls":3},"OHIO AMERICAN ENERGY",{"$nulls":5},"KY","1519618","S","MARY HELEN #1","HARLAN","ROBERT CLEAR COAL CORPORATION","095","BIT","21","1519618     S     MARY HELEN #1                                  HARLAN"]
[{"$nulls":3},"OHVEC",{"$nulls":5},"KY","1519620","S","#1","LETCHER","BITCO RESOURCES INC.","133","BIT","21","1519620     S     #1                                  LETCHER"]
[{"$nulls":3},"OLIN CHLOR ALKALI",{"$nulls":5},"KY","1519621","S","BUCYRUS HIGHWALL MINER #76","PIKE","ALPHA HIGHWALL MINING LLC","195","BIT","21","1519621     S     BUCYRUS HIGHWALL MINER #76                                  PIKE"]
[{"$nulls":3},"OLSON OIL COMPANY",{"$nulls":5},"KY","1519622","S","JOB 51","PIKE","PREMIER ELKHORN COAL COMPANY","195","BIT","21","1519622     S     JOB 51                                  PIKE"]
[{"$nulls":3},"OMAR MINING",{"$nulls":5},"KY","1519625","S","NO 9","MARTIN","COALBURG ENTERPRISES INC.","159","BIT","21","1519625     S     NO 9                                  MARTIN"]
[{"$nulls":3},"OMNI COAL GROUP",{"$nulls":5},"KY","1519626","S","MC S/N 22","PERRY","AUGUSTUS AUGERING & CONTRACTIN","193","BIT","21","1519626     S     MC S/N 22                                  PERRY"]
[{"$nulls":3},"ONE ENERGY MARKETING AND TRADING",{"$nulls":5},"LA","1601031","S","DOLET HILLS LIGNITE COMPANY","DE SOTO","DOLET HILLS LIGNITE COMPANY LL","031","LIG","22","1601031     S     DOLET HILLS LIGNITE COMPANY                                  DE SOTO"]
[{"$nulls":3},"ONEOK",{"$nulls":5},"LA","1601164","S","OXBOW LIGNITE SURFACE MINE","NATCHITOCHES PARISH","RED RIVER MINING","069","LIG","22","1601164     S     OXBOW LIGNITE SURFACE MINE                                  NATCHITOCHES PARISH"]
[{"$nulls":3},"ONEOK ENERGY MARKETING AND TRADING",{"$nulls":5},"LA","1601499","S","FIVE FORKS MINE","NATCHITOCHES PARISH","DEMERY RESOURCES COMPANY, L.L.","069","LIG","22","1601499     S     FIVE FORKS MINE                                  NATCHITOCHES PARISH"]
[{"$nulls":3},"ONEOK ENERGY SERVICES",{"$nulls":5},"MD","1800132","S","WIN-MORE MINING","ALLEGANY","CLISE COAL COMPANY, INC.","001","BIT","24","1800132     S     WIN-MORE MINING                                  ALLEGANY"]
[{"$nulls":3},"ONYX GAS MARKETING CO",{"$nulls":5},"MD","1800133","S","CABIN RUN","ALLEGANY","VINDEX ENERGY CORPORATION","001","BIT","24","1800133     S     CABIN RUN                                  ALLEGANY"]
[{"$nulls":3},"OPTIM ENERGY MARKETING",{"$nulls":5},"MD","1800170","S","JACKSON MOUNTAIN","ALLEGANY","VINDEX ENERGY CORPORATION","001","BIT","24","1800170     S     JACKSON MOUNTAIN                                  ALLEGANY"]
[{"$nulls":3},"ORLANDO UTILITIES",{"$nulls":5},"MD","1800372","S","NO 1 STRIP","GARRETT","G & S COAL COMPANY INC","023","BIT","24","1800372     S     NO 1 STRIP                                  GARRETT"]
[{"$nulls":3},"OVEC POWER",{"$nulls":5},"MD","1800391","S","NO 1 STRIP","ALLEGANY","BEECHWOOD COAL LLC","001","BIT","24","1800391     S     NO 1 STRIP                                  ALLEGANY"]
[{"$nulls":3},"OXBOW CARBON & MINERALS",{"$nulls":5},"MD","1800529","S","COBRA NO 1","ALLEGANY","COBRA MINING INC","001","BIT","24","1800529     S     COBRA NO 1                                  ALLEGANY"]
[{"$nulls":3},"OXFORD MINING COMPANY",{"$nulls":5},"MD","1800534","S","NO 1 MINE","ALLEGANY","CLISE COAL COMPANY INC","001","BIT","24","1800534     S     NO 1 MINE                                  ALLEGANY"]
[{"$nulls":3},"OXY CANADA",{"$nulls":5},"MD","1800539","S","TIPPLE NO.1","ALLEGANY","FRANKLIN COAL YARD, LLP","001","BIT","24","1800539     S     TIPPLE NO.1                                  ALLEGANY"]
[{"$nulls":3},"OXY USA",{"$nulls":5},"MD","1800630","S","#1 STRIP","GARRETT","PINE MOUNTAIN COAL COMPANY, IN","023","BIT","24","1800630     S     #1 STRIP                                  GARRETT"]
[{"$nulls":3},"OZARK NATURAL GAS",{"$nulls":5},"MD","1800671","P","METTIKI GENERAL","GARRETT","METTIKI COAL LLC","023","BIT","24","1800671     P     METTIKI GENERAL                                  GARRETT"]
[{"$nulls":3},"P & M COAL",{"$nulls":5},"MD","1800709","P","FROSTBURG BLEND YARD","ALLEGANY","VINDEX ENERGY CORPORATION","001","BIT","24","1800709     P     FROSTBURG BLEND YARD                                  ALLEGANY"]
[{"$nulls":3},"P&N COAL COMPANY",{"$nulls":5},"MD","1800713","S","JOB #3","ALLEGANY","TRI-STAR MINING INC","001","BIT","24","1800713     S     JOB #3                                  ALLEGANY"]
[{"$nulls":3},"PACIFIC BIODIESEL",{"$nulls":5},"MD","1800730","S","COMMONWEALTH","ALLEGANY","JENKINS DEVELOPMENT COMPANY","001","BIT","24","1800730     S     COMMONWEALTH                                  ALLEGANY"]
[{"$nulls":3},"PACIFIC GAS & ELECTRIC",{"$nulls":5},"MD","1800744","S","NO 1 STRIP","ALLEGANY","G & S COAL COMPANY INC","001","BIT","24","1800744     S     NO 1 STRIP                                  ALLEGANY"]
[{"$nulls":3},"PACIFIC SUMMIT",{"$nulls":5},"MD","1800746","S","NO 1 YARD","ALLEGANY","CLISE COAL COMPANY INC","001","BIT","24","1800746     S     NO 1 YARD                                  ALLEGANY"]
[{"$nulls":3},"PAGNOTTI ENTERPRISES INC",{"$nulls":5},"MD","1800748","U","TAYLOR # 1","ALLEGANY","ARJ CONSTRUCTION COMPANY INC","001","WC","24",{"$f":"K1093&\"     \"&L1093&\"     \"&M1093&\"                                  \"&N1093","v":"1800748     U     TAYLOR # 1                                  ALLEGANY"}]
[{"$nulls":3},"PAIUTE",{"$nulls":5},"MD","1800748","U","TAYLOR # 1","ALLEGANY","ARJ CONSTRUCTION COMPANY INC","001","BIT","24","1800748     U     TAYLOR # 1                                  ALLEGANY"]
[{"$nulls":3},"PANHANDLE EASTERN PIPELINE",{"$nulls":5},"MD","1800749","S","VINDEX DOUGLAS","GARRETT","VINDEX ENERGY CORPORATION","023","WC","24","1800749     S     VINDEX DOUGLAS                                  GARRETT"]
[{"$nulls":3},"PANTHER CREEK",{"$nulls":5},"MD","1800749","S","VINDEX DOUGLAS","GARRETT","VINDEX ENERGY CORPORATION","023","BIT","24","1800749     S     VINDEX DOUGLAS                                  GARRETT"]
[{"$nulls":3},"PAPCO OIL",{"$nulls":5},"MD","1800752","S","BENNETT MINE","ALLEGANY","BEECHWOOD COAL, LLC","001","BIT","24","1800752     S     BENNETT MINE                                  ALLEGANY"]
[{"$nulls":3},"PARDEE",{"$nulls":5},"MD","1800756","S","LAOC STRIP #1","GARRETT","LAOC CORPORATION","023","BIT","24","1800756     S     LAOC STRIP #1                                  GARRETT"]
[{"$nulls":3},"PARK MINE COAL CO",{"$nulls":5},"MD","1800760","S","NO. 1 MINE","ALLEGANY","RITCHIE TRUCKING & EXCAVATING,","001","BIT","24","1800760     S     NO. 1 MINE                                  ALLEGANY"]
[{"$nulls":3},"PARKER OIL",{"$nulls":5},"MD","1800761","U","STEYER II","GARRETT","STEYER FUEL MINING CO INC","023","WC","24","1800761     U     STEYER II                                  GARRETT"]
[{"$nulls":3},"PASO DIABLO",{"$nulls":5},"MD","1800761","U","STEYER II","GARRETT","STEYER FUEL MINING CO INC","023","BIT","24","1800761     U     STEYER II                                  GARRETT"]
[{"$nulls":3},"PATRIOT COAL SALES",{"$nulls":5},"MD","1800765","S","NO. 1 SURFACE","GARRETT","SAVAGE MOUNTAIN MINERALS, INC.","023","BIT","24","1800765     S     NO. 1 SURFACE                                  GARRETT"]
[{"$nulls":3},"PATRIOT II",{"$nulls":5},"MD","1800769","S","CARLOS SURFACE","ALLEGANY","VINDEX ENERGY CORPORATION","001","BIT","24","1800769     S     CARLOS SURFACE                                  ALLEGANY"]
[{"$nulls":3},"PATRIOT MINE",{"$nulls":5},"MD","1800770","S","KELLY MINE","GARRETT","WPO, INC","023","BIT","24","1800770     S     KELLY MINE                                  GARRETT"]
[{"$nulls":3},"PATTERSON",{"$nulls":5},"MD","1800776","S","NO. 1 SURFACE","ALLEGANY","WALKER BROTHERS MINING, INC.","001","BIT","24","1800776     S     NO. 1 SURFACE                                  ALLEGANY"]
[{"$nulls":3},"PATTIKI",{"$nulls":5},"MD","1800777","S","JACKSON","ALLEGANY","C & S  COAL LLC","001","BIT","24","1800777     S     JACKSON                                  ALLEGANY"]
[{"$nulls":3},"PAUITE",{"$nulls":5},"MD","1800779","S","C MINE STRIP","GARRETT","EVERSON RESOURCES INC","023","BIT","24","1800779     S     C MINE STRIP                                  GARRETT"]
[{"$nulls":3},"PBP ENERGY",{"$nulls":5},"MD","1800780","U","CASSELMAN MINE","GARRETT","MARYLAND ENERGY RESOURCES, LLC","023","BIT","24","1800780     U     CASSELMAN MINE                                  GARRETT"]
[{"$nulls":3},"PBS COALS",{"$nulls":5},"MD","1800788","S","HERITAGE STRIPS","GARRETT","HERITAGE COAL & NATURAL RESOUR","023","BIT","24","1800788     S     HERITAGE STRIPS                                  GARRETT"]
[{"$nulls":3},"PEABODY COAL SALES",{"$nulls":5},"MS","2200690","S","RED HILLS MINE","CHOCTAW","MISSISSIPPI LIGNITE MINING COM","019","LIG","28","2200690     S     RED HILLS MINE                                  CHOCTAW"]
[{"$nulls":3},"PEABODY COAL TRADE",{"$nulls":5},"MS","2200803","S","LIBERTY MINE","KEMPER","LIBERTY FUELS COMPANY LLC","069","LIG","28","2200803     S     LIBERTY MINE                                  KEMPER"]
[{"$nulls":3},"PENINSULA ENERGY SERVICES",{"$nulls":5},"MO","2302262","S","HUME #1","BATES","CONTINENTAL COAL INC","013","BIT","29","2302262     S     HUME #1                                  BATES"]
[{"$nulls":3},"PENN LAKES MINE",{"$nulls":5},"MO","2302277","S","COTTONWOOD CREEK MINE","BATES","CONTINENTAL COAL INC","013","BIT","29","2302277     S     COTTONWOOD CREEK MINE                                  BATES"]
[{"$nulls":3},"PENN OHIO",{"$nulls":5},"MO","2302412","S","ISLAND PIT","BATES","CONTINENTAL COAL, INC.","013","BIT","29","2302412     S     ISLAND PIT                                  BATES"]
[{"$nulls":3},"PEOPLES GAS",{"$nulls":5},"MT","2400106","S","SAVAGE MINE","RICHLAND","WESTMORELAND SAVAGE CORPORATIO","083","SUB","30","2400106     S     SAVAGE MINE                                  RICHLAND"]
[{"$nulls":3},"PEOPLES NATURAL GAS",{"$nulls":5},"MT","2400106","S","SAVAGE MINE","RICHLAND","WESTMORELAND SAVAGE CORPORATIO","083","LIG","30","2400106     S     SAVAGE MINE                                  RICHLAND"]
[{"$nulls":3},"PEPCO",{"$nulls":5},"MT","2400839","S","DECKER MINE","BIGHORN","DECKER COAL COMPANY","003","SUB","30","2400839     S     DECKER MINE                                  BIGHORN"]
[{"$nulls":3},"PERC",{"$nulls":5},"MT","2400910","S","ABSALOKA MINE","BIGHORN","WESTMORELAND RESOURCES INC.","003","SUB","30","2400910     S     ABSALOKA MINE                                  BIGHORN"]
[{"$nulls":3},"PERRY COUNTY",{"$nulls":5},"MT","2401457","S","SPRING CREEK COAL COMPANY","BIGHORN","SPRING CREEK COAL LLC","003","SUB","30","2401457     S     SPRING CREEK COAL COMPANY                                  BIGHORN"]
[{"$nulls":3},"PETRO TRADERS",{"$nulls":5},"MT","2401747","S","ROSEBUD MINE&CRUSHER/CONVEYOR","ROSEBUD","WESTERN ENERGY COMPANY","087","SUB","30","2401747     S     ROSEBUD MINE&CRUSHER/CONVEYOR                                  ROSEBUD"]
[{"$nulls":3},"PETROCOM",{"$nulls":5},"MT","2401950","U","BULL MOUNTAINS MINE NO 1","MUSSELSHELL","SIGNAL PEAK ENERGY LLC","065","SUB","30","2401950     U     BULL MOUNTAINS MINE NO 1                                  MUSSELSHELL"]
[{"$nulls":3},"PETROHAWK ENERGY CORPORATION",{"$nulls":5},"MT","2401950","U","BULL MOUNTAINS MINE NO 1","MUSSELSHELL","SIGNAL PEAK ENERGY LLC","065","BIT","30","2401950     U     BULL MOUNTAINS MINE NO 1                                  MUSSELSHELL"]
[{"$nulls":3},"PETROLEUM TRADERS",{"$nulls":5},"NM","2900096","S","MCKINLEY","MCKINLEY","CHEVRON MINING INC","031","SUB","35","2900096     S     MCKINLEY                                  MCKINLEY"]
[{"$nulls":3},"PETROLEUM TRADERS CORPORATION",{"$nulls":5},"NM","2900097","S","NAVAJO MINE","SAN JUAN","BHP NAVAJO COAL COMPANY","045","SUB","35","2900097     S     NAVAJO MINE                                  SAN JUAN"]
[{"$nulls":3},"PETRON",{"$nulls":5},"NM","2901879","S","LEE RANCH COAL COMPANY","MCKINLEY","PEABODY NEW MEXICO SERVICES DI","031","SUB","35","2901879     S     LEE RANCH COAL COMPANY                                  MCKINLEY"]
[{"$nulls":3},"PEVLER",{"$nulls":5},"NM","2902170","U","SAN JUAN MINE 1","SAN JUAN","SAN JUAN COAL COMPANY","045","BIT","35","2902170     U     SAN JUAN MINE 1                                  SAN JUAN"]
[{"$nulls":3},"PG&E",{"$nulls":5},"NM","2902170","U","SAN JUAN MINE 1","SAN JUAN","SAN JUAN COAL COMPANY","045","SUB","35","2902170     U     SAN JUAN MINE 1                                  SAN JUAN"]
[{"$nulls":3},"PHELPS DODGE",{"$nulls":5},"NM","2902257","S","EL SEGUNDO","MCKINLEY","PEABODY NEW MEXICO SERVICES DI","031","SUB","35","2902257     S     EL SEGUNDO                                  MCKINLEY"]
[{"$nulls":3},"PHILLIPS 66",{"$nulls":5},"AR","301569","S","PENNY #1","SEBASTIAN","COMER MINING COMPANY","131","BIT","01","301569     S     PENNY #1                                  SEBASTIAN"]
[{"$nulls":3},"PHOENIX",{"$nulls":5},"AR","301736","U","SEBASTIAN MINE","SEBASTIAN","SOUTH CENTRAL COAL CO. INC.","131","BIT","01","301736     U     SEBASTIAN MINE                                  SEBASTIAN"]
[{"$nulls":3},"PIASA",{"$nulls":5},"ND","3200043","S","BEULAH MINE","MERCER","DAKOTA WESTMORELAND CORP","057","LIG","38","3200043     S     BEULAH MINE                                  MERCER"]
[{"$nulls":3},"PICKANDS MATHER COAL CO",{"$nulls":5},"ND","3200218","S","CENTER MINE","OLIVER","BNI COAL LTD","065","LIG","38","3200218     S     CENTER MINE                                  OLIVER"]
[{"$nulls":3},"PIEDMONT",{"$nulls":5},"ND","3200491","S","FALKIRK MINE","MCLEAN","FALKIRK MINING COMPANY","055","LIG","38","3200491     S     FALKIRK MINE                                  MCLEAN"]
[{"$nulls":3},"PIERCE OIL",{"$nulls":5},"ND","3200595","S","FREEDOM MINE","MERCER","THE COTEAU PROPERTIES COMPANY","057","LIG","38","3200595     S     FREEDOM MINE                                  MERCER"]
[{"$nulls":3},"PILOT TRAVEL CENTERS LLC",{"$nulls":5},"ND","3200727","S","CENTER COAL COMPANY","OLIVER","CENTER COAL CO-DIV/GENERAL IND","065","LIG","38","3200727     S     CENTER COAL COMPANY                                  OLIVER"]
[{"$nulls":3},"PINE BELT OIL",{"$nulls":5},"OH","3300789","S","BOWMAN STRIP","JACKSON","WATERLOO COAL CO., INC.","079","BIT","39","3300789     S     BOWMAN STRIP                                  JACKSON"]
[{"$nulls":3},"PINE BRANCH",{"$nulls":5},"OH","3300958","P","GEORGETOWN #19 PREPARATION PLA","HARRISON","CONSOLIDATION COAL COMPANY","067","BIT","39","3300958     P     GEORGETOWN #19 PREPARATION PLA                                  HARRISON"]
[{"$nulls":3},"PIONEER",{"$nulls":5},"OH","3300962","S","RECLAMATION NO 061","HARRISON","CONSOLIDATION COAL COMPANY","067","BIT","39","3300962     S     RECLAMATION NO 061                                  HARRISON"]
[{"$nulls":3},"PITTCO",{"$nulls":5},"OH","3300965","S","RICE #1 (STRIP)","BELMONT","OXFORD MINING CO LLC","013","BIT","39","3300965     S     RICE #1 (STRIP)                                  BELMONT"]
[{"$nulls":3},"PITTSBURGH #8",{"$nulls":5},"OH","3300968","U","HOPEDALE MINE","HARRISON","HOPEDALE MINING LLC","067","BIT","39","3300968     U     HOPEDALE MINE                                  HARRISON"]
[{"$nulls":3},"PITTSBURGH & MIDWAY",{"$nulls":5},"OH","3300988","S","NORTH LIMA","MAHONING","THOMPSON BROS. MINING CO.","099","BIT","39","3300988     S     NORTH LIMA                                  MAHONING"]
[{"$nulls":3},"PLACID REFINING",{"$nulls":5},"OH","3300989","S","MUSKINGUM MINE","GUERNSEY","CENTRAL OHIO COAL COMPANY","059","BIT","39","3300989     S     MUSKINGUM MINE                                  GUERNSEY"]
[{"$nulls":3},"PLAINS",{"$nulls":5},"OH","3301070","U","CENTURY MINE","MONROE","AMERICAN ENERGY CORPORATION","111","BIT","39","3301070     U     CENTURY MINE                                  MONROE"]
[{"$nulls":3},"PLEASANT VIEW MINING",{"$nulls":5},"OH","3301159","U","POWHATAN NO. 6 MINE","BELMONT","THE OHIO VALLEY COAL COMPANY","013","BIT","39","3301159     U     POWHATAN NO. 6 MINE                                  BELMONT"]
[{"$nulls":3},"PLYMOUTH ROCK",{"$nulls":5},"OH","3301172","U","MEIGS #31 MINE","MEIGS","SOUTHERN OHIO COAL COMPANY","105","BIT","39","3301172     U     MEIGS #31 MINE                                  MEIGS"]
[{"$nulls":3},"PNB PARIBAS",{"$nulls":5},"OH","3301173","U","MEIGS #2 MINE","MEIGS","SOUTHERN OHIO COAL COMPANY","105","BIT","39","3301173     U     MEIGS #2 MINE                                  MEIGS"]
[{"$nulls":3},"PNM",{"$nulls":5},"OH","3301314","S","LIONS CLUB","JEFFERSON","STEUBEN COAL - ANTHONY MINING,","081","BIT","39","3301314     S     LIONS CLUB                                  JEFFERSON"]
[{"$nulls":3},"POND CREEK",{"$nulls":5},"OH","3301357","S","COLUMBIANA PITS","COLUMBIANA","ROSEBUD MINING COMPANY","029","BIT","39","3301357     S     COLUMBIANA PITS                                  COLUMBIANA"]
[{"$nulls":3},"PONTIKI",{"$nulls":5},"OH","3301358","S","SANDS HILL STRIP","VINTON","SANDS HILL MINING LLC","163","BIT","39","3301358     S     SANDS HILL STRIP                                  VINTON"]
[{"$nulls":3},"POPPLE",{"$nulls":5},"OH","3301925","S","ORANGE STRIP","NOBLE","B & N COAL INC","121","BIT","39","3301925     S     ORANGE STRIP                                  NOBLE"]
[{"$nulls":3},"PORTLAND GENERAL ELECTRIC",{"$nulls":5},"OH","3302039","S","ST. CLAIR STRIP","BELMONT","MARIETTA COAL COMPANY","013","BIT","39","3302039     S     ST. CLAIR STRIP                                  BELMONT"]
[{"$nulls":3},"POWDER RIVER",{"$nulls":5},"OH","3302044","P","SANDS HILL DOCK","GALLIA","SANDS HILL MINING LLC","053","BIT","39","3302044     P     SANDS HILL DOCK                                  GALLIA"]
[{"$nulls":3},"POWELL MOUNTAIN COAL CO",{"$nulls":5},"OH","3302125","S","CHESHIRE DOCK","GALLIA","WEST VIRGINIA RESOURCES INC","053","BIT","39","3302125     S     CHESHIRE DOCK                                  GALLIA"]
[{"$nulls":3},"POWEREX",{"$nulls":5},"OH","3302127","S","JEFFERSON PITS","JEFFERSON","ROSEBUD MINING COMPANY","081","BIT","39","3302127     S     JEFFERSON PITS                                  JEFFERSON"]
[{"$nulls":3},"POWHATAN/CENTURY MINE",{"$nulls":5},"OH","3302487","S","MARIETTA DOCK","WASHINGTON","B & N COAL INC","167","BIT","39","3302487     S     MARIETTA DOCK                                  WASHINGTON"]
[{"$nulls":3},"PPL ENERGY",{"$nulls":5},"OH","3302565","S","DUNDAS JOB","VINTON","WATERLOO COAL CO., INC.","163","BIT","39","3302565     S     DUNDAS JOB                                  VINTON"]
[{"$nulls":3},"PPM ENERGY",{"$nulls":5},"OH","3302763","S","EMPIRE/WHITE","TUSCARAWAS","VALLEY MINING, INC.","157","BIT","39",{"$f":"K1157&\"     \"&L1157&\"     \"&M1157&\"                                  \"&N1157","v":"3302763     S     EMPIRE/WHITE                                  TUSCARAWAS"}]
[{"$nulls":3},"PRAIRIE EAGLE",{"$nulls":5},"OH","3302930","S","F & M STRIP","JEFFERSON","F & M COAL COMPANY","081","BIT","39","3302930     S     F & M STRIP                                  JEFFERSON"]
[{"$nulls":3},"PRAIRIE STATE",{"$nulls":5},"OH","3302937","P","OXFORD LOADING DOCK","BELMONT","OXFORD MINING CO LLC","013","BIT","39","3302937     P     OXFORD LOADING DOCK                                  BELMONT"]
[{"$nulls":3},"PREMIER ELKHORN",{"$nulls":5},"OH","3303048","S","STRIP #1","BELMONT","VALLEY MINING, INC.","013","BIT","39","3303048     S     STRIP #1                                  BELMONT"]
[{"$nulls":3},"PRIOR ENERGY",{"$nulls":5},"OH","3303288","P","RICE #7 (STRIP)","COSHOCTON","OXFORD MINING CO LLC","031","BIT","39","3303288     P     RICE #7 (STRIP)                                  COSHOCTON"]
[{"$nulls":3},"PRITCHARD MINING",{"$nulls":5},"OH","3303336","S","SANDS HILL STRIP #2","JACKSON","SANDS HILL MINING LLC","079","BIT","39","3303336     S     SANDS HILL STRIP #2                                  JACKSON"]
[{"$nulls":3},"PRO OIL",{"$nulls":5},"OH","3303349","U","NELMS MINE - CADIZ PORTAL","HARRISON","HOPEDALE MINING LLC","067","BIT","39","3303349     U     NELMS MINE - CADIZ PORTAL                                  HARRISON"]
[{"$nulls":3},"PRO PETROLEUM",{"$nulls":5},"OH","3303393","S","CARROLL PITS","CARROLL","ROSEBUD MINING COMPANY","019","BIT","39","3303393     S     CARROLL PITS                                  CARROLL"]
[{"$nulls":3},"PRODUCERS DOCK",{"$nulls":5},"OH","3303496","S","D. AND D. STRIP","COLUMBIANA","D. AND D. MINING COMPANY","029","BIT","39","3303496     S     D. AND D. STRIP                                  COLUMBIANA"]
[{"$nulls":3},"PROENERGY GROUP PARTNERS",{"$nulls":5},"OH","3303597","P","KEYSTONE TERMINALS","LAWRENCE","KEYSTONE TERMINALS","087","BIT","39","3303597     P     KEYSTONE TERMINALS                                  LAWRENCE"]
[{"$nulls":3},"PROGAS",{"$nulls":5},"OH","3303708","S","STRIP #2","GUERNSEY","VALLEY MINING, INC.","059","BIT","39","3303708     S     STRIP #2                                  GUERNSEY"]
[{"$nulls":3},"PROGRESS ENERGY",{"$nulls":5},"OH","3303737","S","D. AND D. STRIP","MAHONING","D. AND D. MINING CO., INC.","099","BIT","39","3303737     S     D. AND D. STRIP                                  MAHONING"]
[{"$nulls":3},"PROGRESS FUEL",{"$nulls":5},"OH","3303758","S","AUGER #1","HARRISON","VALLEY MINING, INC.","067","BIT","39","3303758     S     AUGER #1                                  HARRISON"]
[{"$nulls":3},"PROLIANCE ENERGY",{"$nulls":5},"OH","3303770","S","RICE #2 (STRIP)","NOBLE","OXFORD MINING CO LLC","121","BIT","39","3303770     S     RICE #2 (STRIP)                                  NOBLE"]
[{"$nulls":3},"PROPANE SERVICES",{"$nulls":5},"OH","3303792","S","STRIP #1","COSHOCTON","VALLEY MINING, INC.","031","BIT","39","3303792     S     STRIP #1                                  COSHOCTON"]
[{"$nulls":3},"PROSPERITY",{"$nulls":5},"OH","3303793","P","STONECREEK MINE","TUSCARAWAS","KIMBLE CLAY & LIMESTONE","157","BIT","39","3303793     P     STONECREEK MINE                                  TUSCARAWAS"]
[{"$nulls":3},"PS ENERGY GROUP",{"$nulls":5},"OH","3303816","S","STRIP #3","JEFFERSON","VALLEY MINING, INC.","081","BIT","39","3303816     S     STRIP #3                                  JEFFERSON"]
[{"$nulls":3},"PSE - NORTHWEST PIPELINE",{"$nulls":5},"OH","3303907","P","CONESVILLE COAL PREPARATION CO","COSHOCTON","CONESVILLE COAL PREPARATION CO","031","BIT","39","3303907     P     CONESVILLE COAL PREPARATION CO                                  COSHOCTON"]
[{"$nulls":3},"PSEG",{"$nulls":5},"OH","3303930","S","LISBON MINE","COLUMBIANA","OXFORD MINING CO,LLC","029","BIT","39","3303930     S     LISBON MINE                                  COLUMBIANA"]
[{"$nulls":3},"PSNC ENERGY",{"$nulls":5},"OH","3303988","S","SICKAFOOSE MINE","STARK","ENZ, INC.","151","BIT","39","3303988     S     SICKAFOOSE MINE                                  STARK"]
[{"$nulls":3},"PUGET SOUND ENERGY - NORTHWEST PIPELINE",{"$nulls":5},"OH","3304045","S","STARK PITS","STARK","ROSEBUD MINING COMPANY","151","BIT","39","3304045     S     STARK PITS                                  STARK"]
[{"$nulls":3},"QEP RESOURCES",{"$nulls":5},"OH","3304059","S","ROSE VALLEY #587","HARRISON","STEUBEN COAL - ANTHONY MINING,","067","BIT","39","3304059     S     ROSE VALLEY #587                                  HARRISON"]
[{"$nulls":3},"QUALITY AGGREGATES",{"$nulls":5},"OH","3304077","S","SANDS #1","PERRY","VALLEY MINING, INC.","127","BIT","39","3304077     S     SANDS #1                                  PERRY"]
[{"$nulls":3},"QUALITY ENERGY SERVICES LLC",{"$nulls":5},"OH","3304109","S","KIMBLE #1","TUSCARAWAS","KIMBLE CLAY & LIMESTONE","157","BIT","39","3304109     S     KIMBLE #1                                  TUSCARAWAS"]
[{"$nulls":3},"QUESTAR GAS",{"$nulls":5},"OH","3304179","S","TUSCARAWAS STRIP","TUSCARAWAS","OXFORD MINING CO.LLC","157","BIT","39","3304179     S     TUSCARAWAS STRIP                                  TUSCARAWAS"]
[{"$nulls":3},"R C DUNN OIL",{"$nulls":5},"OH","3304180","S","COSHOCTON STRIP","COSHOCTON","OXFORD MINING CO. LLC","031","BIT","39","3304180     S     COSHOCTON STRIP                                  COSHOCTON"]
[{"$nulls":3},"RAG EMERALD RESOURCES",{"$nulls":5},"OH","3304181","S","STARK STRIP","STARK","OXFORD MINING CO LLC","151","BIT","39","3304181     S     STARK STRIP                                  STARK"]
[{"$nulls":3},"RAINBOW GAS",{"$nulls":5},"OH","3304187","P","NELMS PREP","HARRISON","HOPEDALE MINING LLC","067","BIT","39","3304187     P     NELMS PREP                                  HARRISON"]
[{"$nulls":3},"RAMOS",{"$nulls":5},"OH","3304188","P","KENSINGTON PREP. PLANT","COLUMBIANA","ROSEBUD MINING COMPANY","029","BIT","39","3304188     P     KENSINGTON PREP. PLANT                                  COLUMBIANA"]
[{"$nulls":3},"RANGER MINING",{"$nulls":5},"OH","3304213","S","OXFORD MINING #2","MUSKINGUM","OXFORD MINING CO LLC","119","BIT","39","3304213     S     OXFORD MINING #2                                  MUSKINGUM"]
[{"$nulls":3},"RANSOM QUARRY CO",{"$nulls":5},"OH","3304216","S","AUGER #3","COLUMBIANA","VALLEY MINING INC","029","BIT","39","3304216     S     AUGER #3                                  COLUMBIANA"]
[{"$nulls":3},"RAVEN CREST",{"$nulls":5},"OH","3304229","U","SOUTH MINE","JEFFERSON","STERLING MINING CORPORATION","081","BIT","39","3304229     U     SOUTH MINE                                  JEFFERSON"]
[{"$nulls":3},"RAWHIDE CHEMOIL",{"$nulls":5},"OH","3304232","S","RAYLE RIVER TERMINAL","BELMONT","RAYLE COAL COMPANY","013","BIT","39","3304232     S     RAYLE RIVER TERMINAL                                  BELMONT"]
[{"$nulls":3},"RAWHIDE MINE",{"$nulls":5},"OH","3304239","S","CONGO","PERRY","AVIS COAL COMPANY","127","BIT","39","3304239     S     CONGO                                  PERRY"]
[{"$nulls":3},"RAWLEE FUELS",{"$nulls":5},"OH","3304244","S","E N Z MINING","STARK","VALLEY MINING, INC.","151","BIT","39","3304244     S     E N Z MINING                                  STARK"]
[{"$nulls":3},"RAY THOMAS PETROLEUM COMPANY",{"$nulls":5},"OH","3304287","P","NEGLEY WASH PLANT","COLUMBIANA","STATE LINE RESOURCES INC","029","BIT","39","3304287     P     NEGLEY WASH PLANT                                  COLUMBIANA"]
[{"$nulls":3},"RBC CAPITAL MARKETS",{"$nulls":5},"OH","3304301","S","NEGLEY WASH PLANT","COLUMBIANA","STATE LINE RESOURCES INC","029","BIT","39","3304301     S     NEGLEY WASH PLANT                                  COLUMBIANA"]
[{"$nulls":3},"RED RIVER",{"$nulls":5},"OH","3304321","S","HARRISON PIT","HARRISON","MINERAL TRADING CO., LLC","067","BIT","39","3304321     S     HARRISON PIT                                  HARRISON"]
[{"$nulls":3},"REGAL",{"$nulls":5},"OH","3304328","S","SHERRITTS MINE","LAWRENCE","ETTA MAE, INC.","087","BIT","39","3304328     S     SHERRITTS MINE                                  LAWRENCE"]
[{"$nulls":3},"REGENCY FIELD SERVICES",{"$nulls":5},"OH","3304336","S","OXFORD MINING #3","PERRY","OXFORD MINING CO LLC","127","BIT","39","3304336     S     OXFORD MINING #3                                  PERRY"]
[{"$nulls":3},"REGENCY GAS",{"$nulls":5},"OH","3304350","S","SCHANEY MINING (STRIP)","HARRISON","MELVIN L. SCHANEY","067","BIT","39","3304350     S     SCHANEY MINING (STRIP)                                  HARRISON"]
[{"$nulls":3},"RELIANT ENERGY",{"$nulls":5},"OH","3304381","S","POWHATAN TRANSPORTATION CENTER","BELMONT","OHIO VALLEY TRANSLOADING COMPA","013","BIT","39","3304381     S     POWHATAN TRANSPORTATION CENTER                                  BELMONT"]
[{"$nulls":3},"RENAISSANCE TRADING",{"$nulls":5},"OH","3304386","S","BELMONT COUNTY STRIP","BELMONT","MARIETTA COAL COMPANY","013","BIT","39","3304386     S     BELMONT COUNTY STRIP                                  BELMONT"]
[{"$nulls":3},"RENRE",{"$nulls":5},"OH","3304389","S","BUCKINGHAM MINE #2","ATHANS","BUCKINGHAM COAL COMPANY","009","BIT","39","3304389     S     BUCKINGHAM MINE #2                                  ATHANS"]
[{"$nulls":3},"RENTZ OIL",{"$nulls":5},"OH","3304413","S","STANDING STONE MINE","HARRISON","DARON COAL COMPANY LLC","067","BIT","39","3304413     S     STANDING STONE MINE                                  HARRISON"]
[{"$nulls":3},"REPSOL",{"$nulls":5},"OH","3304414","S","SNYDER MINE","HARRISON","OXFORD MINING CO. LLC","067","BIT","39","3304414     S     SNYDER MINE                                  HARRISON"]
[{"$nulls":3},"RES COAL",{"$nulls":5},"OH","3304471","S","OXFORD AUGER NO 1","BELMONT","OXFORD MINING","013","BIT","39","3304471     S     OXFORD AUGER NO 1                                  BELMONT"]
[{"$nulls":3},"RESOURCE DEVELOPMENT",{"$nulls":5},"OH","3304475","S","NO 10-6A","JEFFERSON","ROSEBUD MINING COMPANY","081","BIT","39","3304475     S     NO 10-6A                                  JEFFERSON"]
[{"$nulls":3},"RESOURCE FUELS",{"$nulls":5},"OH","3304482","S","BELMONT MINE","BELMONT","BELMONT COAL, INC","013","BIT","39","3304482     S     BELMONT MINE                                  BELMONT"]
[{"$nulls":3},"RESOURCE SALES",{"$nulls":5},"OH","3304484","S","KIMBLE STRIPS","HARRISON","PENN OHIO COAL CO. DBA KIMBLE","067","BIT","39","3304484     S     KIMBLE STRIPS                                  HARRISON"]
[{"$nulls":3},"REVELATION ENERGY",{"$nulls":5},"OH","3304490","S","GRIMM","COLUMBIANA","STATE LINE RESOURCES INC.","029","BIT","39","3304490     S     GRIMM                                  COLUMBIANA"]
[{"$nulls":3},"RFI ENERGY",{"$nulls":5},"OH","3304491","S","AUGER 81","BELMONT","RICK ECKENRODE COAL AUGERING,","013","BIT","39","3304491     S     AUGER 81                                  BELMONT"]
[{"$nulls":3},"RHINO ENERGY",{"$nulls":5},"OH","3304507","S","DICKERSON NO. 1","HARRISON","DTE DICKERSON LLC","067","BIT","39","3304507     S     DICKERSON NO. 1                                  HARRISON"]
[{"$nulls":3},"RICE OIL",{"$nulls":5},"OH","3304509","U","TUSKY","TUSCARAWAS","ROSEBUD MINING COMPANY","157","BIT","39","3304509     U     TUSKY                                  TUSCARAWAS"]
[{"$nulls":3},"RICOCHET FUEL DISTRIBUTORS",{"$nulls":5},"OH","3304515","S","KIMBLE/STARK","STARK","KIMBLE CLAY & LIMESTONE","151","BIT","39","3304515     S     KIMBLE/STARK                                  STARK"]
[{"$nulls":3},"RIDER MINE",{"$nulls":5},"OH","3304520","U","BUCKINGHAM MINE NO 7","PERRY","BUCKINGHAM COAL COMPANY","127","BIT","39","3304520     U     BUCKINGHAM MINE NO 7                                  PERRY"]
[{"$nulls":3},"RIO ENERGY",{"$nulls":5},"OH","3304522","S","OXFORD CONTRACT AUGER # 2-NO.","HARRISON","OXFORD MINING CO LLC.","067","BIT","39","3304522     S     OXFORD CONTRACT AUGER # 2-NO.                                  HARRISON"]
[{"$nulls":3},"RIO TINTO",{"$nulls":5},"OH","3304523","S","OXFORD CONTRACT AUGER # 3- NO.","HARRISON","OXFORD MINING CO LLC.","067","BIT","39","3304523     S     OXFORD CONTRACT AUGER # 3- NO.                                  HARRISON"]
[{"$nulls":3},"RIO TINTO ENERGY AMERICA CORDERO",{"$nulls":5},"OH","3304524","S","OXFORD CONTRACT AUGER # 1-NO.","HARRISON","OXFORD MINING CO. LLC.","067","BIT","39","3304524     S     OXFORD CONTRACT AUGER # 1-NO.                                  HARRISON"]
[{"$nulls":3},"RIP GRIFFIN",{"$nulls":5},"OH","3304526","U","BUCKINGHAM  MINE #6","PERRY","BUCKINGHAM COAL COMPANY","127","BIT","39","3304526     U     BUCKINGHAM  MINE #6                                  PERRY"]
[{"$nulls":3},"RITCHIE",{"$nulls":5},"OH","3304538","S","DAIRY JEAN MINE","JEFFERSON","OXFORD MINING CO. LLC","081","BIT","39","3304538     S     DAIRY JEAN MINE                                  JEFFERSON"]
[{"$nulls":3},"RITCHIE LAKELAND OIL & PROPANE",{"$nulls":5},"OH","3304550","S","SALT RUN MINE #1","JEFFERSON","OHIO AMERICAN ENERGY INCORPORA","081","BIT","39","3304550     S     SALT RUN MINE #1                                  JEFFERSON"]
[{"$nulls":3},"RIVER CITY PETROLEUM",{"$nulls":5},"OH","3304565","U","BERGHOLZ 7","JEFFERSON","ROSEBUD MINING COMPANY","081","BIT","39","3304565     U     BERGHOLZ 7                                  JEFFERSON"]
[{"$nulls":3},"RIVER HILL COAL CO",{"$nulls":5},"OH","3304566","S","OXFORD CONTRACT HIGHWALL MINER","COSHOCTON","OXFORD MINING CO. LLC","031","BIT","39","3304566     S     OXFORD CONTRACT HIGHWALL MINER                                  COSHOCTON"]
[{"$nulls":3},"RIVER TRADING",{"$nulls":5},"OH","3304568","S","REDBIRD SOUTH","BELMONT","OHIO AMERICAN ENERGY INCORPORA","013","BIT","39",{"$f":"K1221&\"     \"&L1221&\"     \"&M1221&\"                                  \"&N1221","v":"3304568     S     REDBIRD SOUTH                                  BELMONT"}]
[{"$nulls":3},"RIVER VIEW COAL",{"$nulls":5},"OH","3304569","P","STARRIDGE PREPARATION PLANT","JEFFERSON","OHIO AMERICAN ENERGY INCORPORA","081","BIT","39","3304569     P     STARRIDGE PREPARATION PLANT                                  JEFFERSON"]
[{"$nulls":3},"RIVEREAGLE BLEND",{"$nulls":5},"OH","3304571","S","RITCHIE","HARRISON","RITCHIE MINING","067","BIT","39","3304571     S     RITCHIE                                  HARRISON"]
[{"$nulls":3},"RJBB COAL",{"$nulls":5},"OH","3304577","S","SEXTON 2 PIT","HARRISON","HARRISON RESOURCES LLC","067","BIT","39","3304577     S     SEXTON 2 PIT                                  HARRISON"]
[{"$nulls":3},"RKA PETROLEUM",{"$nulls":5},"OH","3304584","S","OXFORD BEAGLE CLUB","BELMONT","OXFORD MINING CO LLC","013","BIT","39","3304584     S     OXFORD BEAGLE CLUB                                  BELMONT"]
[{"$nulls":3},"ROBERTSON MINE",{"$nulls":5},"OH","3304585","S","OXFORD JOCKEY HOLLOW","HARRISON","OXFORD MINING CO.LLC","067","BIT","39","3304585     S     OXFORD JOCKEY HOLLOW                                  HARRISON"]
[{"$nulls":3},"ROBINDALE ENERGY",{"$nulls":5},"OH","3304591","U","SHEAN HILL MINE","JEFFERSON","STERLING MINING CORPORATION","081","BIT","39","3304591     U     SHEAN HILL MINE                                  JEFFERSON"]
[{"$nulls":3},"ROBINSON RUN",{"$nulls":5},"OH","3304594","S","OXFORD MINING CARROLL PITS","CARROLL","OXFORD MINING CO. LLC","019","BIT","39","3304594     S     OXFORD MINING CARROLL PITS                                  CARROLL"]
[{"$nulls":3},"ROCK CANYON OIL",{"$nulls":5},"OH","3304595","U","YELLOWBUSH MINE","MEIGS","YELLOW BUSH MINING, LLC","105","BIT","39","3304595     U     YELLOWBUSH MINE                                  MEIGS"]
[{"$nulls":3},"ROCKPORT RIVER TERMINAL",{"$nulls":5},"OH","3304605","U","CARROLL HOLLOW #6","CARROLL","STERLING MINING CORPORATION","019","BIT","39","3304605     U     CARROLL HOLLOW #6                                  CARROLL"]
[{"$nulls":3},"ROCKSPRING CAMP CREEK",{"$nulls":5},"OH","3304606","S","NORTH BARNESVILLE","BELMONT","JEFFCO RESOURCES, INC.","013","BIT","39","3304606     S     NORTH BARNESVILLE                                  BELMONT"]
[{"$nulls":3},"ROCKSPRING DEVELOPMENT",{"$nulls":5},"OH","3304609","P","TUSKY PREP","TUSCARAWAS","ROSEBUD MINING COMPANY","157","BIT","39","3304609     P     TUSKY PREP                                  TUSCARAWAS"]
[{"$nulls":3},"ROOT HOG COAL",{"$nulls":5},"OH","3304612","P","BUCKEYE PLANT","MEIGS","YELLOW BUSH MINING LLC","105","BIT","39","3304612     P     BUCKEYE PLANT                                  MEIGS"]
[{"$nulls":3},"ROSA",{"$nulls":5},"OH","3304613","S","BEAR CREEK #1","JACKSON","BEAR CREEK COAL LLC","079","BIT","39","3304613     S     BEAR CREEK #1                                  JACKSON"]
[{"$nulls":3},"ROSE MINE",{"$nulls":5},"OH","3304614","P","PREP PLANT","VINTON","WEST VIRGINIA RESOURCES, INC.","163","BIT","39","3304614     P     PREP PLANT                                  VINTON"]
[{"$nulls":3},"ROSEBUD MINE",{"$nulls":5},"OH","3304618","S","OXFORD AUGER #5","TUSCARAWAS","OXFORD MINING CO LLC","157","BIT","39","3304618     S     OXFORD AUGER #5                                  TUSCARAWAS"]
[{"$nulls":3},"ROSEBUD MINING COMPANY",{"$nulls":5},"OH","3304619","S","OXFORD AUGER #6","TUSCARAWAS","OXFORD MINING CO LLC","157","BIT","39","3304619     S     OXFORD AUGER #6                                  TUSCARAWAS"]
[{"$nulls":3},"ROSS FOGG & SON OIL",{"$nulls":5},"OH","3304620","U","MARFANK NO 2 MINE","JEFFERSON","OHIO AMERICAN ENERGY INCORPORA","081","BIT","39","3304620     U     MARFANK NO 2 MINE                                  JEFFERSON"]
[{"$nulls":3},"ROXANNA",{"$nulls":5},"OH","3304621","S","PORTABLE AUGER  (MOBILE)","TUSCARAWAS","VALLEY MINING,INC","157","BIT","39","3304621     S     PORTABLE AUGER  (MOBILE)                                  TUSCARAWAS"]
[{"$nulls":3},"ROYAL",{"$nulls":5},"OH","3304624","S","OXFORD GUERNSEY MINE","GUERNSEY","OXFORD MINING CO. LLC.","059","BIT","39","3304624     S     OXFORD GUERNSEY MINE                                  GUERNSEY"]
[{"$nulls":3},"ROYAL PETROLEUM",{"$nulls":5},"OH","3304625","S","OXFORD AUGER #4","MUSKINGUM","OXFORD MINING CO. LLC","119","BIT","39","3304625     S     OXFORD AUGER #4                                  MUSKINGUM"]
[{"$nulls":3},"RRI ENERGY SERVICES INC",{"$nulls":5},"OH","3304637","S","OXFORD MINING ATHENS","ATHENS","OXFORD MINING CO. LLC","009","BIT","39","3304637     S     OXFORD MINING ATHENS                                  ATHENS"]
[{"$nulls":3},"RUBY ENERGY",{"$nulls":5},"OH","3304642","S","FRASURE CREEK MINE NO. 6","MUSKINGUM","COMMONWEALTH MINING LLC","119","BIT","39","3304642     S     FRASURE CREEK MINE NO. 6                                  MUSKINGUM"]
[{"$nulls":3},"S B COLLINS",{"$nulls":5},"OH","3304645","U","VAIL MINE","HARRISON","ROSEBUD MINING COMPANY","067","BIT","39","3304645     U     VAIL MINE                                  HARRISON"]
[{"$nulls":3},"S M & J",{"$nulls":5},"OH","3304647","P","BIG RUN","BELMONT","BIG RUN RESOURCES, INC.","013","BIT","39","3304647     P     BIG RUN                                  BELMONT"]
[{"$nulls":3},"SABINE MINE",{"$nulls":5},"OH","3304652","S","PARKER MINE","COLUMBIANA","AMERIKOHL MINING INC","029","BIT","39","3304652     S     PARKER MINE                                  COLUMBIANA"]
[{"$nulls":3},"SABINE MINING COMPANY",{"$nulls":5},"OH","3304656","S","MOBILE AUGER # 1 (VMI UNIT # 5","JEFFERSON","VALLEY MINING, INC.","081","BIT","39","3304656     S     MOBILE AUGER # 1 (VMI UNIT # 5                                  JEFFERSON"]
[{"$nulls":3},"SADIE",{"$nulls":5},"OH","3304666","S","MOBILE AUGER #5 UNIT #135","TUSCARAWAS","VALLEY MINING, INC.","157","BIT","39","3304666     S     MOBILE AUGER #5 UNIT #135                                  TUSCARAWAS"]
[{"$nulls":3},"SAFETY CLEAN",{"$nulls":5},"OH","3304668","S","AUGAR M602","TUSCARAWAS","PENN-OHIO COAL","157","BIT","39","3304668     S     AUGAR M602                                  TUSCARAWAS"]
[{"$nulls":3},"SALT RIVER PROJECT",{"$nulls":5},"OK","3401062","S","JOSHUA COAL COMPANY","OKMULGEE","JOSHUA COAL COMPANY","111","BIT","40","3401062     S     JOSHUA COAL COMPANY                                  OKMULGEE"]
[{"$nulls":3},"SAMPSON COAL",{"$nulls":5},"OK","3401618","S","PHOENIX MINE","ROGERS","PHOENIX MINING COMPANY","131","BIT","40","3401618     S     PHOENIX MINE                                  ROGERS"]
[{"$nulls":3},"SAMSON RESOURCES",{"$nulls":5},"OK","3401648","S","ROCK ISLAND MINE","LE FLORE","FARRELL-COOPER MINING COMPANY","079","BIT","40","3401648     S     ROCK ISLAND MINE                                  LE FLORE"]
[{"$nulls":3},"SAN DIEGO GAS & ELECTRIC",{"$nulls":5},"OK","3401728","S","LIBERTY MINE","HASKELL","FARRELL-COOPER MINING COMPANY","061","BIT","40","3401728     S     LIBERTY MINE                                  HASKELL"]
[{"$nulls":3},"SAN JUAN COAL",{"$nulls":5},"OK","3401742","S","CAVANAL WEST MINE","LE FLORE","FARRELL-COOPER MINING COMPANY","079","BIT","40","3401742     S     CAVANAL WEST MINE                                  LE FLORE"]
[{"$nulls":3},"SAN MIGUEL ELEC COOP",{"$nulls":5},"OK","3401815","S","LINCOLN POWER","LE FLORE","FARRELL-COOPER MINING COMPANY","079","BIT","40","3401815     S     LINCOLN POWER                                  LE FLORE"]
[{"$nulls":3},"SANDFORD OIL",{"$nulls":5},"OK","3402076","S","BULL HILL","LE FLORE","FARRELL-COOPER MINING COMPANY","079","BIT","40","3402076     S     BULL HILL                                  LE FLORE"]
[{"$nulls":3},"SANDS HILL",{"$nulls":5},"OK","3402080","S","P8 NORTH","LE FLORE","SOUTH CENTRAL COAL COMPANY, IN","079","BIT","40","3402080     S     P8 NORTH                                  LE FLORE"]
[{"$nulls":3},"SANTA BUCKLEY ENERGY",{"$nulls":5},"OK","3402081","S","H & H","NOWATA","BRAKEFIELD EQUIPMENT INC","105","BIT","40","3402081     S     H & H                                  NOWATA"]
[{"$nulls":3},"SANTIE WHOLESALE OIL CO",{"$nulls":5},"OK","3402094","S","CULVER MINE","CRAIG","PHOENIX MINING COMPANY","035","BIT","40","3402094     S     CULVER MINE                                  CRAIG"]
[{"$nulls":3},"SAPP BROTHERS PETROLEUM",{"$nulls":5},"OK","3402105","U","CALDER MINE","LE FLORE","COAL CREEK MINERALS, LLC","079","BIT","40","3402105     U     CALDER MINE                                  LE FLORE"]
[{"$nulls":3},"SAPPHIRE",{"$nulls":5},"OK","3402108","S","TALOKA CREEK MINE","HASKELL","FARRELL-COOPER MINING COMPANY","061","BIT","40","3402108     S     TALOKA CREEK MINE                                  HASKELL"]
[{"$nulls":3},"SAVAGE SERVICES",{"$nulls":5},"OK","3402109","P","P8S PREP PLANT","LE FLORE","SOUTH CENTRAL COAL CO. INC","079","BIT","40","3402109     P     P8S PREP PLANT                                  LE FLORE"]
[{"$nulls":3},"SAWMILL RUN",{"$nulls":5},"PA","3600806","P","CHAMPION REFUSE DISPOSAL AREA","WASHINGTON","CHAMPION PROCESSING INC","125","BIT","42","3600806     P     CHAMPION REFUSE DISPOSAL AREA                                  WASHINGTON"]
[{"$nulls":3},"SCANA",{"$nulls":5},"PA","3600818","U","FOSTER NO. 65","ARMSTRONG","LEECHBURG MINING CO","005","BIT","42","3600818     U     FOSTER NO. 65                                  ARMSTRONG"]
[{"$nulls":3},"SCHUYLKILL ENERGY RESOURCES INC",{"$nulls":5},"PA","3600830","S","KERRY COAL STRIPS","LAWRENCE","KERRY COAL COMPANY","073","BIT","42","3600830     S     KERRY COAL STRIPS                                  LAWRENCE"]
[{"$nulls":3},"SCISSORTAIL ENERGY",{"$nulls":5},"PA","3600840","S","RES MINE NO 33","CAMBRIA","ROBINDALE ENERGY SERVICES, INC","021","WC","42","3600840     S     RES MINE NO 33                                  CAMBRIA"]
[{"$nulls":3},"S-COAL",{"$nulls":5},"PA","3600840","S","RES MINE NO 33","CAMBRIA","ROBINDALE ENERGY SERVICES, INC","021","BIT","42","3600840     S     RES MINE NO 33                                  CAMBRIA"]
[{"$nulls":3},"SCOTTS BRANCH",{"$nulls":5},"PA","3600884","S","RIVER HILL COAL CO., INC.","CLEARFIELD","RIVER HILL COAL COMPANY INC","033","BIT","42","3600884     S     RIVER HILL COAL CO., INC.                                  CLEARFIELD"]
[{"$nulls":3},"SEACOAST GAS TRANSMISSION",{"$nulls":5},"PA","3600897","S","LA BELLE SITE","FAYETTE","MATT CANESTRALE CONTRACTING IN","051","BIT","42","3600897     S     LA BELLE SITE                                  FAYETTE"]
[{"$nulls":3},"SELF-PRODUCED",{"$nulls":5},"PA","3600904","U","NEMACOLIN MINE","GREENE","LTV STEEL COMPANY INC","059","BIT","42","3600904     U     NEMACOLIN MINE                                  GREENE"]
[{"$nulls":3},"SEMCO ENERGY",{"$nulls":5},"PA","3600957","U","MINE NO 58","WASHINGTON","ARCELORMITTAL USA PRISTINE RES","125","BIT","42","3600957     U     MINE NO 58                                  WASHINGTON"]
[{"$nulls":3},"SEMI",{"$nulls":5},"PA","3600958","U","MINE 84","WASHINGTON","EIGHTY FOUR MINING COMPANY","125","BIT","42","3600958     U     MINE 84                                  WASHINGTON"]
[{"$nulls":3},"SEMINOLE",{"$nulls":5},"PA","3600968","P","MAPLE CREEK PREPARATION PLANT","WASHINGTON","MAPLE CREEK MINING INCORPORATE","125","BIT","42","3600968     P     MAPLE CREEK PREPARATION PLANT                                  WASHINGTON"]
[{"$nulls":3},"SEMINOLE ELECTRIC COOPERATIVE",{"$nulls":5},"PA","3601091","S","MARETT MINE","BUTLER","QUALITY AGGREGATES INC","019","BIT","42","3601091     S     MARETT MINE                                  BUTLER"]
[{"$nulls":3},"SEMINOLE ENERGY SERVICES",{"$nulls":5},"PA","3601091","S","MARETT MINE","BUTLER","QUALITY AGGREGATES INC","019","WC","42","3601091     S     MARETT MINE                                  BUTLER"]
[{"$nulls":3},"SEMMATERIALS",{"$nulls":5},"PA","3601241","S","ROCKTON/SHAFFER MINE","CLEARFIELD","STRISHOCK COAL COMPANY","033","BIT","42","3601241     S     ROCKTON/SHAFFER MINE                                  CLEARFIELD"]
[{"$nulls":3},"SEMPRA",{"$nulls":5},"PA","3601262","S","TAMBURLIN STRIP","ELK","TAMBURLIN BROTHERS COAL COMPAN","047","BIT","42","3601262     S     TAMBURLIN STRIP                                  ELK"]
[{"$nulls":3},"SEMPRA ENERGY TRADING",{"$nulls":5},"PA","3601302","U","TITUS MINE","GREENE","DANA MINING COMPANY OF PENNSYL","059","BIT","42","3601302     U     TITUS MINE                                  GREENE"]
[{"$nulls":3},"SENTINEL",{"$nulls":5},"PA","3601325","S","BEILCHICK BROS STRIPS","INDIANA","BEILCHICK BROTHERS","063","BIT","42","3601325     S     BEILCHICK BROS STRIPS                                  INDIANA"]
[{"$nulls":3},"SEQUENT",{"$nulls":5},"PA","3601349","S","KRAYNAK NO 3","INDIANA","KRAYNAK COAL COMPANY","063","BIT","42","3601349     S     KRAYNAK NO 3                                  INDIANA"]
[{"$nulls":3},"SEQUOIA ENERGY",{"$nulls":5},"PA","3601527","S","NEW CENTERVILLE QUARRY","SOMERSET","NEW CENTERVILLE STONE AND SAND","111","BIT","42","3601527     S     NEW CENTERVILLE QUARRY                                  SOMERSET"]
[{"$nulls":3},"SERVCO FS COOPERATIVE",{"$nulls":5},"PA","3601616","S","BAKER #1","LACKAWANNA","CSY INC","069","WC","42","3601616     S     BAKER #1                                  LACKAWANNA"]
[{"$nulls":3},"SEVERSON OIL",{"$nulls":5},"PA","3601708","P","KASSA BREAKER","LUZERNE","SILVERBROOK ANTHRACITE INC","079","ANT","42","3601708     P     KASSA BREAKER                                  LUZERNE"]
[{"$nulls":3},"SEVERSTAL",{"$nulls":5},"PA","3601714","S","BEAVER BROOK MINE","LUZERNE","JOE PETROLE COAL SALES LLC","079","ANT","42","3601714     S     BEAVER BROOK MINE                                  LUZERNE"]
[{"$nulls":3},"SG SOLUTIONS LLC",{"$nulls":5},"PA","3601714","S","BEAVER BROOK MINE","LUZERNE","JOE PETROLE COAL SALES LLC","079","WC","42",{"$f":"K1285&\"     \"&L1285&\"     \"&M1285&\"                                  \"&N1285","v":"3601714     S     BEAVER BROOK MINE                                  LUZERNE"}]
[{"$nulls":3},"SHADE CREEK",{"$nulls":5},"PA","3601725","S","GOWEN STRIPPING","LUZERNE","COAL CONTRACTORS (1991) INC","079","ANT","42","3601725     S     GOWEN STRIPPING                                  LUZERNE"]
[{"$nulls":3},"SHAFER",{"$nulls":5},"PA","3601733","S","JEDDO NO 7 BREAKER SITE","LUZERNE","JEDDO-HIGHLAND COAL CO","079","WC","42","3601733     S     JEDDO NO 7 BREAKER SITE                                  LUZERNE"]
[{"$nulls":3},"SHAW",{"$nulls":5},"PA","3601733","S","JEDDO NO 7 BREAKER SITE","LUZERNE","JEDDO-HIGHLAND COAL CO","079","ANT","42","3601733     S     JEDDO NO 7 BREAKER SITE                                  LUZERNE"]
[{"$nulls":3},"SHELL CANADA",{"$nulls":5},"PA","3601734","S","JEDDO BASIN (J-44)","LUZERNE","JEDDO COAL COMPANY","079","ANT","42","3601734     S     JEDDO BASIN (J-44)                                  LUZERNE"]
[{"$nulls":3},"SHELL ENERGY NORTH AMERICA",{"$nulls":5},"PA","3601751","P","MAZAIKA BREAKER","SCHUYLKILL","MAZAIKA COAL COMPANY","107","ANT","42","3601751     P     MAZAIKA BREAKER                                  SCHUYLKILL"]
[{"$nulls":3},"SHELL GAS",{"$nulls":5},"PA","3601760","P","GREENWOOD","SCHUYLKILL","LEHIGH ANTHRACITE COAL, LLC","107","ANT","42","3601760     P     GREENWOOD                                  SCHUYLKILL"]
[{"$nulls":3},"SHELL TRADING",{"$nulls":5},"PA","3601760","P","#14 PLANT","SCHUYLKILL","LEHIGH ANTHRACITE COAL, LLC","107","WC","42","3601760     P     #14 PLANT                                  SCHUYLKILL"]
[{"$nulls":3},"SHERWIN ALUMINA",{"$nulls":5},"PA","3601761","S","TAMAQUA MINE","SCHUYLKILL","LEHIGH ANTHRACITE COAL, LLC","107","ANT","42","3601761     S     TAMAQUA MINE                                  SCHUYLKILL"]
[{"$nulls":3},"SHIPLEY OIL",{"$nulls":5},"PA","3601770","P","TAMAQUA BREAKER","SCHUYLKILL","SOUTH TAMAQUA COAL POCKETS, IN","107","ANT","42","3601770     P     TAMAQUA BREAKER                                  SCHUYLKILL"]
[{"$nulls":3},"SI ENERGY",{"$nulls":5},"PA","3601811","P","MARLIN BANK","SCHUYLKILL","WILBUR WHITE COAL COMPANY INC","107","ANT","42","3601811     P     MARLIN BANK                                  SCHUYLKILL"]
[{"$nulls":3},"SIDNEY COAL",{"$nulls":5},"PA","3601818","U","R S & W DRIFT","SCHUYLKILL","R S & W COAL COMPANY INC","107","ANT","42","3601818     U     R S & W DRIFT                                  SCHUYLKILL"]
[{"$nulls":3},"SIERRA PACIFIC",{"$nulls":5},"PA","3601826","S","DIRENZO BREAKER","SCHUYLKILL","DIRENZO COAL COMPANY","107","ANT","42","3601826     S     DIRENZO BREAKER                                  SCHUYLKILL"]
[{"$nulls":3},"SIEVEKING, INC",{"$nulls":5},"PA","3601833","P","FRANKLIN BREAKER","SCHUYLKILL","BLASCHAK COAL CORP.","107","ANT","42","3601833     P     FRANKLIN BREAKER                                  SCHUYLKILL"]
[{"$nulls":3},"SIGMON",{"$nulls":5},"PA","3601840","S","LUCANNA BANK","SCHUYLKILL","GINTHER COAL COMPANY","107","ANT","42","3601840     S     LUCANNA BANK                                  SCHUYLKILL"]
[{"$nulls":3},"SIGNAL PEAK",{"$nulls":5},"PA","3601854","P","HILLSIDE BREAKER","SCHUYLKILL","HEGINS MINING COMPANY","107","ANT","42","3601854     P     HILLSIDE BREAKER                                  SCHUYLKILL"]
[{"$nulls":3},"SILVAS",{"$nulls":5},"PA","3601877","S","K K STRIP","SCHUYLKILL","K K COAL LLC","107","ANT","42","3601877     S     K K STRIP                                  SCHUYLKILL"]
[{"$nulls":3},"SILVERBROOK",{"$nulls":5},"PA","3601919","P","MEADOWBROOK COAL CO INC (PREP","DAUPHIN","MEADOWBROOK COAL CO INC","043","ANT","42","3601919     P     MEADOWBROOK COAL CO INC (PREP                                  DAUPHIN"]
[{"$nulls":3},"SIRI/FIDELITY",{"$nulls":5},"PA","3601954","P","PINE CREEK COAL CO.","SCHUYLKILL","CARBON & METAL TECHNOLOGIES, L","107","ANT","42","3601954     P     PINE CREEK COAL CO.                                  SCHUYLKILL"]
[{"$nulls":3},"SKYLINE MINE",{"$nulls":5},"PA","3601965","S","BUCK RUN P-8 P-10","SCHUYLKILL","READING ANTHRACITE COMPANY","107","ANT","42","3601965     S     BUCK RUN P-8 P-10                                  SCHUYLKILL"]
[{"$nulls":3},"SLAUGHENHAUPT MINE",{"$nulls":5},"PA","3601966","P","NEW ST. NICHOLAS BREAKER","SCHUYLKILL","READING ANTHRACITE COMPANY","107","ANT","42","3601966     P     NEW ST. NICHOLAS BREAKER                                  SCHUYLKILL"]
[{"$nulls":3},"SMOKY MOUNTAIN",{"$nulls":5},"PA","3601977","S","WADESVILLE P-33","SCHUYLKILL","READING ANTHRACITE COMPANY","107","ANT","42","3601977     S     WADESVILLE P-33                                  SCHUYLKILL"]
[{"$nulls":3},"SMOKY MOUNTAIN COAL",{"$nulls":5},"PA","3602014","P","SUPERIOR COAL PREPARATION CO-O","SCHUYLKILL","SUPERIOR COAL PREPARATION CO-O","107","ANT","42","3602014     P     SUPERIOR COAL PREPARATION CO-O                                  SCHUYLKILL"]
[{"$nulls":3},"SNYDER GAS PLANT",{"$nulls":5},"PA","3602022","U","BUCK MOUNTAIN SLOPE","DAUPHIN","S & M COAL COMPANY","043","ANT","42","3602022     U     BUCK MOUNTAIN SLOPE                                  DAUPHIN"]
[{"$nulls":3},"SOCAL",{"$nulls":5},"PA","3602073","P","BLASCHAK BREAKER","SCHUYLKILL","BLASCHAK COAL CORP","107","ANT","42","3602073     P     BLASCHAK BREAKER                                  SCHUYLKILL"]
[{"$nulls":3},"SOLAR SOURCES",{"$nulls":5},"PA","3602085","S","ROSA BANK OPERATION","SCHUYLKILL","WHEELABRATOR CULM SERVICES INC","107","ANT","42","3602085     S     ROSA BANK OPERATION                                  SCHUYLKILL"]
[{"$nulls":3},"SOMMERS",{"$nulls":5},"PA","3602085","S","ROSA BANK OPERATION","SCHUYLKILL","WHEELABRATOR CULM SERVICES INC","107","BIT","42","3602085     S     ROSA BANK OPERATION                                  SCHUYLKILL"]
[{"$nulls":3},"SOMMERVILLE",{"$nulls":5},"PA","3602105","P","SHAMOKIN PREP PLANT","NORTHUMBERLAND","ANTHRACITE COAL","097","BIT","42","3602105     P     SHAMOKIN PREP PLANT                                  NORTHUMBERLAND"]
[{"$nulls":3},"SONAT",{"$nulls":5},"PA","3602105","P","SHAMOKIN PREP PLANT","NORTHUMBERLAND","ANTHRACITE COAL","097","ANT","42","3602105     P     SHAMOKIN PREP PLANT                                  NORTHUMBERLAND"]
[{"$nulls":3},"SOUTH BLACK THUNDER",{"$nulls":5},"PA","3602181","P","DALE LENIG COAL WASHERY","NORTHUMBERLAND","DALE LENIG COAL WASHERY","097","ANT","42","3602181     P     DALE LENIG COAL WASHERY                                  NORTHUMBERLAND"]
[{"$nulls":3},"SOUTH CAROLINA ELECTRIC & GAS",{"$nulls":5},"PA","3602189","P","SCHUYLKILL COAL PROCESSING INC","SCHUYLKILL","SCHUYLKILL COAL PROCESSING INC","107","ANT","42","3602189     P     SCHUYLKILL COAL PROCESSING INC                                  SCHUYLKILL"]
[{"$nulls":3},"SOUTH CAROLINA PIPELINE",{"$nulls":5},"PA","3602203","U","N & L SLOPE","NORTHUMBERLAND","BEAR GAP COAL","097","ANT","42","3602203     U     N & L SLOPE                                  NORTHUMBERLAND"]
[{"$nulls":3},"SOUTH CENTRAL OIL",{"$nulls":5},"PA","3602234","S","ELLANGOWAN BANK #45","SCHUYLKILL","READING ANTHRACITE COMPANY","107","ANT","42","3602234     S     ELLANGOWAN BANK #45                                  SCHUYLKILL"]
[{"$nulls":3},"SOUTH JERSEY RESOURCES",{"$nulls":5},"PA","3602242","S","TREVORTON BREAKER","NORTHUMBERLAND","READING ANTHRACITE COMPANY","097","ANT","42","3602242     S     TREVORTON BREAKER                                  NORTHUMBERLAND"]
[{"$nulls":3},"SOUTH KENTUCKY PETROLEUM SERVICES",{"$nulls":5},"PA","3602260","P","SKYTOP BREAKER","SCHUYLKILL","SKYTOP COAL INC","107","ANT","42","3602260     P     SKYTOP BREAKER                                  SCHUYLKILL"]
[{"$nulls":3},"SOUTH WEST GAS",{"$nulls":5},"PA","3602703","S","FISHER MINING COMPANY","LYCOMING","FISHER MINING COMPANY","081","BIT","42","3602703     S     FISHER MINING COMPANY                                  LYCOMING"]
[{"$nulls":3},"SOUTHCROSS",{"$nulls":5},"PA","3602725","S","SHANE MINE","CLEARFIELD","HEPBURNIA COAL COMPANY INC","033","BIT","42","3602725     S     SHANE MINE                                  CLEARFIELD"]
[{"$nulls":3},"SOUTHEAST FUELS",{"$nulls":5},"PA","3602733","S","KASUBICK #4","CLEARFIELD","KASUBICK BROTHERS COAL CO.","033","BIT","42","3602733     S     KASUBICK #4                                  CLEARFIELD"]
[{"$nulls":3},"SOUTHERN APPALACHIAN COAL",{"$nulls":5},"PA","3602773","S","SHAW","SOMERSET","ROSEBUD MINING COMPANY","111","BIT","42","3602773     S     SHAW                                  SOMERSET"]
[{"$nulls":3},"SOUTHERN CALIFORNIA EDISON",{"$nulls":5},"PA","3602945","P","CARBON PLANT (PREPARATION)","NORTHUMBERLAND","SHAMOKIN FILLER COMPANY INC.","097","ANT","42","3602945     P     CARBON PLANT (PREPARATION)                                  NORTHUMBERLAND"]
[{"$nulls":3},"SOUTHERN CALIFORNIA GAS",{"$nulls":5},"PA","3603047","S","PRIMROSE OPERATION","SCHUYLKILL","JEDDO-HIGHLAND COAL COMPANY","107","ANT","42","3603047     S     PRIMROSE OPERATION                                  SCHUYLKILL"]
[{"$nulls":3},"SOUTHERN COAL & LAND",{"$nulls":5},"PA","3603093","S","BURRING DIVISION","NORTHUMBERLAND","BLASCHAK COAL CORP","097","ANT","42","3603093     S     BURRING DIVISION                                  NORTHUMBERLAND"]
[{"$nulls":3},"SOUTHERN COAL SALES CORPORATION",{"$nulls":5},"PA","3603107","S","LOCUST SUMMIT FINE COAL PLANT","NORTHUMBERLAND","GILBERTON COAL COMPANY","097","ANT","42","3603107     S     LOCUST SUMMIT FINE COAL PLANT                                  NORTHUMBERLAND"]
[{"$nulls":3},"SOUTHERN CONN GAS",{"$nulls":5},"PA","3603252","P","LENIG & KOSMER COAL WASHERY","NORTHUMBERLAND","LENIG & KOSMER COAL WASHERY","097","ANT","42","3603252     P     LENIG & KOSMER COAL WASHERY                                  NORTHUMBERLAND"]
[{"$nulls":3},"SOUTHERN COUNTIES",{"$nulls":5},"PA","3603287","S","PREMIUM FINE COAL INC","SCHUYLKILL","PREMIUM FINE COAL INC","107","ANT","42","3603287     S     PREMIUM FINE COAL INC                                  SCHUYLKILL"]
[{"$nulls":3},"SOUTHERN INDUSTRIAL GAS PIPELINE",{"$nulls":5},"PA","3603328","S","MINE NO 1","SOMERSET","PBS COALS, INC.","111","BIT","42","3603328     S     MINE NO 1                                  SOMERSET"]
[{"$nulls":3},"SOUTHERN NATURAL GAS",{"$nulls":5},"PA","3603329","S","SHADE CREEK PLANT","SOMERSET","PBS COALS, INC.","111","BIT","42","3603329     S     SHADE CREEK PLANT                                  SOMERSET"]
[{"$nulls":3},"SOUTHERN PETROLEUM",{"$nulls":5},"PA","3603330","P","CAMBRIA FUEL PLANT","SOMERSET","PBS COALS INC","111","BIT","42","3603330     P     CAMBRIA FUEL PLANT                                  SOMERSET"]
[{"$nulls":3},"SOUTHERN STAR CENTRAL PIPELINE",{"$nulls":5},"PA","3603561","S","MCCLURE STRIP","JEFFERSON","P & N COAL COMPANY INC","065","BIT","42","3603561     S     MCCLURE STRIP                                  JEFFERSON"]
[{"$nulls":3},"SOUTHERN UNION",{"$nulls":5},"PA","3604171","P","TIPPLE FOUR J","INDIANA","JERICHO FUELS, INC.","063","BIT","42","3604171     P     TIPPLE FOUR J                                  INDIANA"]
[{"$nulls":3},"SOUTHERN UNION GAS ENERGY",{"$nulls":5},"PA","3604175","S","ROBENA PREPARATION PLANT","GREENE","CONSOLIDATION COAL COMPANY","059","BIT","42","3604175     S     ROBENA PREPARATION PLANT                                  GREENE"]
[{"$nulls":3},"SOUTHERN WEST VIRGINIA RESOURCES",{"$nulls":5},"PA","3604186","S","A W LONG COAL COMPANY","CLEARFIELD","A W LONG COAL COMPANY","033","BIT","42","3604186     S     A W LONG COAL COMPANY                                  CLEARFIELD"]
[{"$nulls":3},"SOUTHWEST ENERGY",{"$nulls":5},"PA","3604383","S","LATTIMER DIVISION","LUZERNE","BLASCHAK COAL CORP.","079","ANT","42","3604383     S     LATTIMER DIVISION                                  LUZERNE"]
[{"$nulls":3},"SOUTHWEST GAS",{"$nulls":5},"PA","3604384","P","TUNNEL RIDGE BANK #115","SCHUYLKILL","WASTE MANAGMENT & PROCESSORS INC","107","BIT","42","3604384     P     TUNNEL RIDGE BANK #115                                  SCHUYLKILL"]
[{"$nulls":3},"SOUTHWEST GEORGIA OIL",{"$nulls":5},"PA","3604385","S","OAKLAND CULM BANK","SCHUYLKILL","GILBERTON COAL CO","107","ANT","42","3604385     S     OAKLAND CULM BANK                                  SCHUYLKILL"]
[{"$nulls":3},"SOUTHWESTERN ENERGY SERVICES",{"$nulls":5},"PA","3604713","S","BEL AIR COLLIERY","LUZERNE","TEEM ENVIRONMENTAL SERVICES IN","079","WC","42","3604713     S     BEL AIR COLLIERY                                  LUZERNE"]
[{"$nulls":3},"SPARK ENERGY GAS",{"$nulls":5},"PA","3604713","S","BEL AIR COLLIERY","LUZERNE","TEEM ENVIRONMENTAL SERVICES IN","079","ANT","42","3604713     S     BEL AIR COLLIERY                                  LUZERNE"]
[{"$nulls":3},"SPECIALTY FUELS",{"$nulls":5},"PA","3604782","S","Worthville Mine","JEFFERSON","Original Fuels Inc","065","BIT","42","3604782     S     Worthville Mine                                  JEFFERSON"]
[{"$nulls":3},"SPECTRA ENERGY",{"$nulls":5},"PA","3604796","S","DUNKARD STRIP","GREENE","CHESS COAL COMPANY","059","BIT","42","3604796     S     DUNKARD STRIP                                  GREENE"]
[{"$nulls":3},"SPRAGUE ENERGY CORP",{"$nulls":5},"PA","3604854","S","SILVER CREEK STRIP","SCHUYLKILL","GALE COAL COMPANY INC","107","ANT","42","3604854     S     SILVER CREEK STRIP                                  SCHUYLKILL"]
[{"$nulls":3},"SPRING CREEK",{"$nulls":5},"PA","3604969","S","#9 OPERATION","LUZERNE","POPPLE CONST. INC.","079","ANT","42","3604969     S     #9 OPERATION                                  LUZERNE"]
[{"$nulls":3},"SPRINGFIELD COAL CO",{"$nulls":5},"PA","3605018","U","CUMBERLAND MINE","GREENE","CUMBERLAND COAL RESOURCES LP","059","BIT","42","3605018     U     CUMBERLAND MINE                                  GREENE"]
[{"$nulls":3},"SPRINGFIELD/ORIENT",{"$nulls":5},"PA","3605019","S","TWIN BROOK #3","INDIANA","TWIN BROOK COAL INC.","063","BIT","42","3605019     S     TWIN BROOK #3                                  INDIANA"]
[{"$nulls":3},"SPURLOCK",{"$nulls":5},"PA","3605023","S","MORRIS RIDGE STRIP","COLUMBIA","MALLARD CONTRACTING COMPANY IN","037","ANT","42","3605023     S     MORRIS RIDGE STRIP                                  COLUMBIA"]
[{"$nulls":3},"SSI PETROLEUM",{"$nulls":5},"PA","3605104","S","MC BROOM","WESTMORELAND","V P SMITH CO","129","BIT","42",{"$f":"K1349&\"     \"&L1349&\"     \"&M1349&\"                                  \"&N1349","v":"3605104     S     MC BROOM                                  WESTMORELAND"}]
[{"$nulls":3},"SSM PETCOKE",{"$nulls":5},"PA","3605105","S","HIGHLAND NO 2","LUZERNE","JEDDO-HIGHLAND COAL COMPANY","079","ANT","42","3605105     S     HIGHLAND NO 2                                  LUZERNE"]
[{"$nulls":3},"STATOIL",{"$nulls":5},"PA","3605208","S","ANCIENT SUN STRIP SAYLOR-MCKIN","CLARION","ANCIENT SUN INC","031","BIT","42","3605208     S     ANCIENT SUN STRIP SAYLOR-MCKIN                                  CLARION"]
[{"$nulls":3},"STEUBEN COAL ANTHONY MINIBARNESVILLE",{"$nulls":5},"PA","3605396","S","PEACH MT. STRIP","SCHUYLKILL","READING ANTHRACITE CO.","107","ANT","42","3605396     S     PEACH MT. STRIP                                  SCHUYLKILL"]
[{"$nulls":3},"STONE COAL",{"$nulls":5},"PA","3605430","S","NESQUEHONING BANK","CARBON","PANTHER CREEK FUEL COMPANY, IN","025","ANT","42","3605430     S     NESQUEHONING BANK                                  CARBON"]
[{"$nulls":3},"STRATEGIC ENERGY",{"$nulls":5},"PA","3605451","S","L & E BUCK STRIPPING","COLUMBIA","L & E COAL COMPANY","037","ANT","42","3605451     S     L & E BUCK STRIPPING                                  COLUMBIA"]
[{"$nulls":3},"STRISHOCK COAL COMPANY",{"$nulls":5},"PA","3605466","U","EMERALD MINE NO 1","GREENE","EMERALD COAL RESOURCES LP","059","BIT","42","3605466     U     EMERALD MINE NO 1                                  GREENE"]
[{"$nulls":3},"STUBBS OIL",{"$nulls":5},"PA","3605471","S","PATTERSON STRIP","FAYETTE","DANIEL J. PATTERSON","051","BIT","42","3605471     S     PATTERSON STRIP                                  FAYETTE"]
[{"$nulls":3},"SUEZ ENERGY MARKETING",{"$nulls":5},"PA","3605493","S","REESE NO 1 & 2 STRIP","CLEARFIELD","PHILIP REESE COAL COMPANY INC","033","BIT","42","3605493     S     REESE NO 1 & 2 STRIP                                  CLEARFIELD"]
[{"$nulls":3},"SUFCO",{"$nulls":5},"PA","3605513","S","SPEEDWAY NO 1 STRIP MINE","CLEARFIELD","SKY HAVEN COAL INC","033","BIT","42","3605513     S     SPEEDWAY NO 1 STRIP MINE                                  CLEARFIELD"]
[{"$nulls":3},"SUG ENERGY LLC",{"$nulls":5},"PA","3605518","S","EAGLE HILL STRIP","SCHUYLKILL","JOSEPH KUPERAVAGE COAL COMPANY","107","WC","42","3605518     S     EAGLE HILL STRIP                                  SCHUYLKILL"]
[{"$nulls":3},"SUMMERS FUEL",{"$nulls":5},"PA","3605518","S","EAGLE HILL STRIP","SCHUYLKILL","JOSEPH KUPERAVAGE COAL COMPANY","107","ANT","42","3605518     S     EAGLE HILL STRIP                                  SCHUYLKILL"]
[{"$nulls":3},"SUN BIODIESEL",{"$nulls":5},"PA","3605591","P","ALDEN CLEANING PLANT","LUZERNE","SILVERBROOK ANTRACITE INC","079","ANT","42","3605591     P     ALDEN CLEANING PLANT                                  LUZERNE"]
[{"$nulls":3},"SUN COAST RESOURCES",{"$nulls":5},"PA","3605828","S","YENZI STRIP #3 MINE","JEFFERSON","LEONARD W. YENZI COMPANY","065","BIT","42","3605828     S     YENZI STRIP #3 MINE                                  JEFFERSON"]
[{"$nulls":3},"SUNCOR ENERGY",{"$nulls":5},"PA","3605855","S","LAUREL BREAKER","LUZERNE","CARBON SALES, INC.","079","ANT","42","3605855     S     LAUREL BREAKER                                  LUZERNE"]
[{"$nulls":3},"SUNDEVIL POWER HOLDINGS",{"$nulls":5},"PA","3606071","S","BROSIOUS MINE","JEFFERSON","COOKPORT COAL COMPANY INC","065","BIT","42","3606071     S     BROSIOUS MINE                                  JEFFERSON"]
[{"$nulls":3},"SUNNY RIDGE",{"$nulls":5},"PA","3606210","P","COBRA MINE PREP PLANT","GREENE","CORESCO LLC","059","BIT","42","3606210     P     COBRA MINE PREP PLANT                                  GREENE"]
[{"$nulls":3},"SUNNYSIDE COGENERATION ASSOCIATION",{"$nulls":5},"PA","3606253","S","HILL STRIP","FAYETTE","T L HILL COAL COMPANY","051","BIT","42","3606253     S     HILL STRIP                                  FAYETTE"]
[{"$nulls":3},"SUNOCO",{"$nulls":5},"PA","3606330","P","CLEANING PLANT","SOMERSET","WILSON CREEK ENERGY LLC","111","BIT","42","3606330     P     CLEANING PLANT                                  SOMERSET"]
[{"$nulls":3},"SUNRISE AG",{"$nulls":5},"PA","3606384","P","CARBONITE FILTER CORPORATION P","SCHUYLKILL","CARBONITE FILTER CORP","107","ANT","42","3606384     P     CARBONITE FILTER CORPORATION P                                  SCHUYLKILL"]
[{"$nulls":3},"SUNRISE COAL SALES",{"$nulls":5},"PA","3606393","S","WYMPS GAP SURFACE COAL MINE","FAYETTE","CHARLES L SWENGLISH & SONS COA","051","BIT","42","3606393     S     WYMPS GAP SURFACE COAL MINE                                  FAYETTE"]
[{"$nulls":3},"SUNSHINE FUEL CO",{"$nulls":5},"PA","3606418","S","INDIAN HEAD OPERATION","SCHUYLKILL","ASH RESOURCES INC","107","ANT","42","3606418     S     INDIAN HEAD OPERATION                                  SCHUYLKILL"]
[{"$nulls":3},"SUPERIOR NATURAL GAS",{"$nulls":5},"PA","3606428","S","TUSCARORA COAL COMPANY","SCHUYLKILL","KUPERAVAGE ENTERPRISES INC.","107","ANT","42","3606428     S     TUSCARORA COAL COMPANY                                  SCHUYLKILL"]
[{"$nulls":3},"SUPERIOR PLUS ENERGY SERVICES",{"$nulls":5},"PA","3606432","P","CUNNARD TIPPLE","CLEARFIELD","JILL MINING COMPANY INC","033","BIT","42","3606432     P     CUNNARD TIPPLE                                  CLEARFIELD"]
[{"$nulls":3},"SW RAWLS",{"$nulls":5},"PA","3606438","S","HOFFMAN NO 1","SOMERSET","HOFFMAN MINING INC","111","BIT","42","3606438     S     HOFFMAN NO 1                                  SOMERSET"]
[{"$nulls":3},"SWENGLISH MINE",{"$nulls":5},"PA","3606475","P","HOMER CITY COAL CLEANING PLANT","INDIANA","HOMER CITY COAL PROCESSING COR","063","BIT","42","3606475     P     HOMER CITY COAL CLEANING PLANT                                  INDIANA"]
[{"$nulls":3},"SWISHER COAL",{"$nulls":5},"PA","3606562","S","REICHARD STRIPS","JEFFERSON","REICHARD CONTRACTING, INC.","065","BIT","42","3606562     S     REICHARD STRIPS                                  JEFFERSON"]
[{"$nulls":3},"SWISHER CONTRACTING",{"$nulls":5},"PA","3606586","S","WAROQUIER #1","CLEARFIELD","WAROQUIER COAL, INC.","033","BIT","42","3606586     S     WAROQUIER #1                                  CLEARFIELD"]
[{"$nulls":3},"SWN ENERGY",{"$nulls":5},"PA","3606602","S","PACKER STRIPPING","SCHUYLKILL","SHENANDOAH MINING CO.","107","ANT","42","3606602     S     PACKER STRIPPING                                  SCHUYLKILL"]
[{"$nulls":3},"SYCAMORE",{"$nulls":5},"PA","3606617","P","GLACIAL COAL TIPPLE","ARMSTRONG","GLACIAL SAND & GRAVEL COMPANY","005","BIT","42","3606617     P     GLACIAL COAL TIPPLE                                  ARMSTRONG"]
[{"$nulls":3},"SYNERGY RECYCLING OF CENTRAL FLORIDA",{"$nulls":5},"PA","3606678","S","HERITAGE #1","BLAIR","HERITAGE MINING COMPANY","013","BIT","42","3606678     S     HERITAGE #1                                  BLAIR"]
[{"$nulls":3},"SYNFUEL SOLUTIONS",{"$nulls":5},"PA","3606753","S","COAL LOADERS-DERRY TIPPLE","WESTMORELAND","COAL LOADERS INCORPORATE","129","BIT","42","3606753     S     COAL LOADERS-DERRY TIPPLE                                  WESTMORELAND"]
[{"$nulls":3},"SYSTEM FUELS",{"$nulls":5},"PA","3606829","P","CARBON BAGGING PLANT","LUZERNE","CARBON SALES INCORPORATED","079","ANT","42","3606829     P     CARBON BAGGING PLANT                                  LUZERNE"]
[{"$nulls":3},"SZYNAL MINE",{"$nulls":5},"PA","3606862","S","HIGHLAND NO 5","LUZERNE","NORTHAMPTON FUEL SUPPLY COMPAN","079","ANT","42","3606862     S     HIGHLAND NO 5                                  LUZERNE"]
[{"$nulls":3},"T & T WASHING",{"$nulls":5},"PA","3606896","S","POTTS MINE #1","SCHUYLKILL","SCHUYLKILL LAND DEVELOPERS","107","ANT","42","3606896     S     POTTS MINE #1                                  SCHUYLKILL"]
[{"$nulls":3},"T C SALES",{"$nulls":5},"PA","3606905","S","GEORGE MINE","BUTLER","AMERIKOHL MINING INC","019","WC","42","3606905     S     GEORGE MINE                                  BUTLER"]
[{"$nulls":3},"TAFT COAL SALES",{"$nulls":5},"PA","3606905","S","GEORGE MINE","BUTLER","AMERIKOHL MINING INC","019","BIT","42","3606905     S     GEORGE MINE                                  BUTLER"]
[{"$nulls":3},"TALENS",{"$nulls":5},"PA","3606954","P","MOUNT PENN PREPARATION PLANT","BERKS","STOUDT'S FERRY PREPARATION COM","011","ANT","42","3606954     P     MOUNT PENN PREPARATION PLANT                                  BERKS"]
[{"$nulls":3},"TAMPA ELECTRIC",{"$nulls":5},"PA","3607011","S","SANDY FLAT","CLARION","M S M COAL CO., INC.","031","BIT","42","3607011     S     SANDY FLAT                                  CLARION"]
[{"$nulls":3},"TAREX",{"$nulls":5},"PA","3607079","S","SHANTYTOWN STRIP MINE","LUZERNE","PIONEER AGGREGATES INC","079","ANT","42","3607079     S     SHANTYTOWN STRIP MINE                                  LUZERNE"]
[{"$nulls":3},"TARGA",{"$nulls":5},"PA","3607194","P","VALIER COAL YARD","JEFFERSON","VALIER COAL YARD","065","BIT","42","3607194     P     VALIER COAL YARD                                  JEFFERSON"]
[{"$nulls":3},"TARGE ENERGY",{"$nulls":5},"PA","3607201","S","KUNKLE SURFACE MINE","FAYETTE","BLACK ROCK COAL CO., INC.","051","BIT","42","3607201     S     KUNKLE SURFACE MINE                                  FAYETTE"]
[{"$nulls":3},"TAUBER",{"$nulls":5},"PA","3607205","S","BELL #1","CLEARFIELD","FORCEY COAL INC","033","BIT","42","3607205     S     BELL #1                                  CLEARFIELD"]
[{"$nulls":3},"TAYLOR MINE",{"$nulls":5},"PA","3607230","U","BAILEY MINE","GREENE","CONSOL PENNSYLVANIA COAL COMPA","059","BIT","42","3607230     U     BAILEY MINE                                  GREENE"]
[{"$nulls":3},"TCP",{"$nulls":5},"PA","3607240","S","E O J STRIP MINE","SCHUYLKILL","E O J INC","107","ANT","42","3607240     S     E O J STRIP MINE                                  SCHUYLKILL"]
[{"$nulls":3},"TD COMMODITIES",{"$nulls":5},"PA","3607241","S","COLVER REFUSE SITE","CAMBRIA","MAPLE COAL COMPANY","021","BIT","42","3607241     S     COLVER REFUSE SITE                                  CAMBRIA"]
[{"$nulls":3},"TD ENERGY TRADING",{"$nulls":5},"PA","3607241","S","COLVER REFUSE SITE","CAMBRIA","MAPLE COAL COMPANY","021","WC","42","3607241     S     COLVER REFUSE SITE                                  CAMBRIA"]
[{"$nulls":3},"TECO ENERGY",{"$nulls":5},"PA","3607242","S","MAHANOY TOWNSHIP BANK","SCHUYLKILL","BLASCHAK COAL CORP","107","WC","42","3607242     S     MAHANOY TOWNSHIP BANK                                  SCHUYLKILL"]
[{"$nulls":3},"TEDESCO MINE",{"$nulls":5},"PA","3607242","S","MAHANOY TOWNSHIP BANK","SCHUYLKILL","BLASCHAK COAL CORP","107","ANT","42","3607242     S     MAHANOY TOWNSHIP BANK                                  SCHUYLKILL"]
[{"$nulls":3},"TEEM",{"$nulls":5},"PA","3607266","S","DILLTOWN","CAMBRIA","ROBINDALE ENERGY SERVICES","021","BIT","42","3607266     S     DILLTOWN                                  CAMBRIA"]
[{"$nulls":3},"TEJAS GAS",{"$nulls":5},"PA","3607276","P","SHERMAN BREAKER","SCHUYLKILL","SHERMAN COAL COMPANY INC.","107","ANT","42","3607276     P     SHERMAN BREAKER                                  SCHUYLKILL"]
[{"$nulls":3},"TENASKA GAS",{"$nulls":5},"PA","3607305","S","MARSHALL MINE","INDIANA","D. J & W MINING INC","063","BIT","42","3607305     S     MARSHALL MINE                                  INDIANA"]
[{"$nulls":3},"TENASKA MARKETING CANADA",{"$nulls":5},"PA","3607341","S","ACOSTA MINE","JEFFERSON","FALLS CREEK ENERGY COMPANY INC","065","BIT","42","3607341     S     ACOSTA MINE                                  JEFFERSON"]
[{"$nulls":3},"TENASKA MARKETING VENTURES",{"$nulls":5},"PA","3607384","S","EMERALD ANTHRACITE","LUZERNE","HUD INC","079","ANT","42","3607384     S     EMERALD ANTHRACITE                                  LUZERNE"]
[{"$nulls":3},"TENASKA POWER SERVICES",{"$nulls":5},"PA","3607416","U","ENLOW FORK MINE","WASHINGTON","CONSOL PENNSYLVANIA COAL COMPA","125","BIT","42","3607416     U     ENLOW FORK MINE                                  WASHINGTON"]
[{"$nulls":3},"TENNESSEE GAS PIPELINE",{"$nulls":5},"PA","3607437","S","ROCHESTER MILLS STRIP MINE","INDIANA","T L H COAL CO.","063","BIT","42","3607437     S     ROCHESTER MILLS STRIP MINE                                  INDIANA"]
[{"$nulls":3},"TERASEN",{"$nulls":5},"PA","3607440","P","CALVIN V LENIG COAL PREP & SAL","NORTHUMBERLAND","CALVIN V LENIG COAL PREP & SAL","097","ANT","42","3607440     P     CALVIN V LENIG COAL PREP & SAL                                  NORTHUMBERLAND"]
[{"$nulls":3},"TESORO",{"$nulls":5},"PA","3607456","U","BUCK DRIFT","SCHUYLKILL","D & F DEEP MINE","107","ANT","42","3607456     U     BUCK DRIFT                                  SCHUYLKILL"]
[{"$nulls":3},"TETCO",{"$nulls":5},"PA","3607504","S","LOST CREEK #1 STRIP RNGTWN RNT","SCHUYLKILL","BLASCHAK COAL CORP","107","BIT","42","3607504     S     LOST CREEK #1 STRIP RNGTWN RNT                                  SCHUYLKILL"]
[{"$nulls":3},"TETCO PIPELINE",{"$nulls":5},"PA","3607506","S","HEATON","CLEARFIELD","FERLITCH CONSTRUCTION INC","033","BIT","42","3607506     S     HEATON                                  CLEARFIELD"]
[{"$nulls":3},"TEX PAR ENERGY",{"$nulls":5},"PA","3607514","S","M S M COAL COMPANY INC","JEFFERSON","M S M COAL COMPANY INC","065","BIT","42","3607514     S     M S M COAL COMPANY INC                                  JEFFERSON"]
[{"$nulls":3},"TEXACO NATURAL GAS",{"$nulls":5},"PA","3607550","S","SWISHER CONTRACTING","CLEARFIELD","SWISHER CONTRACTING INC","033","BIT","42","3607550     S     SWISHER CONTRACTING                                  CLEARFIELD"]
[{"$nulls":3},"TEXAS EASTERN",{"$nulls":5},"PA","3607557","S","HENRY CLAY BANK","NORTHUMBERLAND","KEN SNYDER INC","097","ANT","42","3607557     S     HENRY CLAY BANK                                  NORTHUMBERLAND"]
[{"$nulls":3},"TEXAS GAS",{"$nulls":5},"PA","3607561","S","BAUMGARDNER OPERATION","CLEARFIELD","LARRY D BAUMGARDNER COAL COMPA","033","BIT","42","3607561     S     BAUMGARDNER OPERATION                                  CLEARFIELD"]
[{"$nulls":3},"TEXAS GENERAL LAND OFFICE",{"$nulls":5},"PA","3607568","S","STATE INDUSTRIES STRIPS","ARMSTRONG","STATE INDUSTRIES INC","005","BIT","42",{"$f":"K1413&\"     \"&L1413&\"     \"&M1413&\"                                  \"&N1413","v":"3607568     S     STATE INDUSTRIES STRIPS                                  ARMSTRONG"}]
[{"$nulls":3},"TEXLA",{"$nulls":5},"PA","3607568","S","STATE INDUSTRIES STRIPS","ARMSTRONG","STATE INDUSTRIES INC","005","WC","42","3607568     S     STATE INDUSTRIES STRIPS                                  ARMSTRONG"]
[{"$nulls":3},"TEXON",{"$nulls":5},"PA","3607576","S","BROCKTON STRIPPING","SCHUYLKILL","JOSEPH KUPERAVAGE COAL COMPANY","107","ANT","42","3607576     S     BROCKTON STRIPPING                                  SCHUYLKILL"]
[{"$nulls":3},"TEXPAR ENERGY",{"$nulls":5},"PA","3607630","S","OLDE BUCK MINE","SCHUYLKILL","OLDE BUCK RUN COAL COMPANY INC","107","ANT","42","3607630     S     OLDE BUCK MINE                                  SCHUYLKILL"]
[{"$nulls":3},"TGP",{"$nulls":5},"PA","3607636","S","MID PORT STRIP","SCHUYLKILL","JOE KUPERAVAGE COAL CO.","107","ANT","42","3607636     S     MID PORT STRIP                                  SCHUYLKILL"]
[{"$nulls":3},"THE DAYTON POWER & LIGHT",{"$nulls":5},"PA","3607670","S","KING #1","CLEARFIELD","KING COAL SALES INC","033","BIT","42","3607670     S     KING #1                                  CLEARFIELD"]
[{"$nulls":3},"THE ENERGY AUTHORITY",{"$nulls":5},"PA","3607688","P","CLYMER PREP PLANT","INDIANA","AMFIRE MINING COMPANY LLC","063","BIT","42","3607688     P     CLYMER PREP PLANT                                  INDIANA"]
[{"$nulls":3},"THERMO FLUIDS",{"$nulls":5},"PA","3607716","P","HUDSON COLLIERY","LUZERNE","HUDSON ANTHRACITE INC","079","ANT","42","3607716     P     HUDSON COLLIERY                                  LUZERNE"]
[{"$nulls":3},"THOMAS MINE",{"$nulls":5},"PA","3607727","P","HUSKIN RUN SIDING","SOMERSET","BERWIND COAL SALES COMPANY","111","BIT","42","3607727     P     HUSKIN RUN SIDING                                  SOMERSET"]
[{"$nulls":3},"THOMAS PETROLEUM LLC",{"$nulls":5},"PA","3607730","S","SERILL STRIP","SCHUYLKILL","HARDWAY COAL COMPANY INC","107","ANT","42","3607730     S     SERILL STRIP                                  SCHUYLKILL"]
[{"$nulls":3},"THOROUGHBRED COAL",{"$nulls":5},"PA","3607741","U","ROCK RIDGE NO 1 SLOPE","SCHUYLKILL","B & B COAL COMPANY","107","ANT","42","3607741     U     ROCK RIDGE NO 1 SLOPE                                  SCHUYLKILL"]
[{"$nulls":3},"THUNDER BASIN",{"$nulls":5},"PA","3607746","S","LADY JANE PLANT","CLEARFIELD","ROSEBUD MINING COMPANY","033","BIT","42","3607746     S     LADY JANE PLANT                                  CLEARFIELD"]
[{"$nulls":3},"TJS COAL SALES",{"$nulls":5},"PA","3607758","S","JETT STRIPPING","SCHUYLKILL","JETT CONTRACTING COMPANY","107","ANT","42","3607758     S     JETT STRIPPING                                  SCHUYLKILL"]
[{"$nulls":3},"TN GAS",{"$nulls":5},"PA","3607765","S","SAVITSKI BROS STRIP NO 1","NORTHUMBERLAND","SAVITSKI BROTHERS COAL SALES","097","ANT","42","3607765     S     SAVITSKI BROS STRIP NO 1                                  NORTHUMBERLAND"]
[{"$nulls":3},"TOMS CREEK",{"$nulls":5},"PA","3607772","S","LONE EAGLE MINE","SCHUYLKILL","LONE EAGLE COAL COMPANY INC","107","ANT","42","3607772     S     LONE EAGLE MINE                                  SCHUYLKILL"]
[{"$nulls":3},"TOMS FORK",{"$nulls":5},"PA","3607805","P","W M P I","SCHUYLKILL","WASTE MANAGEMENT & PROCESSORS","107","ANT","42","3607805     P     W M P I                                  SCHUYLKILL"]
[{"$nulls":3},"TONY BLASCHAK COAL",{"$nulls":5},"PA","3607806","S","TREMONT STRIPPING","SCHUYLKILL","MICHAEL COAL COMPANY INC.","107","ANT","42","3607806     S     TREMONT STRIPPING                                  SCHUYLKILL"]
[{"$nulls":3},"TONYS FORK",{"$nulls":5},"PA","3607838","U","HARMONY MINE","NORTHUMBERLAND","UAE COALCORP ASSOCIATES","097","ANT","42","3607838     U     HARMONY MINE                                  NORTHUMBERLAND"]
[{"$nulls":3},"TOTAL",{"$nulls":5},"PA","3607847","S","HARMAR  REFUSE SITE","ALLEGHENY","IP HARMAR HOLDINGS, LLC","003","BIT","42","3607847     S     HARMAR  REFUSE SITE                                  ALLEGHENY"]
[{"$nulls":3},"TRAFIGURA",{"$nulls":5},"PA","3607880","S","KOCHANOWSKI","INDIANA","SIMPSON COAL COMPANY","063","BIT","42","3607880     S     KOCHANOWSKI                                  INDIANA"]
[{"$nulls":3},"TRANS LOUISIANA GAS PIPELINE",{"$nulls":5},"PA","3607892","P","AUBURN PREPARATION PLANT","SCHUYLKILL","STOUDT'S FERRY PREPARATION COM","107","ANT","42","3607892     P     AUBURN PREPARATION PLANT                                  SCHUYLKILL"]
[{"$nulls":3},"TRANS TEXAS GAS",{"$nulls":5},"PA","3607928","S","FIEG BROS COAL CO.","SOMERSET","FIEG BROTHER'S COAL CO.","111","BIT","42","3607928     S     FIEG BROS COAL CO.                                  SOMERSET"]
[{"$nulls":3},"TRANSALTA ENERGY MARKETING",{"$nulls":5},"PA","3607973","S","FAYETTE CO STRIPS","FAYETTE","AMERIKOHL MINING INC","051","BIT","42","3607973     S     FAYETTE CO STRIPS                                  FAYETTE"]
[{"$nulls":3},"TRANSCANADA",{"$nulls":5},"PA","3607979","P","ST. NICHOLAS COGENERATION PLAN","SCHUYLKILL","SCHUYLKILL ENERGY RESOURCES,","107","ANT","42","3607979     P     ST. NICHOLAS COGENERATION PLAN                                  SCHUYLKILL"]
[{"$nulls":3},"TRANSCO",{"$nulls":5},"PA","3607979","P","ST NICHOLAS COGENERATION PLANT","SCHUYLKILL","SCHUYLKILL ENERGY RESOURCES,","107","WC","42","3607979     P     ST NICHOLAS COGENERATION PLANT                                  SCHUYLKILL"]
[{"$nulls":3},"TRANSCONTINENTAL GAS",{"$nulls":5},"PA","3607999","S","BUTE REFUSE PILE","FAYETTE","FAYETTE COAL & COKE INC","051","BIT","42","3607999     S     BUTE REFUSE PILE                                  FAYETTE"]
[{"$nulls":3},"TRANSMONTAIGNE",{"$nulls":5},"PA","3608031","U","SKIDMORE SLOPE","SCHUYLKILL","BLACKWOOD MINING","107","ANT","42","3608031     U     SKIDMORE SLOPE                                  SCHUYLKILL"]
[{"$nulls":3},"TRANSWESTERN PIPELINE CO",{"$nulls":5},"PA","3608032","S","REVLOC REFUSE SITE","CAMBRIA","EBENSBURG POWER COMPANY","021","WC","42","3608032     S     REVLOC REFUSE SITE                                  CAMBRIA"]
[{"$nulls":3},"TRAPPER MINE",{"$nulls":5},"PA","3608032","S","REVLOC REFUSE SITE","CAMBRIA","EBENSBURG POWER COMPANY","021","BIT","42","3608032     S     REVLOC REFUSE SITE                                  CAMBRIA"]
[{"$nulls":3},"TRAXENERGY",{"$nulls":5},"PA","3608034","S","MOUNTAINTOP STRIP","SCHUYLKILL","MOUNTAINTOP COAL MINING INC","107","ANT","42","3608034     S     MOUNTAINTOP STRIP                                  SCHUYLKILL"]
[{"$nulls":3},"TRAXYS",{"$nulls":5},"PA","3608052","S","T.C. STRIPS","BUTLER","T. C. MINING","019","BIT","42","3608052     S     T.C. STRIPS                                  BUTLER"]
[{"$nulls":3},"TRIAD",{"$nulls":5},"PA","3608064","S","NEPCO CO-GENERATION FACILITY","SCHUYLKILL","NORTHEASTERN POWER COMPANY","107","ANT","42","3608064     S     NEPCO CO-GENERATION FACILITY                                  SCHUYLKILL"]
[{"$nulls":3},"TRIGEN",{"$nulls":5},"PA","3608065","S","SMITH NO. 1 MINE","ARMSTRONG","ROSEBUD MINING COMPANY","005","BIT","42","3608065     S     SMITH NO. 1 MINE                                  ARMSTRONG"]
[{"$nulls":3},"TRI-LAKES PETROLEUM",{"$nulls":5},"PA","3608071","S","ENERCORP INC","CLEARFIELD","ENERCORP INC","033","BIT","42","3608071     S     ENERCORP INC                                  CLEARFIELD"]
[{"$nulls":3},"TRINITY COAL",{"$nulls":5},"PA","3608080","S","JOHNSON #1","CLEARFIELD","R B CONTRACTING","033","BIT","42","3608080     S     JOHNSON #1                                  CLEARFIELD"]
[{"$nulls":3},"TRIPLE T OIL COMPANY",{"$nulls":5},"PA","3608083","S","JOEPA","SOMERSET","ROSEBUD MINING COMPANY","111","BIT","42","3608083     S     JOEPA                                  SOMERSET"]
[{"$nulls":3},"TRI-STAR MINING INC",{"$nulls":5},"PA","3608091","S","COAL CASTLE FUELS OPERATION","SCHUYLKILL","WILBUR WHITE COAL CO.","107","ANT","42","3608091     S     COAL CASTLE FUELS OPERATION                                  SCHUYLKILL"]
[{"$nulls":3},"TRI-STATE",{"$nulls":5},"PA","3608091","S","COAL CASTLE FUELS OPERATION","SCHUYLKILL","WILBUR WHITE COAL CO.","107","WC","42","3608091     S     COAL CASTLE FUELS OPERATION                                  SCHUYLKILL"]
[{"$nulls":3},"TRI-STATE PETROLEUM",{"$nulls":5},"PA","3608101","S","LINCOLN BANK #88","SCHUYLKILL","MEADOWBROOK COAL COMPANY INC","107","ANT","42","3608101     S     LINCOLN BANK #88                                  SCHUYLKILL"]
[{"$nulls":3},"TRITON COAL",{"$nulls":5},"PA","3608106","S","T J #1","CAMBRIA","T J MINING INC","021","BIT","42","3608106     S     T J #1                                  CAMBRIA"]
[{"$nulls":3},"TROY ENERGY LLC",{"$nulls":5},"PA","3608128","S","MT. CARMEL CO-GEN CULM HANDLIN","NORTHUMBERLAND","MT CARMEL CO-GEN, INC.","097","ANT","42","3608128     S     MT. CARMEL CO-GEN CULM HANDLIN                                  NORTHUMBERLAND"]
[{"$nulls":3},"TRUE ENERGY COAL SALES",{"$nulls":5},"PA","3608135","U","DARMAC NO. 2 MINE","ARMSTRONG","ROSEBUD MINING COMPANY","005","BIT","42","3608135     U     DARMAC NO. 2 MINE                                  ARMSTRONG"]
[{"$nulls":3},"TRUMAN ARNOLD",{"$nulls":5},"PA","3608138","P","DUTCH RUN COAL PREPARATION PLA","ARMSTRONG","ROSEBUD MINING COMPANY","005","BIT","42","3608138     P     DUTCH RUN COAL PREPARATION PLA                                  ARMSTRONG"]
[{"$nulls":3},"TRUNKLINE GAS",{"$nulls":5},"PA","3608140","S","BELL CORP","SCHUYLKILL","BELL CORP","107","ANT","42","3608140     S     BELL CORP                                  SCHUYLKILL"]
[{"$nulls":3},"TTCP PETCOKE",{"$nulls":5},"PA","3608163","S","HOOVER JOB","CLEARFIELD","JUNIOR COAL CONTRACTING INNCOR","033","BIT","42","3608163     S     HOOVER JOB                                  CLEARFIELD"]
[{"$nulls":3},"TUCO",{"$nulls":5},"PA","3608201","S","MAHANOY CREEK MINE","SCHUYLKILL","WHITE PINE COAL COMPANY, INC.","107","ANT","42","3608201     S     MAHANOY CREEK MINE                                  SCHUYLKILL"]
[{"$nulls":3},"TUCSON ELECTRIC",{"$nulls":5},"PA","3608201","S","MAHANOY CREEK MINE","SCHUYLKILL","WHITE PINE COAL COMPANY, INC.","107","WC","42","3608201     S     MAHANOY CREEK MINE                                  SCHUYLKILL"]
[{"$nulls":3},"TUNNEL RIDGE LLC",{"$nulls":5},"PA","3608204","P","GLEN GERY","NORTHUMBERLAND","ITT WATER AND WASTEWATER LEOPO","097","ANT","42","3608204     P     GLEN GERY                                  NORTHUMBERLAND"]
[{"$nulls":3},"TUSCALOOSA RESOURCES",{"$nulls":5},"PA","3608222","P","EME HOMER CITY GENERATION L P","INDIANA","EME HOMER CITY GENERATION L P","063","BIT","42","3608222     P     EME HOMER CITY GENERATION L P                                  INDIANA"]
[{"$nulls":3},"TUSCARORA",{"$nulls":5},"PA","3608229","S","EXCELSIOR STRIPPING","NORTHUMBERLAND","SPLIT VEIN COAL COMPANY INC","097","ANT","42","3608229     S     EXCELSIOR STRIPPING                                  NORTHUMBERLAND"]
[{"$nulls":3},"TUSKY MINE",{"$nulls":5},"PA","3608248","S","SHAWVER OPERATION","CLEARFIELD","HILLTOP COAL COMPANY","033","BIT","42","3608248     S     SHAWVER OPERATION                                  CLEARFIELD"]
[{"$nulls":3},"TWIN BRIDGES",{"$nulls":5},"PA","3608250","S","MOREA REFUSE REMOVAL OPERATION","SCHUYLKILL","WHEELABRATOR CULM SERVICES INC","107","ANT","42","3608250     S     MOREA REFUSE REMOVAL OPERATION                                  SCHUYLKILL"]
[{"$nulls":3},"TWIN EAGLE RESOURCE MANAGEMENT",{"$nulls":5},"PA","3608262","S","WESTMORELAND COUNTY STRIPS","WESTMORELAND","AMERIKOHL MINING INC","129","BIT","42","3608262     S     WESTMORELAND COUNTY STRIPS                                  WESTMORELAND"]
[{"$nulls":3},"TWIN PINES COAL",{"$nulls":5},"PA","3608272","S","SHENANDOAH CITY BANK","SCHUYLKILL","WASTE MANAGEMENT & PROCESSORS","107","ANT","42","3608272     S     SHENANDOAH CITY BANK                                  SCHUYLKILL"]
[{"$nulls":3},"TXU ENERGY TRADING",{"$nulls":5},"PA","3608273","S","CLINTON SURFACE MINE","LACKAWANNA","PIONEER AGGREGATES INC","069","ANT","42","3608273     S     CLINTON SURFACE MINE                                  LACKAWANNA"]
[{"$nulls":3},"TYREE OIL INC",{"$nulls":5},"PA","3608276","P","CAMBRIA COGEN FACILITY","CAMBRIA","CAMBRIA COGEN COMPANY","021","BIT","42","3608276     P     CAMBRIA COGEN FACILITY                                  CAMBRIA"]
[{"$nulls":3},"UBS",{"$nulls":5},"PA","3608276","P","CAMBRIA COGEN FACILITY","CAMBRIA","CAMBRIA COGEN COMPANY","021","WC","42","3608276     P     CAMBRIA COGEN FACILITY                                  CAMBRIA"]
[{"$nulls":3},"UGI",{"$nulls":5},"PA","3608280","S","STERLING DAM/ROSINI ENT. INC.","NORTHUMBERLAND","DEVIL'S HOLE INC.","097","ANT","42","3608280     S     STERLING DAM/ROSINI ENT. INC.                                  NORTHUMBERLAND"]
[{"$nulls":3},"UNIMARK",{"$nulls":5},"PA","3608291","S","MCGILL SURFACE MINE","FAYETTE","STASH MINING COMPANY","051","BIT","42","3608291     S     MCGILL SURFACE MINE                                  FAYETTE"]
[{"$nulls":3},"UNION PACIFIC RAILROAD",{"$nulls":5},"PA","3608297","S","GOODSPRING STRIPPING","SCHUYLKILL","MEADOWBROOK COAL COMPANY INCOR","107","ANT","42","3608297     S     GOODSPRING STRIPPING                                  SCHUYLKILL"]
[{"$nulls":3},"UNION POWER PARTNERS",{"$nulls":5},"PA","3608299","U","NO 2 SLOPE","SCHUYLKILL","S & J COAL COMPANY","107","ANT","42","3608299     U     NO 2 SLOPE                                  SCHUYLKILL"]
[{"$nulls":3},"UNIONVALE COAL",{"$nulls":5},"PA","3608307","S","HARDROCK COAL CO.","SOMERSET","HARDROCK COAL COMPANY, INC.","111","BIT","42","3608307     S     HARDROCK COAL CO.                                  SOMERSET"]
[{"$nulls":3},"UNITED COAL",{"$nulls":5},"PA","3608316","P","CHALLENGER YARD","INDIANA","MILLCREEK PROCESSING","063","BIT","42","3608316     P     CHALLENGER YARD                                  INDIANA"]
[{"$nulls":3},"UNITED ENERGY",{"$nulls":5},"PA","3608322","P","OAKS PLANT","MONTGOMERY","STOUDT'S FERRY PREPARATION COM","091","BIT","42","3608322     P     OAKS PLANT                                  MONTGOMERY"]
[{"$nulls":3},"UNITED ENERGY TRADING,LLC",{"$nulls":5},"PA","3608330","S","CRANBERRY  COLLIERY BANK SOUTH","LUZERNE","ROSSI EXCAVATING COMPANY","079","ANT","42",{"$f":"K1477&\"     \"&L1477&\"     \"&M1477&\"                                  \"&N1477","v":"3608330     S     CRANBERRY  COLLIERY BANK SOUTH                                  LUZERNE"}]
[{"$nulls":3},"UNITED FUEL AND LUBRICANTS",{"$nulls":5},"PA","3608334","S","CLARK MINE","LAWRENCE","EAST FAIRFIELD COAL CO","073","BIT","42","3608334     S     CLARK MINE                                  LAWRENCE"]
[{"$nulls":3},"UNITED REFINING",{"$nulls":5},"PA","3608335","S","MARQUISE STRIPS","ARMSTRONG","MARQUISE MINING CORPORATION","005","BIT","42","3608335     S     MARQUISE STRIPS                                  ARMSTRONG"]
[{"$nulls":3},"UNITED STATES STEEL",{"$nulls":5},"PA","3608337","S","RED OAK MINE","SCHUYLKILL","WHITE PINE COAL COMPANY, INC.","107","ANT","42","3608337     S     RED OAK MINE                                  SCHUYLKILL"]
[{"$nulls":3},"UNITEK",{"$nulls":5},"PA","3608344","S","BRIER HILL","FAYETTE","MON RIVER ENERGY CORP","051","BIT","42","3608344     S     BRIER HILL                                  FAYETTE"]
[{"$nulls":3},"UNIVERSAL REFINING",{"$nulls":5},"PA","3608346","U","PRIMROSE SLOPE","SCHUYLKILL","CARLINE COAL CO. INC.","107","ANT","42","3608346     U     PRIMROSE SLOPE                                  SCHUYLKILL"]
[{"$nulls":3},"UPLAND MINE",{"$nulls":5},"PA","3608349","P","FREEPORT SURFACE FACILITIES","GREENE","RIVER PROCESSING CORPORATION","059","BIT","42","3608349     P     FREEPORT SURFACE FACILITIES                                  GREENE"]
[{"$nulls":3},"US ENERGY SEVICES, INC",{"$nulls":5},"PA","3608375","U","HIGH QUALITY MINE","WASHINGTON","MAPLE CREEK MINING INCORPORATE","125","BIT","42","3608375     U     HIGH QUALITY MINE                                  WASHINGTON"]
[{"$nulls":3},"US OIL COMPANY",{"$nulls":5},"PA","3608376","S","BETH #2","INDIANA","BETH MINING CO.","063","BIT","42","3608376     S     BETH #2                                  INDIANA"]
[{"$nulls":3},"USNR ENERGY SERVICES",{"$nulls":5},"PA","3608385","S","RODINO BREAKER","SCHUYLKILL","GALE MINING COMPANY","107","ANT","42","3608385     S     RODINO BREAKER                                  SCHUYLKILL"]
[{"$nulls":3},"UTILICORP UNITED",{"$nulls":5},"PA","3608391","S","GLEN LYON OPERATION","LUZERNE","SUSQUEHANNA COAL COMPANY","079","ANT","42","3608391     S     GLEN LYON OPERATION                                  LUZERNE"]
[{"$nulls":3},"UTILITY RESOURCE SOLUTIONS",{"$nulls":5},"PA","3608398","S","EPB STRIP","CAMBRIA","E P BENDER COAL COMPANY","021","BIT","42","3608398     S     EPB STRIP                                  CAMBRIA"]
[{"$nulls":3},"VA  POWER",{"$nulls":5},"PA","3608399","S","NO 7 OPERATION","LUZERNE","EMERALD ANTHRACITE II","079","ANT","42","3608399     S     NO 7 OPERATION                                  LUZERNE"]
[{"$nulls":3},"VALERO",{"$nulls":5},"PA","3608406","S","COALBROOK STRIPPING #1","LACKAWANNA","MACO ASSOCIATES INC","069","WC","42","3608406     S     COALBROOK STRIPPING #1                                  LACKAWANNA"]
[{"$nulls":3},"VALIER COAL YARD",{"$nulls":5},"PA","3608406","S","COALBROOK STRIPPING #1","LACKAWANNA","MACO ASSOCIATES INC","069","ANT","42","3608406     S     COALBROOK STRIPPING #1                                  LACKAWANNA"]
[{"$nulls":3},"VALLEY COAL",{"$nulls":5},"PA","3608414","S","FRACKVILLE BANK","SCHUYLKILL","PENN EQUIPMENT CORPORATION","107","WC","42","3608414     S     FRACKVILLE BANK                                  SCHUYLKILL"]
[{"$nulls":3},"VAPOWER",{"$nulls":5},"PA","3608414","S","FRACKVILLE BANK","SCHUYLKILL","PENN EQUIPMENT CORPORATION","107","ANT","42","3608414     S     FRACKVILLE BANK                                  SCHUYLKILL"]
[{"$nulls":3},"VARIOUS (NATURAL GAS SPOT PURCHASES ONLY)",{"$nulls":5},"PA","3608418","S","J & B MINE","SCHUYLKILL","WILBUR WHITE COAL CO","107","ANT","42","3608418     S     J & B MINE                                  SCHUYLKILL"]
[{"$nulls":3},"VECTREN",{"$nulls":5},"PA","3608419","S","ARCHBALD MTN STRIP #1","LACKAWANNA","SILVERBROOK ANTHRACITE INC","069","ANT","42","3608419     S     ARCHBALD MTN STRIP #1                                  LACKAWANNA"]
[{"$nulls":3},"VENRO",{"$nulls":5},"PA","3608422","S","CLEARFIELD CO STRIPS","CLEARFIELD","AMFIRE MINING COMPANY LLC","033","BIT","42","3608422     S     CLEARFIELD CO STRIPS                                  CLEARFIELD"]
[{"$nulls":3},"VENTURE",{"$nulls":5},"PA","3608423","P","BLACK CREEK BREAKER","NORTHUMBERLAND","BLACK CREEK BREAKER COMPANY","097","ANT","42","3608423     P     BLACK CREEK BREAKER                                  NORTHUMBERLAND"]
[{"$nulls":3},"VEPCO",{"$nulls":5},"PA","3608452","S","BEAR RIDGE BANKS","SCHUYLKILL","WHITE PINE COAL COMPANY, INC.","107","ANT","42","3608452     S     BEAR RIDGE BANKS                                  SCHUYLKILL"]
[{"$nulls":3},"VEPM",{"$nulls":5},"PA","3608472","S","JMW MINE NO 1","BUTLER","JMW ENTERPRISES, INC.","019","BIT","42","3608472     S     JMW MINE NO 1                                  BUTLER"]
[{"$nulls":3},"VERMONT GAS SYSTEMS",{"$nulls":5},"PA","3608483","S","GARMANTOWN MINE","CAMBRIA","L & J ENERGY COMPANY INC","021","BIT","42","3608483     S     GARMANTOWN MINE                                  CAMBRIA"]
[{"$nulls":3},"VERTEX ENERGY",{"$nulls":5},"PA","3608488","S","BANKS BANK","CARBON","ROSSI EXCAVATING COMPANY","025","ANT","42","3608488     S     BANKS BANK                                  CARBON"]
[{"$nulls":3},"VESCO OIL",{"$nulls":5},"PA","3608489","S","WEST SPRING ENERGY","NORTHUMBERLAND","WEST SPRING ENERGY, LLC","097","ANT","42","3608489     S     WEST SPRING ENERGY                                  NORTHUMBERLAND"]
[{"$nulls":3},"VICTOR MINE",{"$nulls":5},"PA","3608491","S","EHENGER","INDIANA","K. M. P. ASSOCIATES, INC.","063","BIT","42","3608491     S     EHENGER                                  INDIANA"]
[{"$nulls":3},"VIGO COAL",{"$nulls":5},"PA","3608494","S","GOOD SPRING SOUTH","SCHUYLKILL","RAUSCH CREEK COAL MINING LLC","107","ANT","42","3608494     S     GOOD SPRING SOUTH                                  SCHUYLKILL"]
[{"$nulls":3},"VIKING CORNING",{"$nulls":5},"PA","3608497","S","SOMERSET CO SURFACE","SOMERSET","AMFIRE MINING COMPANY LLC","111","BIT","42","3608497     S     SOMERSET CO SURFACE                                  SOMERSET"]
[{"$nulls":3},"VINDEX",{"$nulls":5},"PA","3608501","S","MOUNTAINEER #1","SOMERSET","MOUNTAINEER MINING CORPORATION","111","BIT","42","3608501     S     MOUNTAINEER #1                                  SOMERSET"]
[{"$nulls":3},"VIPER",{"$nulls":5},"PA","3608502","S","MARVINE BANK","LACKAWANNA","APHC II INC","069","ANT","42","3608502     S     MARVINE BANK                                  LACKAWANNA"]
[{"$nulls":3},"VIRGINIA FUEL CORP",{"$nulls":5},"PA","3608504","S","PIONEER #1","CLEARFIELD","WARREN C HARTMAN CONTRACTOR","033","BIT","42","3608504     S     PIONEER #1                                  CLEARFIELD"]
[{"$nulls":3},"VIRGINIA POWER",{"$nulls":5},"PA","3608505","S","AJAMM","FAYETTE","PICCOLOMINI CONTRACTORS INC.","051","BIT","42","3608505     S     AJAMM                                  FAYETTE"]
[{"$nulls":3},"VIRGINIA POWER ENERGY MARKETING",{"$nulls":5},"PA","3608507","S","BAST BANK","SCHUYLKILL","WASTE MANAGEMENT & PROCESSORS","107","ANT","42","3608507     S     BAST BANK                                  SCHUYLKILL"]
[{"$nulls":3},"VIRGINIA POWER SERVICES ENERGY",{"$nulls":5},"PA","3608516","S","NORTH MAHANOY BANK","SCHUYLKILL","WASTE MANAGEMENT & PROCESSORS,","107","ANT","42","3608516     S     NORTH MAHANOY BANK                                  SCHUYLKILL"]
[{"$nulls":3},"VITOL",{"$nulls":5},"PA","3608517","S","ADC, INC PIT 008","WESTMORELAND","GARY GIOIA COAL CO.","129","BIT","42","3608517     S     ADC, INC PIT 008                                  WESTMORELAND"]
[{"$nulls":3},"VW BOWMAN",{"$nulls":5},"PA","3608525","U","TOM'S RUN MINE","INDIANA","ROSEBUD MINING COMPANY","063","BIT","42","3608525     U     TOM'S RUN MINE                                  INDIANA"]
[{"$nulls":3},"WABASH",{"$nulls":5},"PA","3608533","S","RELIANCE BANK","NORTHUMBERLAND","WASTE MANAGEMENT & PROCESSORS","097","ANT","42","3608533     S     RELIANCE BANK                                  NORTHUMBERLAND"]
[{"$nulls":3},"WACHOVIA",{"$nulls":5},"PA","3608534","S","REEVESDALE #1","SCHUYLKILL","REILLY MINERAL RESOURCES INC","107","ANT","42","3608534     S     REEVESDALE #1                                  SCHUYLKILL"]
[{"$nulls":3},"WALLIS LUBRICANT",{"$nulls":5},"PA","3608538","P","STINER #1 MINE","CLEARFIELD","P & N COAL COMPANY INC","033","BIT","42","3608538     P     STINER #1 MINE                                  CLEARFIELD"]
[{"$nulls":3},"WALNUT CREEK",{"$nulls":5},"PA","3608539","P","PINEY CREEK PROJECT","CLARION","PINEY CREEK LIMITED PARTNERSHI","031","BIT","42","3608539     P     PINEY CREEK PROJECT                                  CLARION"]
[{"$nulls":3},"WALTHALL",{"$nulls":5},"PA","3608540","P","KEYSTONE CLEANING PLANT","ARMSTRONG","KEYSTONE COAL MINING COMPANY","005","BIT","42","3608540     P     KEYSTONE CLEANING PLANT                                  ARMSTRONG"]
[{"$nulls":3},"WAREX TERMINALS CORP",{"$nulls":5},"PA","3608541","S","BEN HAL STRIPS","MERCER","BEN HAL MINING","085","BIT","42","3608541     S     BEN HAL STRIPS                                  MERCER"]
[{"$nulls":3},"WARNER PETROLEUM",{"$nulls":5},"PA","3608544","P","CLEANING PLANT","ARMSTRONG","CANTERBURY COAL COMPANY","005","BIT","42","3608544     P     CLEANING PLANT                                  ARMSTRONG"]
[{"$nulls":3},"WARREN COUNTY OIL",{"$nulls":5},"PA","3608546","S","SHAMOKIN REFUSE BANK","NORTHUMBERLAND","MID-VALLEY COAL SALES,  INC.","097","ANT","42","3608546     S     SHAMOKIN REFUSE BANK                                  NORTHUMBERLAND"]
[{"$nulls":3},"WARRIOR",{"$nulls":5},"PA","3608550","S","HAZLETON SHAFT SOUTH","LUZERNE","HAZLETON SHAFT CORPORATION","079","ANT","42","3608550     S     HAZLETON SHAFT SOUTH                                  LUZERNE"]
[{"$nulls":3},"WARRIOR COAL",{"$nulls":5},"PA","3608551","S","SOMERSET COUNTY STRIPS","SOMERSET","AMERIKOHL MINING INC","111","BIT","42","3608551     S     SOMERSET COUNTY STRIPS                                  SOMERSET"]
[{"$nulls":3},"WASHINGTON GAS",{"$nulls":5},"PA","3608552","S","LOCUST GAP OPERATION","NORTHUMBERLAND","SPLIT VEIN COAL COMPANY INC","097","ANT","42","3608552     S     LOCUST GAP OPERATION                                  NORTHUMBERLAND"]
[{"$nulls":3},"WASTE MANAGEMENT AND PROCESSORS",{"$nulls":5},"PA","3608567","P","SCRUBGRASS FUEL HANDLING FACIL","VENANGO","SCRUBGRASS GENERATING COMPANY","121","BIT","42","3608567     P     SCRUBGRASS FUEL HANDLING FACIL                                  VENANGO"]
[{"$nulls":3},"WATERFRONT",{"$nulls":5},"PA","3608571","U","SARAH","SOMERSET","ROXCOAL, INC.","111","BIT","42","3608571     U     SARAH                                  SOMERSET"]
[{"$nulls":3},"WATERLOO",{"$nulls":5},"PA","3608572","S","MATHER STRIP","GREENE","C J & L COAL","059","BIT","42","3608572     S     MATHER STRIP                                  GREENE"]
[{"$nulls":3},"WAYSIDE",{"$nulls":5},"PA","3608575","S","JOB 127","ELK","NORTHERN SON, INC.","047","BIT","42","3608575     S     JOB 127                                  ELK"]
[{"$nulls":3},"WE ENERGIES",{"$nulls":5},"PA","3608581","P","GIRARD BREAKER","SCHUYLKILL","READING ANTHRACITE COMPANY","107","ANT","42","3608581     P     GIRARD BREAKER                                  SCHUYLKILL"]
[{"$nulls":3},"WEBSTER COUNTY COAL",{"$nulls":5},"PA","3608590","S","CONTINENTAL STRIP","SCHUYLKILL","KEYSTONE ANTHRACITE CORPORATIO","107","ANT","42","3608590     S     CONTINENTAL STRIP                                  SCHUYLKILL"]
[{"$nulls":3},"WEINGARTNER MINE",{"$nulls":5},"PA","3608593","S","KAMC STRIP","CARBON","KAMC","025","ANT","42","3608593     S     KAMC STRIP                                  CARBON"]
[{"$nulls":3},"WELLMORE COAL",{"$nulls":5},"PA","3608593","S","KAMC STRIP","CARBON","KAMC","025","WC","42","3608593     S     KAMC STRIP                                  CARBON"]
[{"$nulls":3},"WELLMORE STRICKLAND",{"$nulls":5},"PA","3608595","S","HONEYBROOK REFUSE OPERATION","SCHUYLKILL","NORTHEASTERN POWER COMPANY","107","ANT","42","3608595     S     HONEYBROOK REFUSE OPERATION                                  SCHUYLKILL"]
[{"$nulls":3},"WELLS FARGO COMMODITIES",{"$nulls":5},"PA","3608595","S","HONEYBROOK REFUSE OPERATION","SCHUYLKILL","NORTHEASTERN POWER COMPANY","107","WC","42","3608595     S     HONEYBROOK REFUSE OPERATION                                  SCHUYLKILL"]
[{"$nulls":3},"WELLS PREP",{"$nulls":5},"PA","3608598","P","CEI ANTHRACITE","LUZERNE","CEI ANTHRACITE","079","ANT","42","3608598     P     CEI ANTHRACITE                                  LUZERNE"]
[{"$nulls":3},"WEN LAR",{"$nulls":5},"PA","3608602","S","WAROQUIER #2","JEFFERSON","WAROQUIER COAL COMPANY","065","BIT","42","3608602     S     WAROQUIER #2                                  JEFFERSON"]
[{"$nulls":3},"WENTZ",{"$nulls":5},"PA","3608603","U","TRACY LYNNE","ARMSTRONG","ROSEBUD MINING COMPANY","005","BIT","42","3608603     U     TRACY LYNNE                                  ARMSTRONG"]
[{"$nulls":3},"WEST KY MINERALS",{"$nulls":5},"PA","3608606","P","FORCEY TIPPLE","CLEARFIELD","FORCEY COAL INC","033","BIT","42","3608606     P     FORCEY TIPPLE                                  CLEARFIELD"]
[{"$nulls":3},"WEST RIDGE",{"$nulls":5},"PA","3608607","S","MILESTONE PIT #1","CLARION","MILESTONE CRUSHED INC","031","BIT","42","3608607     S     MILESTONE PIT #1                                  CLARION"]
[{"$nulls":3},"WEST VIRGINIA COAL",{"$nulls":5},"PA","3608608","P","WAROQUIER TIPPLE","CLEARFIELD","WAROQUIER COAL COMPANY","033","BIT","42","3608608     P     WAROQUIER TIPPLE                                  CLEARFIELD"]
[{"$nulls":3},"WESTAR ENERGY",{"$nulls":5},"PA","3608609","P","BELLS LANDING TIPPLE","CLEARFIELD","HEPBURNIA COAL COMPANY INC","033","BIT","42",{"$f":"K1541&\"     \"&L1541&\"     \"&M1541&\"                                  \"&N1541","v":"3608609     P     BELLS LANDING TIPPLE                                  CLEARFIELD"}]
[{"$nulls":3},"WESTERN ENERGY",{"$nulls":5},"PA","3608613","S","SILVERTON STRIPPING","SCHUYLKILL","SELKIRK ENTERPRISES LLC","107","ANT","42","3608613     S     SILVERTON STRIPPING                                  SCHUYLKILL"]
[{"$nulls":3},"WESTERN FUELS",{"$nulls":5},"PA","3608620","S","INDIANA COUNTY","INDIANA","AMFIRE MINING COMPANY LLC","063","BIT","42","3608620     S     INDIANA COUNTY                                  INDIANA"]
[{"$nulls":3},"WESTERN KENTUCKY MINERALS",{"$nulls":5},"PA","3608622","U","MILLER MINE","SOMERSET","ROXCOAL INC","111","BIT","42","3608622     U     MILLER MINE                                  SOMERSET"]
[{"$nulls":3},"WESTERN OIL & ASPHALT",{"$nulls":5},"PA","3608624","S","FOSSIL #1","INDIANA","FOSSIL FUEL INC","063","BIT","42","3608624     S     FOSSIL #1                                  INDIANA"]
[{"$nulls":3},"WESTERN PETROLEUM",{"$nulls":5},"PA","3608631","S","COONEY REFUSE SITE","CAMBRIA","FUEL RECOVERY, INC.","021","BIT","42","3608631     S     COONEY REFUSE SITE                                  CAMBRIA"]
[{"$nulls":3},"WESTERN REFINING",{"$nulls":5},"PA","3608636","U","AGUSTUS","SOMERSET","ROXCOAL INC","111","BIT","42","3608636     U     AGUSTUS                                  SOMERSET"]
[{"$nulls":3},"WESTERN RIDGE RESOURCES",{"$nulls":5},"PA","3608637","U","#1 SLOPE","NORTHUMBERLAND","F K Z COAL INC","097","ANT","42","3608637     U     #1 SLOPE                                  NORTHUMBERLAND"]
[{"$nulls":3},"WESTLAND PROPANE",{"$nulls":5},"PA","3608645","U","GERONIMO","SOMERSET","ROXCOAL INC","111","BIT","42","3608645     U     GERONIMO                                  SOMERSET"]
[{"$nulls":3},"WESTMORELAND COAL",{"$nulls":5},"PA","3608647","P","BULLSKIN TIPPLE","FAYETTE","BULLSKIN TIPPLE COMPANY","051","BIT","42","3608647     P     BULLSKIN TIPPLE                                  FAYETTE"]
[{"$nulls":3},"WESTMORELAND RESOURCES",{"$nulls":5},"PA","3608649","S","JEDDO NO 8 PREPARATION PLANT","LUZERNE","JEDDO COAL COMPANY","079","ANT","42","3608649     S     JEDDO NO 8 PREPARATION PLANT                                  LUZERNE"]
[{"$nulls":3},"WESTPORT PETROLEUM",{"$nulls":5},"PA","3608649","S","JEDDO NO 8 PREPARATION PLANT","LUZERNE","JEDDO COAL COMPANY","079","WC","42","3608649     S     JEDDO NO 8 PREPARATION PLANT                                  LUZERNE"]
[{"$nulls":3},"WESTRIDGE",{"$nulls":5},"PA","3608670","S","MAHANOY CITY BANK #111","SCHUYLKILL","WASTE MANAGEMENT & PROCESSORS","107","ANT","42","3608670     S     MAHANOY CITY BANK #111                                  SCHUYLKILL"]
[{"$nulls":3},"WESTRIDGE RESOURCES",{"$nulls":5},"PA","3608672","S","MARQUISE STRIPS","SOMERSET","MARQUISE MINING CORPORATION","111","BIT","42","3608672     S     MARQUISE STRIPS                                  SOMERSET"]
[{"$nulls":3},"WFA - DRY FORK",{"$nulls":5},"PA","3608674","S","LOREE SILT BASIN & BANK OPERAT","LUZERNE","HEAVY MEDIA INC","079","ANT","42","3608674     S     LOREE SILT BASIN & BANK OPERAT                                  LUZERNE"]
[{"$nulls":3},"WFEC PIPELINE",{"$nulls":5},"PA","3608679","S","NO 5 VEIN","SCHUYLKILL","WHEEL'S COAL COMPANY","107","ANT","42","3608679     S     NO 5 VEIN                                  SCHUYLKILL"]
[{"$nulls":3},"WH BREASHERS INC",{"$nulls":5},"PA","3608680","S","BURNRITE STRIP","COLUMBIA","BURNRITE COAL COMPANY","037","ANT","42","3608680     S     BURNRITE STRIP                                  COLUMBIA"]
[{"$nulls":3},"WHEATLAND",{"$nulls":5},"PA","3608681","S","MARY-D STRIPPING","SCHUYLKILL","MICHAEL COAL COMPANY, INC.","107","ANT","42","3608681     S     MARY-D STRIPPING                                  SCHUYLKILL"]
[{"$nulls":3},"WHETSTONE OIL",{"$nulls":5},"PA","3608683","P","RIVER HILL TIPPLE","CLEARFIELD","RIVER HILL COAL COMPANY INC","033","BIT","42","3608683     P     RIVER HILL TIPPLE                                  CLEARFIELD"]
[{"$nulls":3},"WHITE COUNTY COAL",{"$nulls":5},"PA","3608684","S","HYNOSKI BROS SHENANDOAH STRIP","SCHUYLKILL","HYNOSKI BROS EXC. INC","107","ANT","42","3608684     S     HYNOSKI BROS SHENANDOAH STRIP                                  SCHUYLKILL"]
[{"$nulls":3},"WHITE PINE COAL CO",{"$nulls":5},"PA","3608690","S","LUCERNE  #1","INDIANA","BRITT ENERGIES INC","063","BIT","42","3608690     S     LUCERNE  #1                                  INDIANA"]
[{"$nulls":3},"WHITE RIVER COAL",{"$nulls":5},"PA","3608701","U","DUTCH RUN","ARMSTRONG","ROSEBUD MINING COMPANY","005","BIT","42","3608701     U     DUTCH RUN                                  ARMSTRONG"]
[{"$nulls":3},"WHITETAIL",{"$nulls":5},"PA","3608703","S","LYKENS VALLEY STRIP","SCHUYLKILL","R S K MINES","107","ANT","42","3608703     S     LYKENS VALLEY STRIP                                  SCHUYLKILL"]
[{"$nulls":3},"WHITING REFINERY",{"$nulls":5},"PA","3608704","U","DORA 8","JEFFERSON","AMFIRE MINING COMPANY LLC","065","BIT","42","3608704     U     DORA 8                                  JEFFERSON"]
[{"$nulls":3},"WHYEL SURFACE MINE",{"$nulls":5},"PA","3608705","S","LAUREL RIDGE #1","CLEARFIELD","RAMM COAL INC.","033","BIT","42","3608705     S     LAUREL RIDGE #1                                  CLEARFIELD"]
[{"$nulls":3},"WILCOX AND FLEGEL",{"$nulls":5},"PA","3608716","S","SILVER CREEK MTN MINE OPERATIO","SCHUYLKILL","TUSCARORA MINES & MINERALS COR","107","ANT","42","3608716     S     SILVER CREEK MTN MINE OPERATIO                                  SCHUYLKILL"]
[{"$nulls":3},"WILD GOOSE STORAGE",{"$nulls":5},"PA","3608722","S","REED MINE","BEAVER","AMERIKOHL MINING INC","007","BIT","42","3608722     S     REED MINE                                  BEAVER"]
[{"$nulls":3},"WILLIAM PENN COAL",{"$nulls":5},"PA","3608723","S","THOMAS MINE","INDIANA","AMERIKOHL MINING, INC","063","BIT","42","3608723     S     THOMAS MINE                                  INDIANA"]
[{"$nulls":3},"WILLIAMS",{"$nulls":5},"PA","3608725","U","BEAVER VALLEY","BEAVER","ROSEBUD MINING COMPANY","007","BIT","42","3608725     U     BEAVER VALLEY                                  BEAVER"]
[{"$nulls":3},"WILLIAMS ENERGY",{"$nulls":5},"PA","3608728","S","CARINO NO 1 MINE","INDIANA","ALVERDA ENTERPRISES, INC.","063","BIT","42","3608728     S     CARINO NO 1 MINE                                  INDIANA"]
[{"$nulls":3},"WILLIAMSON ENERGY",{"$nulls":5},"PA","3608745","S","STOCKTON MINE","LUZERNE","COAL CONTRACTORS (1991) INC","079","ANT","42","3608745     S     STOCKTON MINE                                  LUZERNE"]
[{"$nulls":3},"WILLISTON BASIN INTERSTATE PIPELINE",{"$nulls":5},"PA","3608746","U","QUECREEK #1 MINE","SOMERSET","ROXCOAL, INC.","111","BIT","42","3608746     U     QUECREEK #1 MINE                                  SOMERSET"]
[{"$nulls":3},"WILLOW MOUNTAIN PRODUCTS",{"$nulls":5},"PA","3608748","S","FOX/GAPEN","GREENE","SHAFER BROTHERS CONSTRUCTION I","059","BIT","42","3608748     S     FOX/GAPEN                                  GREENE"]
[{"$nulls":3},"WILSON CREEK ENERGY",{"$nulls":5},"PA","3608750","S","BELL RESOURCES, INC","CLEARFIELD","BELL RESOURCES, INC","033","BIT","42","3608750     S     BELL RESOURCES, INC                                  CLEARFIELD"]
[{"$nulls":3},"WILSON OIL",{"$nulls":5},"PA","3608752","S","ANTHRA-SOURCES OPERATION","SCHUYLKILL","GALE COAL COMPANY INC","107","ANT","42","3608752     S     ANTHRA-SOURCES OPERATION                                  SCHUYLKILL"]
[{"$nulls":3},"WIN-MORE MINE",{"$nulls":5},"PA","3608754","S","EAST RUN COAL CO 2","ARMSTRONG","EAST RUN COAL CO","005","BIT","42","3608754     S     EAST RUN COAL CO 2                                  ARMSTRONG"]
[{"$nulls":3},"WOCO OIL",{"$nulls":5},"PA","3608757","S","AUDENRIED MINE","LUZERNE","A/C FUELS CO.","079","WC","42","3608757     S     AUDENRIED MINE                                  LUZERNE"]
[{"$nulls":3},"WOODRUFF",{"$nulls":5},"PA","3608757","S","AUDENRIED MINE","LUZERNE","A/C FUELS CO.","079","ANT","42","3608757     S     AUDENRIED MINE                                  LUZERNE"]
[{"$nulls":3},"WPS",{"$nulls":5},"PA","3608763","S","RFI STRIP & TIPPLE","CLARION","RFI ENERGY INC","031","BIT","42","3608763     S     RFI STRIP & TIPPLE                                  CLARION"]
[{"$nulls":3},"WRIGHT MINE",{"$nulls":5},"PA","3608766","P","HAZLETON SHAFT","LUZERNE","HAZLETON SHAFT CORP","079","ANT","42","3608766     P     HAZLETON SHAFT                                  LUZERNE"]
[{"$nulls":3},"WRIGHT¿S OIL SERVICE & PROPANE",{"$nulls":5},"PA","3608766","P","HAZLETON SHAFT","LUZERNE","HAZLETON SHAFT CORP","079","WC","42","3608766     P     HAZLETON SHAFT                                  LUZERNE"]
[{"$nulls":3},"WYODAK COAL MINE",{"$nulls":5},"PA","3608767","S","HERMAN MINE","BUTLER","B & L COAL COMPANY","019","BIT","42","3608767     S     HERMAN MINE                                  BUTLER"]
[{"$nulls":3},"WYODAK RESOURCES",{"$nulls":5},"PA","3608770","S","ASHLEY ANTI-SKID & AGGREGATE C","LUZERNE","MC CLURE ENTERPRISES INC","079","ANT","42","3608770     S     ASHLEY ANTI-SKID & AGGREGATE C                                  LUZERNE"]
[{"$nulls":3},"XCEL",{"$nulls":5},"PA","3608770","S","ASHLEY ANTI-SKID & AGGREGATE C","LUZERNE","MC CLURE ENTERPRISES INC","079","WC","42","3608770     S     ASHLEY ANTI-SKID & AGGREGATE C                                  LUZERNE"]
[{"$nulls":3},"XINERGY",{"$nulls":5},"PA","3608773","S","ROSEBUD #3 ARMSTRONG RUN PORTAL","ARMSTRONG","ROSEBUD MINING COMPANY","005","BIT","42","3608773     S     ROSEBUD #3 ARMSTRONG RUN PORTAL                                  ARMSTRONG"]
[{"$nulls":3},"XSTRATA",{"$nulls":5},"PA","3608780","S","LOGAN SURFACE MINE","COLUMBIA","BLASCHAK COAL CORP","037","ANT","42","3608780     S     LOGAN SURFACE MINE                                  COLUMBIA"]
[{"$nulls":3},"XTO ENERGY",{"$nulls":5},"PA","3608785","U","PARKWOOD MINE","ARMSTRONG","ROSEBUD MINING COMPANY","005","BIT","42","3608785     U     PARKWOOD MINE                                  ARMSTRONG"]
[{"$nulls":3},"YAGER MATERIALS",{"$nulls":5},"PA","3608811","S","RIDGE #2","SOMERSET","RIDGE ENERGY COMPANY INC","111","BIT","42","3608811     S     RIDGE #2                                  SOMERSET"]
[{"$nulls":3},"YAKA ENERGY",{"$nulls":5},"PA","3608822","S","SIOUX BANK","NORTHUMBERLAND","BLACK DIAMOND MINING INC","097","WC","42","3608822     S     SIOUX BANK                                  NORTHUMBERLAND"]
[{"$nulls":3},"YANKEE GAS",{"$nulls":5},"PA","3608822","S","SIOUX BANK","NORTHUMBERLAND","BLACK DIAMOND MINING INC","097","ANT","42","3608822     S     SIOUX BANK                                  NORTHUMBERLAND"]
[{"$nulls":3},"YELLOW BANKS TERMINAL",{"$nulls":5},"PA","3608825","S","STITT","INDIANA","ABM MINING CO. INC","063","BIT","42","3608825     S     STITT                                  INDIANA"]
[{"$nulls":3},"YELLOWBUSH MINE",{"$nulls":5},"PA","3608826","S","BAYLOR","ARMSTRONG","ABM MINING CO.","005","BIT","42","3608826     S     BAYLOR                                  ARMSTRONG"]
[{"$nulls":3},"ZACHERL MINE",{"$nulls":5},"PA","3608836","U","TWIN ROCKS MINE","CAMBRIA","ROSEBUD MINING COMPANY","021","BIT","42","3608836     U     TWIN ROCKS MINE                                  CAMBRIA"]
[{"$nulls":3},"ZIELONKA SURFACE MINE",{"$nulls":5},"PA","3608839","U","MILFORD MINE","SOMERSET","SVONAVEC INC","111","BIT","42","3608839     U     MILFORD MINE                                  SOMERSET"]
[{"$nulls":9},"PA","3608841","U","LOGANSPORT MINE","ARMSTRONG","ROSEBUD MINING COMPANY","005","BIT","42","3608841     U     LOGANSPORT MINE                                  ARMSTRONG"]
[{"$nulls":9},"PA","3608847","U","LITTLE TOBY MINE","ELK","ROSEBUD MINING COMPANY","047","BIT","42","3608847     U     LITTLE TOBY MINE                                  ELK"]
[{"$nulls":9},"PA","3608848","S","CAMBRIA PITT 001","CAMBRIA","AMFIRE MINING COMPANY LLC","021","BIT","42","3608848     S     CAMBRIA PITT 001                                  CAMBRIA"]
[{"$nulls":9},"PA","3608850","U","NOLO","INDIANA","AMFIRE MINING COMPANY LLC","063","BIT","42","3608850     U     NOLO                                  INDIANA"]
[{"$nulls":9},"PA","3608853","P","I 22 PROCESSING","INDIANA","ROSEBUD MINING COMPANY","063","BIT","42","3608853     P     I 22 PROCESSING                                  INDIANA"]
[{"$nulls":9},"PA","3608857","P","MEADOWBROOK COAL CO.","SCHUYLKILL","MEADOWBROOK COAL CO.","107","ANT","42","3608857     P     MEADOWBROOK COAL CO.                                  SCHUYLKILL"]
[{"$nulls":9},"PA","3608858","S","SHUD HOUNDS STRIP","CLEARFIELD","SHUDS COAL HOUNDS INC","033","BIT","42","3608858     S     SHUD HOUNDS STRIP                                  CLEARFIELD"]
[{"$nulls":9},"PA","3608859","S","POWDERLY BANK OPERATION","LACKAWANNA","NORTHAMPTON FUEL SUPPLY COMPAN","069","ANT","42","3608859     S     POWDERLY BANK OPERATION                                  LACKAWANNA"]
[{"$nulls":9},"PA","3608860","S","ELLANGOWAN STRIPPING","SCHUYLKILL","READING ANTHRACITE COMPANY","107","ANT","42","3608860     S     ELLANGOWAN STRIPPING                                  SCHUYLKILL"]
[{"$nulls":9},"PA","3608862","U","CLEMENTINE MINE","ARMSTRONG","ROSEBUD MINING COMPANY","005","BIT","42","3608862     U     CLEMENTINE MINE                                  ARMSTRONG"]
[{"$nulls":9},"PA","3608871","S","MID VALLEY BANK","COLUMBIA","MID-VALLEY COAL SALES, INC.","037","ANT","42",{"$f":"K1605&\"     \"&L1605&\"     \"&M1605&\"                                  \"&N1605","v":"3608871     S     MID VALLEY BANK                                  COLUMBIA"}]
[{"$nulls":9},"PA","3608871","S","MID VALLEY BANK","COLUMBIA","MID-VALLEY COAL SALES, INC","037","WC","42","3608871     S     MID VALLEY BANK                                  COLUMBIA"]
[{"$nulls":9},"PA","3608893","U","7 FT SLOPE","SCHUYLKILL","ALFRED BROWN COAL COMPANY","107","ANT","42","3608893     U     7 FT SLOPE                                  SCHUYLKILL"]
[{"$nulls":9},"PA","3608896","S","BLACK STRIP","SOMERSET","BLACK RESOURCES INC","111","BIT","42","3608896     S     BLACK STRIP                                  SOMERSET"]
[{"$nulls":9},"PA","3608897","P","MC VILLE PREP PLANT","ARMSTRONG","ROSEBUD MINING COMPANY","005","BIT","42","3608897     P     MC VILLE PREP PLANT                                  ARMSTRONG"]
[{"$nulls":9},"PA","3608899","S","COMMONWEALTH QUARRY","SCHUYLKILL","COMMONWEALTH ENVIRONMENTAL SYS","107","ANT","42","3608899     S     COMMONWEALTH QUARRY                                  SCHUYLKILL"]
[{"$nulls":9},"PA","3608981","S","SHORT BROS I","ARMSTRONG","SHORT BROTHERS INC","005","BIT","42","3608981     S     SHORT BROS I                                  ARMSTRONG"]
[{"$nulls":9},"PA","3608984","S","ELK COUNTY MINE","ELK","JURASSIC ENERGY, INC","047","BIT","42","3608984     S     ELK COUNTY MINE                                  ELK"]
[{"$nulls":9},"PA","3608985","S","LYKENS #4","SCHUYLKILL","CHAR-PAC COAL CO LLC","107","ANT","42","3608985     S     LYKENS #4                                  SCHUYLKILL"]
[{"$nulls":9},"PA","3608987","S","MORNINGSTAR","CAMBRIA","TJS MINING INC","021","BIT","42","3608987     S     MORNINGSTAR                                  CAMBRIA"]
[{"$nulls":9},"PA","3609005","U","ONDO EXTENSION MINE","INDIANA","AMFIRE MINING COMPANY LLC","063","BIT","42","3609005     U     ONDO EXTENSION MINE                                  INDIANA"]
[{"$nulls":9},"PA","3609033","U","GILLHOUSER RUN MINE","INDIANA","AMFIRE MINING COMPANY LLC","063","BIT","42","3609033     U     GILLHOUSER RUN MINE                                  INDIANA"]
[{"$nulls":9},"PA","3609042","S","PALMERTON MINE","INDIANA","LAUREL ENERGY, L.P.","063","BIT","42","3609042     S     PALMERTON MINE                                  INDIANA"]
[{"$nulls":9},"PA","3609045","S","KONDRLA STRIP","FAYETTE","KONDRLA EXCAVATING & HAULING","051","BIT","42","3609045     S     KONDRLA STRIP                                  FAYETTE"]
[{"$nulls":9},"PA","3609051","S","BIGLER PREP PLANT","CLEARFIELD","ROSEBUD MINING COMPANY","033","BIT","42","3609051     S     BIGLER PREP PLANT                                  CLEARFIELD"]
[{"$nulls":9},"PA","3609052","S","HAZLETON SITE","CARBON","U. S. OPERATING SERVICES COMPA","025","ANT","42","3609052     S     HAZLETON SITE                                  CARBON"]
[{"$nulls":9},"PA","3609054","S","EXCELSIOR MINE","CLEARFIELD","NORTHERN SON INC.","033","BIT","42","3609054     S     EXCELSIOR MINE                                  CLEARFIELD"]
[{"$nulls":9},"PA","3609055","S","CRUCIBLE MINE","GREENE","MATHER RECOVERY SYSTEMS, LLC","059","BIT","42","3609055     S     CRUCIBLE MINE                                  GREENE"]
[{"$nulls":9},"PA","3609057","S","SHEARER MINE","WESTMORELAND","ALBERT F. STIFFLER","129","BIT","42","3609057     S     SHEARER MINE                                  WESTMORELAND"]
[{"$nulls":9},"PA","3609059","S","KUPERAVAGE ENT INC/TA TUSCAROR","SCHUYLKILL","KUPERAVAGE ENT INC/TUSCARORA C","107","ANT","42","3609059     S     KUPERAVAGE ENT INC/TA TUSCAROR                                  SCHUYLKILL"]
[{"$nulls":9},"PA","3609068","P","MAHANOY SITE","SCHUYLKILL","STOUDT'S FERRY PREPARATION CO.","107","ANT","42","3609068     P     MAHANOY SITE                                  SCHUYLKILL"]
[{"$nulls":9},"PA","3609075","U","ROSSMOYNE NO. 1 MINE","INDIANA","ROSEBUD MINING COMPANY","063","BIT","42","3609075     U     ROSSMOYNE NO. 1 MINE                                  INDIANA"]
[{"$nulls":9},"PA","3609085","S","NEWKIRK","SCHUYLKILL","ASH RESOURCES INC","107","ANT","42","3609085     S     NEWKIRK                                  SCHUYLKILL"]
[{"$nulls":9},"PA","3609086","S","ROSE MINE","FAYETTE","STEVE PATTERSON LLC","051","BIT","42","3609086     S     ROSE MINE                                  FAYETTE"]
[{"$nulls":9},"PA","3609088","S","YORKTOWN OPERATION EAST","LUZERNE","SOUTH TAMAQUA COAL POCKETS, IN","079","ANT","42","3609088     S     YORKTOWN OPERATION EAST                                  LUZERNE"]
[{"$nulls":9},"PA","3609090","S","BENEZETTE OPERATION","ELK","P & N COAL COMPANY INC","047","BIT","42","3609090     S     BENEZETTE OPERATION                                  ELK"]
[{"$nulls":9},"PA","3609098","S","GENIE STRIPPING","SCHUYLKILL","TIMBER COAL COMPANY, LLC","107","ANT","42","3609098     S     GENIE STRIPPING                                  SCHUYLKILL"]
[{"$nulls":9},"PA","3609122","S","LAUREL SAND AND STONE INC","CAMBRIA","LAUREL SAND & STONE INCORPORAT","021","BIT","42","3609122     S     LAUREL SAND AND STONE INC                                  CAMBRIA"]
[{"$nulls":9},"PA","3609124","S","MYERS AND SUPKO","CLEARFIELD","MYERS & SUPKO","033","BIT","42","3609124     S     MYERS AND SUPKO                                  CLEARFIELD"]
[{"$nulls":9},"PA","3609127","U","MADISON MINE","CAMBRIA","AMFIRE MINING COMPANY LLC","021","BIT","42","3609127     U     MADISON MINE                                  CAMBRIA"]
[{"$nulls":9},"PA","3609131","S","SHERPA MINING","SOMERSET","SHERPA MINING CONTRACTORS, INC","111","BIT","42","3609131     S     SHERPA MINING                                  SOMERSET"]
[{"$nulls":9},"PA","3609137","S","MAINTENANCE SHOP","ARMSTRONG","ROSEBUD MINING COMPANY","005","BIT","42","3609137     S     MAINTENANCE SHOP                                  ARMSTRONG"]
[{"$nulls":9},"PA","3609140","P","CLEARFIELD TIPPLE","CLEARFIELD","AMFIRE MINING COMPANY, LLC","033","BIT","42","3609140     P     CLEARFIELD TIPPLE                                  CLEARFIELD"]
[{"$nulls":9},"PA","3609142","S","MARVINE BANK/DICKSON CITY BANK","LACKAWANNA","N&B ENTERPRISES","069","ANT","42","3609142     S     MARVINE BANK/DICKSON CITY BANK                                  LACKAWANNA"]
[{"$nulls":9},"PA","3609142","S","MARVINE BANK/DICKSON CITY BANK","LACKAWANNA","N&B ENTERPRISES","069","WC","42","3609142     S     MARVINE BANK/DICKSON CITY BANK                                  LACKAWANNA"]
[{"$nulls":9},"PA","3609145","S","BERTOVICH GFCC SITE","FAYETTE","RAY EBERHART JR.","051","BIT","42","3609145     S     BERTOVICH GFCC SITE                                  FAYETTE"]
[{"$nulls":9},"PA","3609156","S","WELESKI TERMINALS, INC.","ALLEGHENY","WELESKI TERMINALS","003","BIT","42","3609156     S     WELESKI TERMINALS, INC.                                  ALLEGHENY"]
[{"$nulls":9},"PA","3609160","S","PITTSBURGH PROJECT","ALLEGHENY","PDG LAND DEVELOPMENT, INC.","003","BIT","42","3609160     S     PITTSBURGH PROJECT                                  ALLEGHENY"]
[{"$nulls":9},"PA","3609163","S","NEISWONGER STRIPS","CLARION","NEISWONGER CONSTRUCTION, INC.","031","BIT","42","3609163     S     NEISWONGER STRIPS                                  CLARION"]
[{"$nulls":9},"PA","3609170","S","FEATHER STRIPPING","SCHUYLKILL","WHITEY WASH ENTERPRISES","107","ANT","42","3609170     S     FEATHER STRIPPING                                  SCHUYLKILL"]
[{"$nulls":9},"PA","3609173","S","LEE COAL CONTRACTING INC","CLEARFIELD","LEE COAL CONTRACTING INC.","033","BIT","42","3609173     S     LEE COAL CONTRACTING INC                                  CLEARFIELD"]
[{"$nulls":9},"PA","3609175","S","KELLAR #1","WESTMORELAND","KELLAR AUGERING INC","129","BIT","42","3609175     S     KELLAR #1                                  WESTMORELAND"]
[{"$nulls":9},"PA","3609176","S","COLERAINE OPERATION","CARBON","ROSSI EXCAVATING CO.","025","ANT","42","3609176     S     COLERAINE OPERATION                                  CARBON"]
[{"$nulls":9},"PA","3609178","S","BRANCHDALE SITE","SCHUYLKILL","MICHAEL COAL COMPANY","107","ANT","42","3609178     S     BRANCHDALE SITE                                  SCHUYLKILL"]
[{"$nulls":9},"PA","3609183","S","AUGER #1","CLEARFIELD","A J FRENO MINING CO","033","BIT","42","3609183     S     AUGER #1                                  CLEARFIELD"]
[{"$nulls":9},"PA","3609185","S","AUGER 3152","CLEARFIELD","E E & S AUGER MINING INC","033","BIT","42","3609185     S     AUGER 3152                                  CLEARFIELD"]
[{"$nulls":9},"PA","3609187","S","AUGER NO 3132","CLEARFIELD","E E & S AUGER MINING INC","033","BIT","42","3609187     S     AUGER NO 3132                                  CLEARFIELD"]
[{"$nulls":9},"PA","3609189","S","AUGER #1","LYCOMING","WV INDUSTRIAL SERVICES, INC.","081","BIT","42","3609189     S     AUGER #1                                  LYCOMING"]
[{"$nulls":9},"PA","3609190","S","AUGUER #2","LYCOMING","WV INDUSTRIAL SERVICES, INC.","081","BIT","42","3609190     S     AUGUER #2                                  LYCOMING"]
[{"$nulls":9},"PA","3609192","P","CENTRAL PREPARATION PLANT","INDIANA","GENERAL TRADE CORPORATION","063","BIT","42","3609192     P     CENTRAL PREPARATION PLANT                                  INDIANA"]
[{"$nulls":9},"PA","3609193","U","KEYSTONE EAST","ARMSTRONG","ROSEBUD MINING COMPANY","005","BIT","42","3609193     U     KEYSTONE EAST                                  ARMSTRONG"]
[{"$nulls":9},"PA","3609194","S","AUGER NO. 1","CLEARFIELD","CCC AUGERING, INC.","033","BIT","42","3609194     S     AUGER NO. 1                                  CLEARFIELD"]
[{"$nulls":9},"PA","3609195","S","AUGER I","JEFFERSON","BROCIOUS COAL AUGERING LLC","065","BIT","42","3609195     S     AUGER I                                  JEFFERSON"]
[{"$nulls":9},"PA","3609196","S","AUGER #2","CAMBRIA","BROCIOUS COAL AUGERING LLC","021","BIT","42","3609196     S     AUGER #2                                  CAMBRIA"]
[{"$nulls":9},"PA","3609197","S","3200","ERIE","BLACK HAWK MINING INC","049","BIT","42","3609197     S     3200                                  ERIE"]
[{"$nulls":9},"PA","3609198","S","3166","ARMSTRONG","BLACK HAWK MINING INC","005","BIT","42","3609198     S     3166                                  ARMSTRONG"]
[{"$nulls":9},"PA","3609199","S","3125","NORTHAMPTON","BLACK HAWK MINING INC","095","BIT","42","3609199     S     3125                                  NORTHAMPTON"]
[{"$nulls":9},"PA","3609200","S","3135","ARMSTRONG","BLACK HAWK MINING INC","005","BIT","42","3609200     S     3135                                  ARMSTRONG"]
[{"$nulls":9},"PA","3609201","S","3130","CAMBRIA","BLACK HAWK MINING INC","021","BIT","42","3609201     S     3130                                  CAMBRIA"]
[{"$nulls":9},"PA","3609202","S","3169","NORTHAMPTON","BLACK HAWK MINING INC","095","BIT","42","3609202     S     3169                                  NORTHAMPTON"]
[{"$nulls":9},"PA","3609203","S","3140","CAMBRIA","BLACK HAWK MINING INC","021","BIT","42","3609203     S     3140                                  CAMBRIA"]
[{"$nulls":9},"PA","3609204","S","3177","ARMSTRONG","BLACK HAWK MINING INC","005","BIT","42","3609204     S     3177                                  ARMSTRONG"]
[{"$nulls":9},"PA","3609205","S","3147","VENANGO","BLACK HAWK MINING INC","121","BIT","42","3609205     S     3147                                  VENANGO"]
[{"$nulls":9},"PA","3609206","S","AUGER #3","CAMBRIA","BROCIOUS COAL AUGERING LLC","021","BIT","42","3609206     S     AUGER #3                                  CAMBRIA"]
[{"$nulls":9},"PA","3609207","S","FALLS CREEK AUGER CREW - 1","ARMSTRONG","FALLS CREEK ENERGY CO. INC.","005","BIT","42",{"$f":"K1669&\"     \"&L1669&\"     \"&M1669&\"                                  \"&N1669","v":"3609207     S     FALLS CREEK AUGER CREW - 1                                  ARMSTRONG"}]
[{"$nulls":9},"PA","3609208","S","FALLS CREEK AUGER CREW - 2","ARMSTRONG","FALLS CREEK ENERGY CO., INC.","005","BIT","42","3609208     S     FALLS CREEK AUGER CREW - 2                                  ARMSTRONG"]
[{"$nulls":9},"PA","3609210","P","STOCKTON PREPARATION FACILITY","LUZERNE","COAL CONTRACTORS(1991), INC.","079","ANT","42","3609210     P     STOCKTON PREPARATION FACILITY                                  LUZERNE"]
[{"$nulls":9},"PA","3609212","S","MINE 1","ALLEGHENY","TEODORI ENTERPRISES","003","BIT","42","3609212     S     MINE 1                                  ALLEGHENY"]
[{"$nulls":9},"PA","3609214","S","MOSHANNON","ELK","NORTHERN SON INC","047","BIT","42","3609214     S     MOSHANNON                                  ELK"]
[{"$nulls":9},"PA","3609224","U","CHERRY TREE MINE","CLEARFIELD","ROSEBUD MINING COMPANY","033","BIT","42","3609224     U     CHERRY TREE MINE                                  CLEARFIELD"]
[{"$nulls":9},"PA","3609225","S","FALLS CREEK AUGER CREW - 3","ARMSTRONG","FALLS CREEK ENERGY CO., INC.","005","BIT","42","3609225     S     FALLS CREEK AUGER CREW - 3                                  ARMSTRONG"]
[{"$nulls":9},"PA","3609226","S","MCGOWAN","WASHINGTON","NEISWONGER CONSTRUCTION INC.","125","BIT","42","3609226     S     MCGOWAN                                  WASHINGTON"]
[{"$nulls":9},"PA","3609231","S","ZERBE 10 MINE","NORTHUMBERLAND","FOX COAL COMPANY INC.","097","ANT","42","3609231     S     ZERBE 10 MINE                                  NORTHUMBERLAND"]
[{"$nulls":9},"PA","3609243","S","AUGER NO 5650","ARMSTRONG","E E & S AUGER MINING INC","005","BIT","42","3609243     S     AUGER NO 5650                                  ARMSTRONG"]
[{"$nulls":9},"PA","3609246","P","PORTAGE PLANT","CAMBRIA","AMFIRE MINING COMPANY LLC","021","BIT","42","3609246     P     PORTAGE PLANT                                  CAMBRIA"]
[{"$nulls":9},"PA","3609253","S","BIG MINE RUN","SCHUYLKILL","FOX COAL COMPANY INC.","107","ANT","42","3609253     S     BIG MINE RUN                                  SCHUYLKILL"]
[{"$nulls":9},"PA","3609256","U","NO. 1 ROCK SLOPE","SCHUYLKILL","S&S COAL CO. LLC","107","ANT","42","3609256     U     NO. 1 ROCK SLOPE                                  SCHUYLKILL"]
[{"$nulls":9},"PA","3609259","S","#2 STRIP MINE","SCHUYLKILL","NEUMEISTER COAL COMPANY","107","ANT","42","3609259     S     #2 STRIP MINE                                  SCHUYLKILL"]
[{"$nulls":9},"PA","3609260","U","ROYTOWN DEEP MINE","SOMERSET","ROXCOAL, INC.","111","BIT","42","3609260     U     ROYTOWN DEEP MINE                                  SOMERSET"]
[{"$nulls":9},"PA","3609261","S","JOHN SHINGARA NO. 1","NORTHUMBERLAND","JOHN SHINGARA","097","ANT","42","3609261     S     JOHN SHINGARA NO. 1                                  NORTHUMBERLAND"]
[{"$nulls":9},"PA","3609268","S","NEW CASTLE JOB","CLEARFIELD","LARRY FAHR COAL COMPANY","033","BIT","42","3609268     S     NEW CASTLE JOB                                  CLEARFIELD"]
[{"$nulls":9},"PA","3609274","U","BROCKTON SLOPE","SCHUYLKILL","MOUNTAIN VALLEY MINING","107","ANT","42","3609274     U     BROCKTON SLOPE                                  SCHUYLKILL"]
[{"$nulls":9},"PA","3609275","S","BERTOVICH SURFACE MINE","FAYETTE","DAVID L PATTERSON JR","051","BIT","42","3609275     S     BERTOVICH SURFACE MINE                                  FAYETTE"]
[{"$nulls":9},"PA","3609284","S","ARMSTRONG CO SURFACE","ARMSTRONG","AMFIRE MINING COMPANY LLC","005","BIT","42","3609284     S     ARMSTRONG CO SURFACE                                  ARMSTRONG"]
[{"$nulls":9},"PA","3609285","S","BROCKTON STRIPPING","SCHUYLKILL","HAMMOND MINING COMPANY INC","107","ANT","42","3609285     S     BROCKTON STRIPPING                                  SCHUYLKILL"]
[{"$nulls":9},"PA","3609287","U","LOWRY MINE","INDIANA","ROSEBUD MINING COMPANY","063","BIT","42","3609287     U     LOWRY MINE                                  INDIANA"]
[{"$nulls":9},"PA","3609291","S","GIRARDVILLE JOB","SCHUYLKILL","WHITEY WASH ENT., GIRARDVILLE","107","ANT","42","3609291     S     GIRARDVILLE JOB                                  SCHUYLKILL"]
[{"$nulls":9},"PA","3609292","S","TRUITT MINE","CLARION","H. W. TRUITT COAL COMPANY, INC","031","BIT","42","3609292     S     TRUITT MINE                                  CLARION"]
[{"$nulls":9},"PA","3609297","S","FOIERI COAL","NORTHUMBERLAND","JOHN L FOIERI","097","ANT","42","3609297     S     FOIERI COAL                                  NORTHUMBERLAND"]
[{"$nulls":9},"PA","3609300","S","DODSON #1","BEDFORD","BLACK DOG INC","009","BIT","42","3609300     S     DODSON #1                                  BEDFORD"]
[{"$nulls":9},"PA","3609302","S","PARK BANK OPERATION","SCHUYLKILL","WHEELABRATOR CULM SERVICES INC","107","ANT","42","3609302     S     PARK BANK OPERATION                                  SCHUYLKILL"]
[{"$nulls":9},"PA","3609303","S","MARQUISE STRIPS","INDIANA","MARQUISE MINING CORPORATION","063","BIT","42","3609303     S     MARQUISE STRIPS                                  INDIANA"]
[{"$nulls":9},"PA","3609304","S","PARK MINE COAL COMPANY","SCHUYLKILL","PARK MINE COAL COMPANY","107","WC","42","3609304     S     PARK MINE COAL COMPANY                                  SCHUYLKILL"]
[{"$nulls":9},"PA","3609304","S","PARK MINE COAL COMPANY","SCHUYLKILL","PARK MINE COAL COMPANY","107","ANT","42","3609304     S     PARK MINE COAL COMPANY                                  SCHUYLKILL"]
[{"$nulls":9},"PA","3609305","S","KELLAR #3  SN #3153","CLEARFIELD","KELLAR AUGERING INC.","033","BIT","42","3609305     S     KELLAR #3  SN #3153                                  CLEARFIELD"]
[{"$nulls":9},"PA","3609306","S","KELLAR #2","CLEARFIELD","KELLAR AUGERING","033","BIT","42","3609306     S     KELLAR #2                                  CLEARFIELD"]
[{"$nulls":9},"PA","3609307","S","NEWGATE","WASHINGTON","NEWGATE DEVELOPMENT CORP.","125","BIT","42","3609307     S     NEWGATE                                  WASHINGTON"]
[{"$nulls":9},"PA","3609312","S","ALLEGHENY STRIPS","CAMERON","ALLEGHENY ENTERPRISES INC","023","BIT","42","3609312     S     ALLEGHENY STRIPS                                  CAMERON"]
[{"$nulls":9},"PA","3609314","S"," NORTH CAMP RUN MINE","CLEARFIELD","U.S. OPERATING SERVICES COMPAN","033","BIT","42","3609314     S      NORTH CAMP RUN MINE                                  CLEARFIELD"]
[{"$nulls":9},"PA","3609314","S","NORTH CAMP RUN MINE","CLEARFIELD","U.S. OPERATING SERVICES COMPAN","033","WC","42","3609314     S     NORTH CAMP RUN MINE                                  CLEARFIELD"]
[{"$nulls":9},"PA","3609320","S","AUGER MACHINE SER #3158","FAYETTE","J C DRILLING & DITCHING","051","BIT","42","3609320     S     AUGER MACHINE SER #3158                                  FAYETTE"]
[{"$nulls":9},"PA","3609322","S","WEST END","NORTHUMBERLAND","FARRAGUT ANTHRACITE COMPANY","097","ANT","42","3609322     S     WEST END                                  NORTHUMBERLAND"]
[{"$nulls":9},"PA","3609326","U","4 WEST MINE","GREENE","DANA MINING COMPANY OF PENNSYL","059","BIT","42","3609326     U     4 WEST MINE                                  GREENE"]
[{"$nulls":9},"PA","3609327","S","FORESTVILLE SILT DAM","SCHUYLKILL","FREDERICK CONSULTING","107","ANT","42","3609327     S     FORESTVILLE SILT DAM                                  SCHUYLKILL"]
[{"$nulls":9},"PA","3609336","S","HAWKINS REFUSE SITE","WASHINGTON","PENNSYLVANIA COAL RECLAMATION,","125","BIT","42","3609336     S     HAWKINS REFUSE SITE                                  WASHINGTON"]
[{"$nulls":9},"PA","3609337","S","MARCO GFCC PROJECT","WESTMORELAND","BEDROCK MINES LP","129","BIT","42","3609337     S     MARCO GFCC PROJECT                                  WESTMORELAND"]
[{"$nulls":9},"PA","3609341","S","ROY #2","CLEARFIELD","ROY COAL CO.","033","BIT","42","3609341     S     ROY #2                                  CLEARFIELD"]
[{"$nulls":9},"PA","3609342","U","BARRETT MINE","INDIANA","AMFIRE MINING COMPANY, LLC","063","BIT","42","3609342     U     BARRETT MINE                                  INDIANA"]
[{"$nulls":9},"PA","3609348","S","CRYSTAL STRIP","NORTHUMBERLAND","LAST TIME COAL","097","ANT","42","3609348     S     CRYSTAL STRIP                                  NORTHUMBERLAND"]
[{"$nulls":9},"PA","3609353","S","MILL JOB","CLEARFIELD","FAIR COAL COMPANY, LLC","033","BIT","42","3609353     S     MILL JOB                                  CLEARFIELD"]
[{"$nulls":9},"PA","3609354","S","FINNEY STRIPS","CLEARFIELD","FINNEY ENTERPRISES INC","033","BIT","42","3609354     S     FINNEY STRIPS                                  CLEARFIELD"]
[{"$nulls":9},"PA","3609355","U","PENFIELD MINE","CLEARFIELD","ROSEBUD MINING COMPANY","033","BIT","42","3609355     U     PENFIELD MINE                                  CLEARFIELD"]
[{"$nulls":9},"PA","3609362","S","JOHNSON OPERATION","CAMBRIA","C M T ENERGY INC","021","BIT","42","3609362     S     JOHNSON OPERATION                                  CAMBRIA"]
[{"$nulls":9},"PA","3609364","S","KECK STRIPS","CLARION","TIMOTHY A. KECK","031","BIT","42","3609364     S     KECK STRIPS                                  CLARION"]
[{"$nulls":9},"PA","3609370","S","BURNS FARM MINE","ALLEGHENY","QUALITY AGGREGATES","003","BIT","42","3609370     S     BURNS FARM MINE                                  ALLEGHENY"]
[{"$nulls":9},"PA","3609371","U","MINE 78","SOMERSET","ROSEBUD MINING COMPANY","111","BIT","42","3609371     U     MINE 78                                  SOMERSET"]
[{"$nulls":9},"PA","3609373","S","UPPER MAHANOY BANK","SCHUYLKILL","DEVIL'S HOLE INC.","107","ANT","42","3609373     S     UPPER MAHANOY BANK                                  SCHUYLKILL"]
[{"$nulls":9},"PA","3609378","S","HIXSON CONTRACTING","CLINTON","HIXSON CONTRACTING","035","BIT","42","3609378     S     HIXSON CONTRACTING                                  CLINTON"]
[{"$nulls":9},"PA","3609380","S","PHOENIX RESOURCES INC.","TIOGA","PHOENIX RESOURCES, INC.","117","BIT","42","3609380     S     PHOENIX RESOURCES INC.                                  TIOGA"]
[{"$nulls":9},"PA","3609383","S","3119","FAYETTE","BLACK HAWK MINING INC","051","BIT","42","3609383     S     3119                                  FAYETTE"]
[{"$nulls":9},"PA","3609387","P","LOGANSPORT PREPARATION PLANT","ARMSTRONG","ROSEBUD MINING COMPANY","005","BIT","42","3609387     P     LOGANSPORT PREPARATION PLANT                                  ARMSTRONG"]
[{"$nulls":9},"PA","3609388","S","HAZLETON SHAFT STRIP MINE","LUZERNE","HAZLETON SHAFT CORPORATION","079","ANT","42","3609388     S     HAZLETON SHAFT STRIP MINE                                  LUZERNE"]
[{"$nulls":9},"PA","3609391","S","KINNEAR MINE","SCHUYLKILL","M&J EXCAVATION, INC.","107","ANT","42","3609391     S     KINNEAR MINE                                  SCHUYLKILL"]
[{"$nulls":9},"PA","3609393","S","ALDERNEY","SCHUYLKILL","M&J EXCAVATION INC.","107","ANT","42","3609393     S     ALDERNEY                                  SCHUYLKILL"]
[{"$nulls":9},"PA","3609394","U","KNOB CREEK","INDIANA","ROSEBUD MINING COMPANY","063","BIT","42","3609394     U     KNOB CREEK                                  INDIANA"]
[{"$nulls":9},"PA","3609398","S","GARMANTOWN #8","CAMBRIA","GATOR COAL LP","021","BIT","42","3609398     S     GARMANTOWN #8                                  CAMBRIA"]
[{"$nulls":9},"PA","3609401","S","PRIMROSE OPERATION","SCHUYLKILL","BLASCHAK COAL CORP","107","ANT","42","3609401     S     PRIMROSE OPERATION                                  SCHUYLKILL"]
[{"$nulls":9},"PA","3609402","S","CANEEL BAY RECOVERY","SCHUYLKILL","YZ-05 INC.","107","WC","42","3609402     S     CANEEL BAY RECOVERY                                  SCHUYLKILL"]
[{"$nulls":9},"PA","3609402","S","DONALDSON SILT","SCHUYLKILL","YZ-05 INC.","107","ANT","42",{"$f":"K1733&\"     \"&L1733&\"     \"&M1733&\"                                  \"&N1733","v":"3609402     S     DONALDSON SILT                                  SCHUYLKILL"}]
[{"$nulls":9},"PA","3609403","S","WHITEY STRIP","SCHUYLKILL","WHITEY WASH ENTERPRISES","107","ANT","42","3609403     S     WHITEY STRIP                                  SCHUYLKILL"]
[{"$nulls":9},"PA","3609405","S","PHOENIX","WASHINGTON","BOCA COAL INC","125","BIT","42","3609405     S     PHOENIX                                  WASHINGTON"]
[{"$nulls":9},"PA","3609406","S","GRAY MINE #1","SOMERSET","COAL INNOVATIONS LLC","111","BIT","42","3609406     S     GRAY MINE #1                                  SOMERSET"]
[{"$nulls":9},"PA","3609406","S","GRAY MINE #1","SOMERSET","COAL INNOVATIONS LLC","111","WC","42","3609406     S     GRAY MINE #1                                  SOMERSET"]
[{"$nulls":9},"PA","3609407","U","HEILWOOD","INDIANA","ROSEBUD MINING COMPANY","063","BIT","42","3609407     U     HEILWOOD                                  INDIANA"]
[{"$nulls":9},"PA","3609410","S","KASKA BANK OPERATIONS","SCHUYLKILL","SOUTH TAMAQUA COAL POCKETS, IN","107","ANT","42","3609410     S     KASKA BANK OPERATIONS                                  SCHUYLKILL"]
[{"$nulls":9},"PA","3609410","S","KASKA BANK OPERATIONS","SCHUYLKILL","SOUTH TAMAQUA COAL POCKETS, IN","107","WC","42","3609410     S     KASKA BANK OPERATIONS                                  SCHUYLKILL"]
[{"$nulls":9},"PA","3609414","S","CENTRE COUNTY STRIPS","CENTRE","AMFIRE MINING COMPANY LLC","027","BIT","42","3609414     S     CENTRE COUNTY STRIPS                                  CENTRE"]
[{"$nulls":9},"PA","3609419","S","CLEARFIELD COUNTY STRIPS","CLEARFIELD","MADERA ENTERPRISE, INC.","033","BIT","42","3609419     S     CLEARFIELD COUNTY STRIPS                                  CLEARFIELD"]
[{"$nulls":9},"PA","3609435","U","WILLIAMSTOWN MINE #1","DAUPHIN","KIMMEL'S MINING, INC","043","ANT","42","3609435     U     WILLIAMSTOWN MINE #1                                  DAUPHIN"]
[{"$nulls":9},"PA","3609437","U","BRUSH VALLEY","INDIANA","ROSEBUD MINING COMPANY","063","BIT","42","3609437     U     BRUSH VALLEY                                  INDIANA"]
[{"$nulls":9},"PA","3609441","S","SHAMOKIN STRIPPING","NORTHUMBERLAND","MUSCARA COAL","097","ANT","42","3609441     S     SHAMOKIN STRIPPING                                  NORTHUMBERLAND"]
[{"$nulls":9},"PA","3609442","S","ERNEST","INDIANA","CAMBRIA FUEL MANAGEMENT COMPAN","063","WC","42","3609442     S     ERNEST                                  INDIANA"]
[{"$nulls":9},"PA","3609442","S","ERNEST","INDIANA","CAMBRIA FUEL MANAGEMENT COMPAN","063","BIT","42","3609442     S     ERNEST                                  INDIANA"]
[{"$nulls":9},"PA","3609443","S","LUKE SHINGARA COAL","NORTHUMBERLAND","LUKE SHINGARA COAL","097","ANT","42","3609443     S     LUKE SHINGARA COAL                                  NORTHUMBERLAND"]
[{"$nulls":9},"PA","3609444","S","BLACKWOOD STRIP","SCHUYLKILL","BLACKWOOD MINING","107","ANT","42","3609444     S     BLACKWOOD STRIP                                  SCHUYLKILL"]
[{"$nulls":9},"PA","3609445","P","MOUNTAIN TOP ANTHRACITE","LUZERNE","MOUNTAIN TOP ANTHRACITE","079","ANT","42","3609445     P     MOUNTAIN TOP ANTHRACITE                                  LUZERNE"]
[{"$nulls":9},"PA","3609450","S","KOURY BANK OPERATION","SCHUYLKILL","KOURY EXCAVATING","107","ANT","42","3609450     S     KOURY BANK OPERATION                                  SCHUYLKILL"]
[{"$nulls":9},"PA","3609451","S","KASKA","SCHUYLKILL","J J & W COAL","107","ANT","42","3609451     S     KASKA                                  SCHUYLKILL"]
[{"$nulls":9},"PA","3609455","S","SMC COAL CO.","NORTHUMBERLAND","SMC COAL COMPANY","097","ANT","42","3609455     S     SMC COAL CO.                                  NORTHUMBERLAND"]
[{"$nulls":9},"PA","3609457","S","BIG DIAMOND MINE","SCHUYLKILL","CHAR-PAC COAL CO LLC","107","ANT","42","3609457     S     BIG DIAMOND MINE                                  SCHUYLKILL"]
[{"$nulls":9},"PA","3609459","S","WHITE #2","NORTHUMBERLAND","WILBUR WHITE COAL CO.","097","ANT","42","3609459     S     WHITE #2                                  NORTHUMBERLAND"]
[{"$nulls":9},"PA","3609464","U","T.J.S. NO. 6 MINE","ARMSTRONG","ROSEBUD MINING COMPANY","005","BIT","42","3609464     U     T.J.S. NO. 6 MINE                                  ARMSTRONG"]
[{"$nulls":9},"PA","3609465","S","LEHR STRIPPING OPERATION","SCHUYLKILL","GALE MINING CO","107","ANT","42","3609465     S     LEHR STRIPPING OPERATION                                  SCHUYLKILL"]
[{"$nulls":9},"PA","3609466","S","CINNAMON BAY SLOPE","SCHUYLKILL","CRUZ BAY TRADING INC","107","ANT","42","3609466     S     CINNAMON BAY SLOPE                                  SCHUYLKILL"]
[{"$nulls":9},"PA","3609467","S","MCNAIR BASIN","LUZERNE","SOUTH TAMAQUA COAL POCKETS, IN","079","ANT","42","3609467     S     MCNAIR BASIN                                  LUZERNE"]
[{"$nulls":9},"PA","3609468","U","LONG RUN","ARMSTRONG","ROSEBUD MINING COMPANY","005","BIT","42","3609468     U     LONG RUN                                  ARMSTRONG"]
[{"$nulls":9},"PA","3609469","S","CLEARFIELD COUNTY STRIPS","CLEARFIELD","ROB HOLLAND ENTERPRISE","033","BIT","42","3609469     S     CLEARFIELD COUNTY STRIPS                                  CLEARFIELD"]
[{"$nulls":9},"PA","3609475","U","NO 13 SLOPE","NORTHUMBERLAND","ROBERT SHINGARA COAL","097","ANT","42","3609475     U     NO 13 SLOPE                                  NORTHUMBERLAND"]
[{"$nulls":9},"PA","3609476","S","J A T STRIPPINGS","NORTHUMBERLAND","J A T MINING","097","ANT","42","3609476     S     J A T STRIPPINGS                                  NORTHUMBERLAND"]
[{"$nulls":9},"PA","3609477","U","HARMONY MINE","CLEARFIELD","ROSEBUD MINING COMPANY","033","BIT","42","3609477     U     HARMONY MINE                                  CLEARFIELD"]
[{"$nulls":9},"PA","3609485","S","SNAKE ROAD STRIPPING","NORTHUMBERLAND","D MOLESEVICH & SONS CONSTRUCTI","097","ANT","42","3609485     S     SNAKE ROAD STRIPPING                                  NORTHUMBERLAND"]
[{"$nulls":9},"PA","3609487","S","RED OAK TOO","SCHUYLKILL","WHITE PINE COAL CO., INC.","107","ANT","42","3609487     S     RED OAK TOO                                  SCHUYLKILL"]
[{"$nulls":9},"PA","3609490","S","SHINGARA BOY","NORTHUMBERLAND","S B COAL CO.","097","ANT","42","3609490     S     SHINGARA BOY                                  NORTHUMBERLAND"]
[{"$nulls":9},"PA","3609491","U","BOTTOM SPLIT SLOPE","SCHUYLKILL","LITTLE BUCK COAL COMPANY","107","ANT","42","3609491     U     BOTTOM SPLIT SLOPE                                  SCHUYLKILL"]
[{"$nulls":9},"PA","3609495","S","DURHAM/DIENNO OPERATION","SCHUYLKILL","WHITEY WASH ENTERPRISES","107","ANT","42","3609495     S     DURHAM/DIENNO OPERATION                                  SCHUYLKILL"]
[{"$nulls":9},"PA","3609495","S","DURHAM/DIENNO OPERATION","SCHUYLKILL","WHITEY WASH ENTERPRISES","107","WC","42","3609495     S     DURHAM/DIENNO OPERATION                                  SCHUYLKILL"]
[{"$nulls":9},"PA","3609496","S","SWARTZWELDER MINE","SOMERSET","GREATHOUSE & GREATHOUSE ENT IN","111","BIT","42","3609496     S     SWARTZWELDER MINE                                  SOMERSET"]
[{"$nulls":9},"PA","3609497","S","ROSA SILT BANK","SCHUYLKILL","WASTE MANAGEMENT & PROCESSORS,","107","ANT","42","3609497     S     ROSA SILT BANK                                  SCHUYLKILL"]
[{"$nulls":9},"PA","3609500","S","NO 1 STRIP","NORTHUMBERLAND","MATT SHINGARA JR COAL COMPANY","097","ANT","42","3609500     S     NO 1 STRIP                                  NORTHUMBERLAND"]
[{"$nulls":9},"PA","3609501","S","SPRING MOUNTAIN OPERATION","LUZERNE","LATONA MINING LLC","079","ANT","42","3609501     S     SPRING MOUNTAIN OPERATION                                  LUZERNE"]
[{"$nulls":9},"PA","3609509","S","SALEM HILL BANK","SCHUYLKILL","WASTE MANAGEMENT & PROCESSORS,","107","ANT","42","3609509     S     SALEM HILL BANK                                  SCHUYLKILL"]
[{"$nulls":9},"PA","3609511","S","BOSACK MINE","SCHUYLKILL","J C COAL INC","107","ANT","42","3609511     S     BOSACK MINE                                  SCHUYLKILL"]
[{"$nulls":9},"PA","3609525","S","MINE 78 PREPARATION PLANT","SOMERSET","ROSEBUD MINING COMPANY","111","WC","42","3609525     S     MINE 78 PREPARATION PLANT                                  SOMERSET"]
[{"$nulls":9},"PA","3609525","S","MINE 78 PREPARATION PLANT","SOMERSET","ROSEBUD MINING COMPANY","111","BIT","42","3609525     S     MINE 78 PREPARATION PLANT                                  SOMERSET"]
[{"$nulls":9},"PA","3609540","S","LOOMIS PARK","LUZERNE","MINERAL RECLAMATION LLC","079","ANT","42","3609540     S     LOOMIS PARK                                  LUZERNE"]
[{"$nulls":9},"PA","3609540","S","LOOMIS PARK","LUZERNE","MINERAL RECLAMATION LLC","079","WC","42","3609540     S     LOOMIS PARK                                  LUZERNE"]
[{"$nulls":9},"PA","3609543","S","AMES JOB","NORTHUMBERLAND","FOX COAL CO INC","097","ANT","42","3609543     S     AMES JOB                                  NORTHUMBERLAND"]
[{"$nulls":9},"PA","3609545","S","MUSTANG STRIPPING","NORTHUMBERLAND","D MOLESEVICH & SONS CONSTRUCTI","097","ANT","42","3609545     S     MUSTANG STRIPPING                                  NORTHUMBERLAND"]
[{"$nulls":9},"PA","3609547","S","BROWNSVILLE","SCHUYLKILL","KEYSTONE ANTHRACITE COMPANY IN","107","ANT","42","3609547     S     BROWNSVILLE                                  SCHUYLKILL"]
[{"$nulls":9},"PA","3609548","S","TREVORTON STRIP","NORTHUMBERLAND","KEYSTONE ANTHRACITE COMPANY IN","097","ANT","42","3609548     S     TREVORTON STRIP                                  NORTHUMBERLAND"]
[{"$nulls":9},"PA","3609549","U","KIMBERLY RUN","SOMERSET","ROXCOAL, INC.","111","BIT","42","3609549     U     KIMBERLY RUN                                  SOMERSET"]
[{"$nulls":9},"PA","3609550","S","TUSCARORA BANK","SCHUYLKILL","PREMIUM FINE COAL, INC.","107","ANT","42","3609550     S     TUSCARORA BANK                                  SCHUYLKILL"]
[{"$nulls":9},"PA","3609558","S","LOCUST SUMMIT STRIP MINE","NORTHUMBERLAND","W T FETTEROLF COAL CO","097","ANT","42","3609558     S     LOCUST SUMMIT STRIP MINE                                  NORTHUMBERLAND"]
[{"$nulls":9},"PA","3609564","S","HINER MINE","ARMSTRONG","P & N COAL COMPANY INC","005","BIT","42","3609564     S     HINER MINE                                  ARMSTRONG"]
[{"$nulls":9},"PA","3609566","S","CHERRY MINE","ALLEGHENY","COLLIER LAND & COAL DEVELOPMEN","003","BIT","42","3609566     S     CHERRY MINE                                  ALLEGHENY"]
[{"$nulls":9},"PA","3609577","S","TEDCO MINE","WESTMORELAND","TEDCO, INCORPORATED","129","BIT","42","3609577     S     TEDCO MINE                                  WESTMORELAND"]
[{"$nulls":9},"PA","3609581","S","TICHE MINE #1","BUTLER","ANNANDALE QUARRIES INC","019","BIT","42","3609581     S     TICHE MINE #1                                  BUTLER"]
[{"$nulls":9},"PA","3609581","S","TICHE MINE #1","BUTLER","ANNANDALE QUARRIES INC","019","WC","42","3609581     S     TICHE MINE #1                                  BUTLER"]
[{"$nulls":9},"PA","3609582","S","STORM GFCC","CAMBRIA","K B COAL INC","021","BIT","42","3609582     S     STORM GFCC                                  CAMBRIA"]
[{"$nulls":9},"PA","3609583","S","CARBON MINE","CLEARFIELD","NORTHERN SON INC","033","BIT","42","3609583     S     CARBON MINE                                  CLEARFIELD"]
[{"$nulls":9},"PA","3609584","P","LOCK 8","FAYETTE","GALLATIN FUELS INC","051","BIT","42","3609584     P     LOCK 8                                  FAYETTE"]
[{"$nulls":9},"PA","3609593","S","HYNOSKI BROS CENTRALIA MINE","COLUMBIA","HYNOSKI BROS EXCAVATING INC","037","ANT","42","3609593     S     HYNOSKI BROS CENTRALIA MINE                                  COLUMBIA"]
[{"$nulls":9},"PA","3609594","S","VILLAGES @ NEVILLE PARK","ALLEGHENY","COLLIER DEVELOPMENT CO INC","003","BIT","42",{"$f":"K1797&\"     \"&L1797&\"     \"&M1797&\"                                  \"&N1797","v":"3609594     S     VILLAGES @ NEVILLE PARK                                  ALLEGHENY"}]
[{"$nulls":9},"PA","3609597","S","WASHINGTON COUNTY STRIPS","WASHINGTON","AMERIKOHL MINING INC","125","BIT","42","3609597     S     WASHINGTON COUNTY STRIPS                                  WASHINGTON"]
[{"$nulls":9},"PA","3609598","S","MARKSON BANK","SCHUYLKILL","RAUSCH CREEK LAND LP","107","ANT","42","3609598     S     MARKSON BANK                                  SCHUYLKILL"]
[{"$nulls":9},"PA","3609600","S","FOX COAL CO. #1","NORTHUMBERLAND","FOX COAL CO., INC.","097","ANT","42","3609600     S     FOX COAL CO. #1                                  NORTHUMBERLAND"]
[{"$nulls":9},"PA","3609603","S","RES SHAWVILLE","CLEARFIELD","RES COAL LLC","033","BIT","42","3609603     S     RES SHAWVILLE                                  CLEARFIELD"]
[{"$nulls":9},"PA","3609604","S","RES HOUTZDALE","CLEARFIELD","RES COAL LLC","033","BIT","42","3609604     S     RES HOUTZDALE                                  CLEARFIELD"]
[{"$nulls":9},"PA","3609605","S","RES MORRISDALE","CLEARFIELD","RES COAL LLC","033","BIT","42","3609605     S     RES MORRISDALE                                  CLEARFIELD"]
[{"$nulls":9},"PA","3609609","S","6 MILE","CLEARFIELD","J & J WELKER","033","BIT","42","3609609     S     6 MILE                                  CLEARFIELD"]
[{"$nulls":9},"PA","3609628","S","SCHRECKENGOST MINE","JEFFERSON","BEDROCK MINES LP","065","BIT","42","3609628     S     SCHRECKENGOST MINE                                  JEFFERSON"]
[{"$nulls":9},"PA","3609631","S","CLEARFIELD COUNTY STRIPS","CLEARFIELD","R H DOTTS CONTRACTING LLC","033","BIT","42","3609631     S     CLEARFIELD COUNTY STRIPS                                  CLEARFIELD"]
[{"$nulls":9},"PA","3609632","S","NO 1 STRIPPING","NORTHUMBERLAND","CLINTON M WYNN MINING","097","ANT","42","3609632     S     NO 1 STRIPPING                                  NORTHUMBERLAND"]
[{"$nulls":9},"PA","3609637","U","STARFORD MINE","INDIANA","ROSEBUD MINING COMPANY","063","BIT","42","3609637     U     STARFORD MINE                                  INDIANA"]
[{"$nulls":9},"PA","3609641","S","KOVATCH 1","CARBON","K A M C","025","ANT","42","3609641     S     KOVATCH 1                                  CARBON"]
[{"$nulls":9},"PA","3609647","S","DURYEA #9","LUZERNE","NEW GENERATION COAL, INC.","079","ANT","42","3609647     S     DURYEA #9                                  LUZERNE"]
[{"$nulls":9},"PA","3609648","P","BROCKWAY TIPPLE","JEFFERSON","AMFIRE MINING COMPANY LLC","065","BIT","42","3609648     P     BROCKWAY TIPPLE                                  JEFFERSON"]
[{"$nulls":9},"PA","3609650","S","BEDFORD COUNTY STRIPS","BEDFORD","FORCEY COAL INC.","009","BIT","42","3609650     S     BEDFORD COUNTY STRIPS                                  BEDFORD"]
[{"$nulls":9},"PA","3609651","S","CLEARFIELD COUNTY STRIPS","CLEARFIELD","BLACK CAT COAL, LLC","033","BIT","42","3609651     S     CLEARFIELD COUNTY STRIPS                                  CLEARFIELD"]
[{"$nulls":9},"PA","3609652","S","SLAUGENHAUPT MINE","CLARION","AMERIKOHL MINING INC","031","BIT","42","3609652     S     SLAUGENHAUPT MINE                                  CLARION"]
[{"$nulls":9},"PA","3609653","S","BEDROCK","WESTMORELAND","FALLS CREEK ENERGY CO., INC.","129","BIT","42","3609653     S     BEDROCK                                  WESTMORELAND"]
[{"$nulls":9},"PA","3609654","S","AULTMAN MINE","INDIANA","AMERIKOHL MINING INC","063","BIT","42","3609654     S     AULTMAN MINE                                  INDIANA"]
[{"$nulls":9},"PA","3609666","U","HORNING DEEP MINE","SOMERSET","ROXCOAL, INC.","111","BIT","42","3609666     U     HORNING DEEP MINE                                  SOMERSET"]
[{"$nulls":9},"PA","3609675","S","BEAR VALLEY STRIPPING","DAUPHIN","MICHAEL COAL CO., INC.","043","ANT","42","3609675     S     BEAR VALLEY STRIPPING                                  DAUPHIN"]
[{"$nulls":9},"PA","3609679","S","BEARD JOB","CLEARFIELD","RAMM COAL INC","033","BIT","42","3609679     S     BEARD JOB                                  CLEARFIELD"]
[{"$nulls":9},"PA","3609680","S","HENRY MINE","BUTLER","MASHUDA CORPORATION","019","BIT","42","3609680     S     HENRY MINE                                  BUTLER"]
[{"$nulls":9},"PA","3609681","S","COVENTRY PARK","ALLEGHENY","COVENTRY PARK LLC","003","BIT","42","3609681     S     COVENTRY PARK                                  ALLEGHENY"]
[{"$nulls":9},"PA","3609682","S","DRIFTON","LUZERNE","PENN EARTHWORKS, INC.","079","ANT","42","3609682     S     DRIFTON                                  LUZERNE"]
[{"$nulls":9},"PA","3609684","P","VICTOR TIPPLE","CLEARFIELD","VICTOR LLC","033","BIT","42","3609684     P     VICTOR TIPPLE                                  CLEARFIELD"]
[{"$nulls":9},"PA","3609685","S","TAYLOR MINE","CLARION","AMERIKOHL MINING INC","031","BIT","42","3609685     S     TAYLOR MINE                                  CLARION"]
[{"$nulls":9},"PA","3609687","S","DOGTOWN COAL REFUSE SITE","LUZERNE","SUSQUEHANNA HAUL & DRILLING LL","079","ANT","42","3609687     S     DOGTOWN COAL REFUSE SITE                                  LUZERNE"]
[{"$nulls":9},"PA","3609688","S","BEASON MINE","FAYETTE","ROBERT  J. MCGILL","051","BIT","42","3609688     S     BEASON MINE                                  FAYETTE"]
[{"$nulls":9},"PA","3609693","S","HSWP BOTANIC GARDEN","ALLEGHENY","MASHUDA CORPORATION","003","BIT","42","3609693     S     HSWP BOTANIC GARDEN                                  ALLEGHENY"]
[{"$nulls":9},"PA","3609694","S","MATHER STRIP","GREENE","PENN DEVELOPMENT SERVICES, L.P","059","BIT","42","3609694     S     MATHER STRIP                                  GREENE"]
[{"$nulls":9},"PA","3609697","S","USCHAK","BUTLER","GROVE CITY MATERIALS","019","BIT","42","3609697     S     USCHAK                                  BUTLER"]
[{"$nulls":9},"PA","3609698","P","OVERLAND CONVEYOR","GREENE","CORESCO LLC","059","BIT","42","3609698     P     OVERLAND CONVEYOR                                  GREENE"]
[{"$nulls":9},"PA","3609699","P","SHANNOPIN DOCK SITE","GREENE","SHANNOPIN MATERIALS, LLC","059","BIT","42","3609699     P     SHANNOPIN DOCK SITE                                  GREENE"]
[{"$nulls":9},"PA","3609700","S","T & J COAL","NORTHUMBERLAND","T & J COAL","097","ANT","42","3609700     S     T & J COAL                                  NORTHUMBERLAND"]
[{"$nulls":9},"PA","3609702","S","MURPHY GFCC","FAYETTE","TEDCO, INC.","051","BIT","42","3609702     S     MURPHY GFCC                                  FAYETTE"]
[{"$nulls":9},"PA","3609703","S","2 T & J COAL","NORTHUMBERLAND","2 T & J COAL","097","ANT","42","3609703     S     2 T & J COAL                                  NORTHUMBERLAND"]
[{"$nulls":9},"PA","3609704","S","LIA COAL","NORTHUMBERLAND","L & K COAL COMPANY","097","ANT","42","3609704     S     LIA COAL                                  NORTHUMBERLAND"]
[{"$nulls":9},"PA","3609706","U","T.J.S. NO. 7 MINE","ARMSTRONG","ROSEBUD MINING COMPANY","005","BIT","42","3609706     U     T.J.S. NO. 7 MINE                                  ARMSTRONG"]
[{"$nulls":9},"PA","3609710","S","NO 1 STRIP","DAUPHIN","C & M COAL COMPANY LLC","043","ANT","42","3609710     S     NO 1 STRIP                                  DAUPHIN"]
[{"$nulls":9},"PA","3609717","S","BROAD TOP","BEDFORD","RES COAL","009","BIT","42","3609717     S     BROAD TOP                                  BEDFORD"]
[{"$nulls":9},"PA","3609733","S","MABLE HILL SURFACE MINE","GREENE","SHANNOPIN MATERIALS, LLC","059","BIT","42","3609733     S     MABLE HILL SURFACE MINE                                  GREENE"]
[{"$nulls":9},"PA","3609741","U","FREEPORT MINE","GREENE","FREEPORT MINING,  LLC","059","BIT","42","3609741     U     FREEPORT MINE                                  GREENE"]
[{"$nulls":9},"PA","3609744","P","CORAL ENERGY","INDIANA","CORAL ENERGY SERVICES LLC","063","BIT","42","3609744     P     CORAL ENERGY                                  INDIANA"]
[{"$nulls":9},"PA","3609756","S","ROBINDALE ENERGY - ARMAGH","INDIANA","ROBINDALE ENERGY SERVICES","063","BIT","42","3609756     S     ROBINDALE ENERGY - ARMAGH                                  INDIANA"]
[{"$nulls":9},"PA","3609764","S","SHOP","ARMSTRONG","MBS REPAIRS INC.","005","BIT","42","3609764     S     SHOP                                  ARMSTRONG"]
[{"$nulls":9},"PA","3609774","S","CRYSTAL RUN BANK","SCHUYLKILL","M & J EXCAVATION INC.","107","ANT","42","3609774     S     CRYSTAL RUN BANK                                  SCHUYLKILL"]
[{"$nulls":9},"PA","3609778","S","ROBINDALE ENERGY - RENTON","ALLEGHENY","ROBINDALE ENERGY SERVICES","003","WC","42","3609778     S     ROBINDALE ENERGY - RENTON                                  ALLEGHENY"]
[{"$nulls":9},"PA","3609778","S","ROBINDALE ENERGY - RENTON","ALLEGHENY","ROBINDALE ENERGY SERVICES","003","BIT","42","3609778     S     ROBINDALE ENERGY - RENTON                                  ALLEGHENY"]
[{"$nulls":9},"PA","3609786","S","BIG MOUNTAIN TRACT","NORTHUMBERLAND","KEN SNYDER INC","097","ANT","42","3609786     S     BIG MOUNTAIN TRACT                                  NORTHUMBERLAND"]
[{"$nulls":9},"PA","3609786","S","BIG MOUNTAIN TRACT","NORTHUMBERLAND","KEN SNYDER INC","097","BIT","42","3609786     S     BIG MOUNTAIN TRACT                                  NORTHUMBERLAND"]
[{"$nulls":9},"PA","3609788","U","HARRIS MINING","DAUPHIN","HARRIS COAL CO.","043","ANT","42","3609788     U     HARRIS MINING                                  DAUPHIN"]
[{"$nulls":9},"PA","3609788","U","HARRIS MINING","DAUPHIN","HARRIS COAL CO.","043","BIT","42","3609788     U     HARRIS MINING                                  DAUPHIN"]
[{"$nulls":9},"PA","3609792","S","HSWP BOTANIC GARDEN NO. 2","ALLEGHENY","MASHUDA CORPORATION","003","BIT","42","3609792     S     HSWP BOTANIC GARDEN NO. 2                                  ALLEGHENY"]
[{"$nulls":9},"PA","3609801","S","AVOCA #1","LUZERNE","KNMC INCORPORATED","079","BIT","42","3609801     S     AVOCA #1                                  LUZERNE"]
[{"$nulls":9},"PA","3609801","S","AVOCA #1","LUZERNE","KNMC INCORPORATED","079","ANT","42","3609801     S     AVOCA #1                                  LUZERNE"]
[{"$nulls":9},"PA","3609807","S","PARKVIEW MINING","NORTHUMBERLAND","D MOLESEVICH & SONS CONSTRUCTI","097","ANT","42","3609807     S     PARKVIEW MINING                                  NORTHUMBERLAND"]
[{"$nulls":9},"PA","3609807","S","PARKVIEW MINING","NORTHUMBERLAND","D MOLESEVICH & SONS CONSTRUCTI","097","BIT","42","3609807     S     PARKVIEW MINING                                  NORTHUMBERLAND"]
[{"$nulls":9},"PA","3609810","S","DUPSTADT","SOMERSET","HERITAGE COAL & NATURAL RESOUR","111","BIT","42","3609810     S     DUPSTADT                                  SOMERSET"]
[{"$nulls":9},"PA","3609811","S","TARCON STRIP","SCHUYLKILL","GALE MINING COMPANY","107","ANT","42","3609811     S     TARCON STRIP                                  SCHUYLKILL"]
[{"$nulls":9},"PA","3609811","S","TARCON STRIP","SCHUYLKILL","GALE MINING COMPANY","107","BIT","42","3609811     S     TARCON STRIP                                  SCHUYLKILL"]
[{"$nulls":9},"PA","3609818","S","ELLANGOWEN STRIPPING","SCHUYLKILL","W. T. FETTEROLF COAL CO.","107","ANT","42","3609818     S     ELLANGOWEN STRIPPING                                  SCHUYLKILL"]
[{"$nulls":9},"PA","3609818","S","ELLANGOWEN STRIPPING","SCHUYLKILL","W. T. FETTEROLF COAL CO.","107","BIT","42","3609818     S     ELLANGOWEN STRIPPING                                  SCHUYLKILL"]
[{"$nulls":9},"PA","3609819","S","K & A STRIPS","VENANGO","K & A MINING","121","BIT","42",{"$f":"K1861&\"     \"&L1861&\"     \"&M1861&\"                                  \"&N1861","v":"3609819     S     K & A STRIPS                                  VENANGO"}]
[{"$nulls":9},"PA","3609821","S","GODIN STRIPS","SOMERSET","GODIN BROTHERS INC","111","BIT","42","3609821     S     GODIN STRIPS                                  SOMERSET"]
[{"$nulls":9},"PA","3609825","U","BOTTOM ROCK MINING","NORTHUMBERLAND","W & S COAL","097","BIT","42","3609825     U     BOTTOM ROCK MINING                                  NORTHUMBERLAND"]
[{"$nulls":9},"PA","3609825","U","BOTTOM ROCK MINING","NORTHUMBERLAND","W & S COAL","097","ANT","42","3609825     U     BOTTOM ROCK MINING                                  NORTHUMBERLAND"]
[{"$nulls":9},"PA","3609826","S","T & B STRIP","FAYETTE","T & B EXCAVATING INC.","051","BIT","42","3609826     S     T & B STRIP                                  FAYETTE"]
[{"$nulls":9},"PA","3609833","S","ZORA PROJECT","ALLEGHENY","ROSTOSKY COAL COMPANY LLC","003","BIT","42","3609833     S     ZORA PROJECT                                  ALLEGHENY"]
[{"$nulls":9},"PA","3609840","S","ALLEGHENY STRIPS","ARMSTRONG","ROSEBUD MINING COMPANY","005","BIT","42","3609840     S     ALLEGHENY STRIPS                                  ARMSTRONG"]
[{"$nulls":9},"PA","3609843","S","ATLAS ANTHRACITE COAL CORPORAT","NORTHUMBERLAND","D. MOLESEVICH & SONS CONSTRUCT","097","BIT","42","3609843     S     ATLAS ANTHRACITE COAL CORPORAT                                  NORTHUMBERLAND"]
[{"$nulls":9},"PA","3609843","S","ATLAS ANTHRACITE COAL CORPORAT","NORTHUMBERLAND","D. MOLESEVICH & SONS CONSTRUCT","097","ANT","42","3609843     S     ATLAS ANTHRACITE COAL CORPORAT                                  NORTHUMBERLAND"]
[{"$nulls":9},"PA","3609847","S","T & J COAL 2","NORTHUMBERLAND","T & J COAL","097","ANT","42","3609847     S     T & J COAL 2                                  NORTHUMBERLAND"]
[{"$nulls":9},"PA","3609847","S","T & J COAL 2","NORTHUMBERLAND","T & J COAL","097","BIT","42","3609847     S     T & J COAL 2                                  NORTHUMBERLAND"]
[{"$nulls":9},"PA","3609854","S","ECKLEY OPERATION","LUZERNE","ROSSI EXCAVATING COMPANY","079","BIT","42","3609854     S     ECKLEY OPERATION                                  LUZERNE"]
[{"$nulls":9},"PA","3609854","S","ECKLEY OPERATION","LUZERNE","ROSSI EXCAVATING COMPANY","079","ANT","42","3609854     S     ECKLEY OPERATION                                  LUZERNE"]
[{"$nulls":9},"PA","3609860","S","BUCK MOUNTAIN VEIN","SCHUYLKILL","LITTLE BUCK COAL COMPANY #2","107","ANT","42","3609860     S     BUCK MOUNTAIN VEIN                                  SCHUYLKILL"]
[{"$nulls":9},"PA","3609863","S","GREAT LAKES","SCHUYLKILL","COALDALE ENERGY, LLC","107","BIT","42","3609863     S     GREAT LAKES                                  SCHUYLKILL"]
[{"$nulls":9},"PA","3609863","S","GREAT LAKES","SCHUYLKILL","COALDALE ENERGY, LLC","107","ANT","42","3609863     S     GREAT LAKES                                  SCHUYLKILL"]
[{"$nulls":9},"PA","3609863","S","GREAT LAKES","SCHUYLKILL","COALDALE ENERGY, LLC","107","WC","42","3609863     S     GREAT LAKES                                  SCHUYLKILL"]
[{"$nulls":9},"PA","3609865","S","JSJK COAL","NORTHUMBERLAND","JSJK INC","097","ANT","42","3609865     S     JSJK COAL                                  NORTHUMBERLAND"]
[{"$nulls":9},"PA","3609868","S","J & J STRIPS","ARMSTRONG","J & J SNYDER INC.","005","BIT","42","3609868     S     J & J STRIPS                                  ARMSTRONG"]
[{"$nulls":9},"PA","3609879","S","LOUNDER MINE","WASHINGTON","MULLIGAN MINING, INC.","125","BIT","42","3609879     S     LOUNDER MINE                                  WASHINGTON"]
[{"$nulls":9},"PA","3609881","S","GREATHOUSE","SOMERSET","COAL LOADERS, INC.","111","BIT","42","3609881     S     GREATHOUSE                                  SOMERSET"]
[{"$nulls":9},"PA","3609884","S","MAMMOTH BANK OPERATION","SCHUYLKILL","ASH RESOURCES INC.","107","ANT","42","3609884     S     MAMMOTH BANK OPERATION                                  SCHUYLKILL"]
[{"$nulls":9},"PA","3609885","S","BLUE RIDGE MINING","NORTHUMBERLAND","BLUE RIDGE EXCAVATING N HAULIN","097","ANT","42","3609885     S     BLUE RIDGE MINING                                  NORTHUMBERLAND"]
[{"$nulls":9},"PA","3609886","S","SOLOMON RUN  MINE","CAMBRIA","RJC KOHL INC","021","BIT","42","3609886     S     SOLOMON RUN  MINE                                  CAMBRIA"]
[{"$nulls":9},"PA","3609888","S","WILSON CREEK SURFACE MINES","SOMERSET","WILSON CREEK ENERGY LLC","111","BIT","42","3609888     S     WILSON CREEK SURFACE MINES                                  SOMERSET"]
[{"$nulls":9},"PA","3609889","S","MISTY RIDGE","LACKAWANNA","JMG CONSTRUCTION INC","069","ANT","42","3609889     S     MISTY RIDGE                                  LACKAWANNA"]
[{"$nulls":9},"PA","3609891","S","INDIANA COUNTY STRIPS","INDIANA","FORCEY COAL INC.","063","BIT","42","3609891     S     INDIANA COUNTY STRIPS                                  INDIANA"]
[{"$nulls":9},"PA","3609907","S","EAST RUN COAL KEILMAN","CAMBRIA","EAST RUN COAL CO.","021","BIT","42","3609907     S     EAST RUN COAL KEILMAN                                  CAMBRIA"]
[{"$nulls":9},"PA","3609911","P","HOT COAL BREAKER","NORTHUMBERLAND","HOT COAL CORPORATION","097","ANT","42","3609911     P     HOT COAL BREAKER                                  NORTHUMBERLAND"]
[{"$nulls":9},"PA","3609919","S","CREEK BANK","NORTHUMBERLAND","RHOADS ENTERPRISES","097","ANT","42","3609919     S     CREEK BANK                                  NORTHUMBERLAND"]
[{"$nulls":9},"PA","3609920","P","RIDGE COAL BREAKER","SCHUYLKILL","RIDGE COAL CO.","107","LIG","42","3609920     P     RIDGE COAL BREAKER                                  SCHUYLKILL"]
[{"$nulls":9},"PA","3609920","P","RIDGE COAL BREAKER","SCHUYLKILL","RIDGE COAL CO.","107","ANT","42","3609920     P     RIDGE COAL BREAKER                                  SCHUYLKILL"]
[{"$nulls":9},"PA","3609923","S","TASARA STRIPS","BEDFORD","J & J SVONAVEC EXCAVATING, INC","009","BIT","42","3609923     S     TASARA STRIPS                                  BEDFORD"]
[{"$nulls":9},"PA","3609932","S","HUDSON BANK NO. 1 OPERATION","LUZERNE","HUDSON ANTHRACITE INC","079","ANT","42","3609932     S     HUDSON BANK NO. 1 OPERATION                                  LUZERNE"]
[{"$nulls":9},"PA","3609934","S","KASKA OPERATION","SCHUYLKILL","K K COAL LLC","107","ANT","42","3609934     S     KASKA OPERATION                                  SCHUYLKILL"]
[{"$nulls":9},"PA","3609939","U","BRUBAKER MINE","SOMERSET","LCT ENERGY, LP","111","BIT","42","3609939     U     BRUBAKER MINE                                  SOMERSET"]
[{"$nulls":9},"PA","3609943","S","HEIDLEBERG","LUZERNE","MINERAL RECLAMATION LLC","079","ANT","42","3609943     S     HEIDLEBERG                                  LUZERNE"]
[{"$nulls":9},"PA","3609956","S","3139","SOMERSET","E E & S AUGER MINING INC","111","BIT","42","3609956     S     3139                                  SOMERSET"]
[{"$nulls":9},"TN","4001038","P","KOPPER GLO - MARION TIPPLE","CLAIBORNE","KOPPER GLO FUEL INC","025","BIT","47","4001038     P     KOPPER GLO - MARION TIPPLE                                  CLAIBORNE"]
[{"$nulls":9},"TN","4001138","P","NO 1 TIPPLE","ANDERSON","PREMIUM COAL COMPANY INC","001","BIT","47","4001138     P     NO 1 TIPPLE                                  ANDERSON"]
[{"$nulls":9},"TN","4001144","P","PREPARATION PLANT","MARION","TENNESSEE CONSOLIDATED COAL CO","115","BIT","47","4001144     P     PREPARATION PLANT                                  MARION"]
[{"$nulls":9},"TN","4001248","S","PREPARATION PLANT NO 1","SCOTT","PREMIUM COAL COMPANY,INC.","151","BIT","47","4001248     S     PREPARATION PLANT NO 1                                  SCOTT"]
[{"$nulls":9},"TN","4001680","P","MOUNTAINSIDE SHIPPING & PROCES","CAMPBELL","MOUNTAINSIDE COAL COMPANY INC","013","BIT","47","4001680     P     MOUNTAINSIDE SHIPPING & PROCES                                  CAMPBELL"]
[{"$nulls":9},"TN","4002007","P","TIPPLE NO. 2 (TURLEY)","CAMPBELL","PREMIUM COAL COMPANY, INC.","013","BIT","47","4002007     P     TIPPLE NO. 2 (TURLEY)                                  CAMPBELL"]
[{"$nulls":9},"TN","4002467","P","PREPARATION PLANT NO. 3","ANDERSON","PREMIUM COAL COMPANY INC","001","BIT","47","4002467     P     PREPARATION PLANT NO. 3                                  ANDERSON"]
[{"$nulls":9},"TN","4002750","U","REX MINE NO.1","CAMPBELL","TIACME, LLC","013","BIT","47","4002750     U     REX MINE NO.1                                  CAMPBELL"]
[{"$nulls":9},"TN","4003033","S","HOODTOWN MINE","FENTRESS","HOOD COAL CORP","049","BIT","47","4003033     S     HOODTOWN MINE                                  FENTRESS"]
[{"$nulls":9},"TN","4003097","S","TURNER SURFACE MINE","CUMBERLAND","CROSSVILLE COAL INC","035","BIT","47","4003097     S     TURNER SURFACE MINE                                  CUMBERLAND"]
[{"$nulls":9},"TN","4003103","S","#1 SURFACE-002 SECTION","ANDERSON","PREMIUM COAL COMPANY INC","001","BIT","47","4003103     S     #1 SURFACE-002 SECTION                                  ANDERSON"]
[{"$nulls":9},"TN","4003143","U","S&H #10","CAMPBELL","S & H MINING, INC.","013","BIT","47","4003143     U     S&H #10                                  CAMPBELL"]
[{"$nulls":9},"TN","4003166","P","RIVER DOCK","MARION","TENNESSEE CONSOLIDATED COAL CO","115","BIT","47","4003166     P     RIVER DOCK                                  MARION"]
[{"$nulls":9},"TN","4003177","U","VALLEY MINE #1","CLAIBORNE","REBCO COAL, INC.","025","BIT","47","4003177     U     VALLEY MINE #1                                  CLAIBORNE"]
[{"$nulls":9},"TN","4003180","S","SURFACE/HM-2","CLAIBORNE","APPOLO FUELS INC","025","BIT","47","4003180     S     SURFACE/HM-2                                  CLAIBORNE"]
[{"$nulls":9},"TN","4003204","S","MINE NO. 7","CAMPBELL","PREMIUM COAL COMPANY. INC.","013","BIT","47","4003204     S     MINE NO. 7                                  CAMPBELL"]
[{"$nulls":9},"TN","4003221","S","AREA NO 1","CAMPBELL","LONG HAUL LLC","013","BIT","47","4003221     S     AREA NO 1                                  CAMPBELL"]
[{"$nulls":9},"TN","4003237","U","MINE NO. 11","CAMPBELL","NATIONAL COAL CORPORATION","013","BIT","47","4003237     U     MINE NO. 11                                  CAMPBELL"]
[{"$nulls":9},"TN","4003238","S","BRYDET AUGER #21","MEIGS","MOUNTAINSIDE COAL COMPANY INC","121","BIT","47","4003238     S     BRYDET AUGER #21                                  MEIGS"]
[{"$nulls":9},"TN","4003272","U","MINE NO. 14","CAMPBELL","PREMIUM COAL COMPANY,INC.","013","BIT","47","4003272     U     MINE NO. 14                                  CAMPBELL"]
[{"$nulls":9},"TN","4003275","S","MINE NO. 3","ANDERSON","PREMIUM COAL COMPANY INC","001","BIT","47","4003275     S     MINE NO. 3                                  ANDERSON"]
[{"$nulls":9},"TN","4003279","U","MINE NO 17","ANDERSON","PREMIUM COAL","001","BIT","47","4003279     U     MINE NO 17                                  ANDERSON"]
[{"$nulls":9},"TN","4003318","S","AREA #2","CAMPBELL","TRIPLE H COAL, LLC","013","BIT","47","4003318     S     AREA #2                                  CAMPBELL"]
[{"$nulls":9},"TN","4003320","S","NO 1 SURFACE-003 SECTION","CAMPBELL","PREMIUM COAL COMPANY INC","013","BIT","47","4003320     S     NO 1 SURFACE-003 SECTION                                  CAMPBELL"]
[{"$nulls":9},"TN","4003328","U","MINE NO 5A","ANDERSON","PREMIUM COAL COMPANY INC","001","BIT","47","4003328     U     MINE NO 5A                                  ANDERSON"]
[{"$nulls":9},"TN","4003333","U","NO. 1","CLAIBORNE","SOLID FUEL INC.","025","BIT","47","4003333     U     NO. 1                                  CLAIBORNE"]
[{"$nulls":9},"TN","4003337","S","WESTBOURNE LANE MINE","CAMPBELL","ALDEN RESOURCES LLC","013","BIT","47",{"$f":"K1925&\"     \"&L1925&\"     \"&M1925&\"                                  \"&N1925","v":"4003337     S     WESTBOURNE LANE MINE                                  CAMPBELL"}]
[{"$nulls":9},"TN","4003338","S","WHITE OAK JOB","CAMPBELL","MOUNTAINSIDE COAL INC","013","BIT","47","4003338     S     WHITE OAK JOB                                  CAMPBELL"]
[{"$nulls":9},"TN","4003351","S","NO. 1","CLAIBORNE","TACKETT CREEK MINING INC","025","BIT","47","4003351     S     NO. 1                                  CLAIBORNE"]
[{"$nulls":9},"TN","4003353","S","HWM #1","CLAIBORNE","KOPPER GLO MINING, LLC","025","BIT","47","4003353     S     HWM #1                                  CLAIBORNE"]
[{"$nulls":9},"TN","4003365","U","DOUBLE MOUNTAIN MINE","CLAIBORNE","KOPPER GLO MINING, LLC","025","BIT","47","4003365     U     DOUBLE MOUNTAIN MINE                                  CLAIBORNE"]
[{"$nulls":9},"TN","4003366","S","STRIP #1","CLAIBORNE","KOPPER GLO MINING, LLC","025","BIT","47","4003366     S     STRIP #1                                  CLAIBORNE"]
[{"$nulls":9},"TN","4003369","S","BUFFALO MOUNTAIN #1","ANDERSON","ROBERT CLEAR COAL CORPORATION","001","BIT","47","4003369     S     BUFFALO MOUNTAIN #1                                  ANDERSON"]
[{"$nulls":9},"TN","4003376","S","PREMIUM COAL HIGHWALL MINER","ANDERSON","PREMIUM COAL COMPANY, INC.","001","BIT","47","4003376     S     PREMIUM COAL HIGHWALL MINER                                  ANDERSON"]
[{"$nulls":9},"TN","4003385","S","MINE NO. 12","CAMPBELL","PREMIUM COAL COMPANY, INC.","013","BIT","47","4003385     S     MINE NO. 12                                  CAMPBELL"]
[{"$nulls":9},"TN","4003392","S","DAVIS CREEK STRIP","CAMPBELL","TACKETT CREEK MINING, INC.","013","BIT","47","4003392     S     DAVIS CREEK STRIP                                  CAMPBELL"]
[{"$nulls":9},"TN","4003398","S","SHM-75","CAMPBELL","CONTRACT HIGHWALL MINING, LLC","013","BIT","47","4003398     S     SHM-75                                  CAMPBELL"]
[{"$nulls":9},"TX","4100356","S","SANDOW MINE","MILAM","ALCOA INC","331","LIG","48","4100356     S     SANDOW MINE                                  MILAM"]
[{"$nulls":9},"TX","4101192","S","BIG BROWN STRIP","FREESTONE","LUMINANT MINING COMPANY LLC","161","LIG","48","4101192     S     BIG BROWN STRIP                                  FREESTONE"]
[{"$nulls":9},"TX","4101900","S","WINFIELD NORTH STRIP","TITUS","LUMINANT MINING CO LLC","449","LIG","48","4101900     S     WINFIELD NORTH STRIP                                  TITUS"]
[{"$nulls":9},"TX","4102632","S","BECKVILLE STRIP","PANOLA","LUMINANT MINING COMPANY LLC","365","LIG","48","4102632     S     BECKVILLE STRIP                                  PANOLA"]
[{"$nulls":9},"TX","4102776","S","SULPHUR SPRINGS STRIP","HOPKINS","LUMINANT MINING COMPANY LLC","223","LIG","48","4102776     S     SULPHUR SPRINGS STRIP                                  HOPKINS"]
[{"$nulls":9},"TX","4102788","S","BREMOND STRIP","ROBERTSON","LUMINANT MINING COMPANY LLC","395","LIG","48","4102788     S     BREMOND STRIP                                  ROBERTSON"]
[{"$nulls":9},"TX","4102840","S","SAN MIGUEL LIGNITE MINE","ATASCOSA","KIEWIT MINING GROUP, INC.","013","LIG","48","4102840     S     SAN MIGUEL LIGNITE MINE                                  ATASCOSA"]
[{"$nulls":9},"TX","4102847","S","GIBBONS CREEK LIGNITE MINE","GRIMES","TEXAS MUNICIPAL POWER AGENCY","185","LIG","48","4102847     S     GIBBONS CREEK LIGNITE MINE                                  GRIMES"]
[{"$nulls":9},"TX","4103101","S","SOUTH HALLSVILLE NO 1 MINE","HARRISON","SABINE MINING COMPANY","203","LIG","48","4103101     S     SOUTH HALLSVILLE NO 1 MINE                                  HARRISON"]
[{"$nulls":9},"TX","4103164","S","JEWETT MINE","LEON","TEXAS WESTMORELAND COAL CO.","289","LIG","48","4103164     S     JEWETT MINE                                  LEON"]
[{"$nulls":9},"TX","4103428","S","CALVERT MINE","ROBERTSON","WALNUT CREEK MINING COMPANY","395","LIG","48","4103428     S     CALVERT MINE                                  ROBERTSON"]
[{"$nulls":9},"TX","4103658","S","WINFIELD SOUTH STRIP","TITUS","LUMINANT MINING CO LLC","449","LIG","48","4103658     S     WINFIELD SOUTH STRIP                                  TITUS"]
[{"$nulls":9},"TX","4103659","S","TATUM STRIP MINE","PANOLA","LUMINANT MINING COMPANY LLC","365","LIG","48","4103659     S     TATUM STRIP MINE                                  PANOLA"]
[{"$nulls":9},"TX","4103660","S","OAK HILL STRIP","RUSK","LUMINANT MINING COMPANY LLC","401","LIG","48","4103660     S     OAK HILL STRIP                                  RUSK"]
[{"$nulls":9},"TX","4103739","S","EAGLE PASS MINE","MAVERICK","CAMINO REAL FUELS, LLC","323","LIG","48","4103739     S     EAGLE PASS MINE                                  MAVERICK"]
[{"$nulls":9},"TX","4104085","S","THREE OAKS","LEE","LUMINANT MINING COMPANY LLC","287","LIG","48","4104085     S     THREE OAKS                                  LEE"]
[{"$nulls":9},"TX","4104444","S","LEESBURG STRIP","TITUS","LUMINANT MINING COMPANY LLC","449","LIG","48","4104444     S     LEESBURG STRIP                                  TITUS"]
[{"$nulls":9},"TX","4104586","S","KOSSE STRIP","LIMESTONE","LUMINANT MINING COMPANY LLC","293","LIG","48","4104586     S     KOSSE STRIP                                  LIMESTONE"]
[{"$nulls":9},"TX","4104802","S","TURLINGTON STRIP MINE","FREESTONE","LUMINANT MINING COMPANY LLC","161","LIG","48","4104802     S     TURLINGTON STRIP MINE                                  FREESTONE"]
[{"$nulls":9},"UT","4200079","U","EMERY MINE","EMERY","CONSOLIDATION COAL COMPANY","015","BIT","49","4200079     U     EMERY MINE                                  EMERY"]
[{"$nulls":9},"UT","4200089","U","SUFCO","SEVIER","CANYON FUEL COMPANY LLC","041","BIT","49","4200089     U     SUFCO                                  SEVIER"]
[{"$nulls":9},"UT","4200099","P","WELLINGTON PREP PLANT AREA","CARBON","NEVADA ELECTRIC INVESTMENT COM","007","BIT","49","4200099     P     WELLINGTON PREP PLANT AREA                                  CARBON"]
[{"$nulls":9},"UT","4200121","U","DEER CREEK MINE","EMERY","ENERGY WEST MINING COMPANY","015","BIT","49","4200121     U     DEER CREEK MINE                                  EMERY"]
[{"$nulls":9},"UT","4201444","P","SAVAGE COAL TERMINAL","CARBON","SAVAGE INDUSTRIES INC","007","BIT","49","4201444     P     SAVAGE COAL TERMINAL                                  CARBON"]
[{"$nulls":9},"UT","4201474","U","PINNACLE","CARBON","ANDALEX RESOURCES INC","007","BIT","49","4201474     U     PINNACLE                                  CARBON"]
[{"$nulls":9},"UT","4201566","U","SKYLINE MINE #3","CARBON","CANYON FUEL COMPANY LLC","007","BIT","49","4201566     U     SKYLINE MINE #3                                  CARBON"]
[{"$nulls":9},"UT","4201778","S","EMERY SURFACE MINE","EMERY","CONSOLIDATION COAL COMPANY","015","BIT","49","4201778     S     EMERY SURFACE MINE                                  EMERY"]
[{"$nulls":9},"UT","4201779","P","EMERY PREPARATIOM PLANT","EMERY","CONSOLIDATION COAL COMPANY","015","BIT","49","4201779     P     EMERY PREPARATIOM PLANT                                  EMERY"]
[{"$nulls":9},"UT","4201864","P","WILDCAT LOADOUT","CARBON","AMERICA WEST SERVICES, INC.","007","BIT","49","4201864     P     WILDCAT LOADOUT                                  CARBON"]
[{"$nulls":9},"UT","4201890","U","DUGOUT CANYON MINE","CARBON","CANYON FUEL COMPANY LLC","007","BIT","49","4201890     U     DUGOUT CANYON MINE                                  CARBON"]
[{"$nulls":9},"UT","4202052","P","COTTONWOOD COAL BLENDING & PRE","EMERY","ENERGY WEST MINING COMPANY","015","BIT","49","4202052     P     COTTONWOOD COAL BLENDING & PRE                                  EMERY"]
[{"$nulls":9},"UT","4202074","U","HORIZON MINE","CARBON","HIDDEN SPLENDOR RESOURCES INC","007","BIT","49","4202074     U     HORIZON MINE                                  CARBON"]
[{"$nulls":9},"UT","4202093","S","SUNNYSIDE WASTE COAL SITE","CARBON","SUNNYSIDE COGENERATION ASSOCIA","007","BIT","49","4202093     S     SUNNYSIDE WASTE COAL SITE                                  CARBON"]
[{"$nulls":9},"UT","4202093","S","SUNNYSIDE WASTE COAL SITE","CARBON","SUNNYSIDE COGENERATION ASSOCIA","007","WC","49","4202093     S     SUNNYSIDE WASTE COAL SITE                                  CARBON"]
[{"$nulls":9},"UT","4202157","S","KING MINE","CARBON","HIAWATHA COAL COMPANY INC","007","BIT","49","4202157     S     KING MINE                                  CARBON"]
[{"$nulls":9},"UT","4202233","U","WEST RIDGE MINE","CARBON","WEST RIDGE RESOURCES INC","007","BIT","49","4202233     U     WEST RIDGE MINE                                  CARBON"]
[{"$nulls":9},"UT","4202241","U","LILA CANYON","CARBON","UTAH AMERICAN ENERGY, INC.","007","BIT","49","4202241     U     LILA CANYON                                  CARBON"]
[{"$nulls":9},"UT","4202263","U","BEAR CANYON NO 3 MINE","EMERY","CASTLE VALLEY MINING LLC","015","BIT","49","4202263     U     BEAR CANYON NO 3 MINE                                  EMERY"]
[{"$nulls":9},"UT","4202334","S","STAR POINT REFUSE PILE","CARBON","SUNNYSIDE COGENERATION ASSOCIA","007","BIT","49","4202334     S     STAR POINT REFUSE PILE                                  CARBON"]
[{"$nulls":9},"UT","4202335","U","BEAR CANYON #4","EMERY","CASTLE VALLEY MINING LLC","015","BIT","49","4202335     U     BEAR CANYON #4                                  EMERY"]
[{"$nulls":9},"UT","4202356","U","SOUTH CRANDALL CANYON MINE","EMERY","GENWAL RESOURCES INC","015","BIT","49","4202356     U     SOUTH CRANDALL CANYON MINE                                  EMERY"]
[{"$nulls":9},"UT","4202357","P","ENVIRONMENTAL TECHNOLOGIES GROUP, LLC","CARBON","HEADWATERS INCORPORATED","007","BIT","49","4202357     P     ENVIRONMENTAL TECHNOLOGIES GROUP, LLC                                  CARBON"]
[{"$nulls":9},"UT","4202371","S","TERRA SYSTEMS, INC.","CARBON","TERRA SYSTEMS, INC.","007","BIT","49","4202371     S     TERRA SYSTEMS, INC.                                  CARBON"]
[{"$nulls":9},"UT","4202395","P","BEAR CANYON","EMERY","CASTLE VALLEY MINING LLC","015","BIT","49","4202395     P     BEAR CANYON                                  EMERY"]
[{"$nulls":9},"UT","4202398","P","COVOL ENGINEERED FUELS UTAH","CARBON","COVOL ENGINEERED FUELS LLC","007","BIT","49","4202398     P     COVOL ENGINEERED FUELS UTAH                                  CARBON"]
[{"$nulls":9},"UT","4202455","P","CASTLE VALLEY PREP PLANT","CARBON","CANYON FUEL COMPANY, LLC","007","BIT","49","4202455     P     CASTLE VALLEY PREP PLANT                                  CARBON"]
[{"$nulls":9},"UT","4202519","S","COAL HOLLOW MINE","KANE","ALTON COAL DEVELOPMENT LLC","025","SUB","49","4202519     S     COAL HOLLOW MINE                                  KANE"]
[{"$nulls":9},"UT","4202519","S","COAL HOLLOW MINE","KANE","ALTON COAL DEVELOPMENT LLC","025","BIT","49","4202519     S     COAL HOLLOW MINE                                  KANE"]
[{"$nulls":9},"VA","4400271","P","MOSS NO 1 PREPARATION PLANT","DICKENSON","DICKENSON-RUSSELL COAL COMPANY","051","BIT","51","4400271     P     MOSS NO 1 PREPARATION PLANT                                  DICKENSON"]
[{"$nulls":9},"VA","4400649","S","CORONET JEWELL PREP PLANT #2","BUCHANAN","JEWELL SMOKELESS COAL CORP","027","BIT","51","4400649     S     CORONET JEWELL PREP PLANT #2                                  BUCHANAN"]
[{"$nulls":9},"VA","4401213","S","NO 1","RUSSELL","JABRO COAL INC","167","BIT","51","4401213     S     NO 1                                  RUSSELL"]
[{"$nulls":9},"VA","4401486","U","MERIDIAN #2","BUCHANAN","CALICO COAL INC","027","BIT","51","4401486     U     MERIDIAN #2                                  BUCHANAN"]
[{"$nulls":9},"VA","4402277","S","MOSS #3 PLANT","RUSSELL","DICKENSON-RUSSELL COAL COMPANY","167","BIT","51","4402277     S     MOSS #3 PLANT                                  RUSSELL"]
[{"$nulls":9},"VA","4403010","P","CLINTWOOD ELKHORN III","BUCHANAN","CLINTWOOD ELKHORN MINING COMPA","027","BIT","51",{"$f":"K1989&\"     \"&L1989&\"     \"&M1989&\"                                  \"&N1989","v":"4403010     P     CLINTWOOD ELKHORN III                                  BUCHANAN"}]
[{"$nulls":9},"VA","4403088","S","PLANT NO 1","WISE","PIGEON CREEK PROCESSING CORPOR","195","BIT","51","4403088     S     PLANT NO 1                                  WISE"]
[{"$nulls":9},"VA","4403317","U","APPLE JACKS NO. 7","BUCHANAN","APPLE JACKS COAL COMPANY, INC.","027","BIT","51","4403317     U     APPLE JACKS NO. 7                                  BUCHANAN"]
[{"$nulls":9},"VA","4403443","P","WAKENVA PREP PLANT","DICKENSON","COAL TECHNOLOGY INTERNATIONAL,","051","BIT","51","4403443     P     WAKENVA PREP PLANT                                  DICKENSON"]
[{"$nulls":9},"VA","4403472","P","TIPPLE #1","WISE","HILLS COAL CO., INC.","195","BIT","51","4403472     P     TIPPLE #1                                  WISE"]
[{"$nulls":9},"VA","4403658","S","NO 2 SURFACE","BUCHANAN","TWIN STAR MINING, INC.","027","BIT","51","4403658     S     NO 2 SURFACE                                  BUCHANAN"]
[{"$nulls":9},"VA","4403929","P","NO 1 LOADING DOCK","BUCHANAN","TWIN STAR MINING, INC.","027","BIT","51","4403929     P     NO 1 LOADING DOCK                                  BUCHANAN"]
[{"$nulls":9},"VA","4403932","S","MILES BRANCH MINE","TAZEWELL","CONSOLIDATION COAL COMPANY","185","BIT","51","4403932     S     MILES BRANCH MINE                                  TAZEWELL"]
[{"$nulls":9},"VA","4404181","P","MOUNTAIN ENERGY #1","WISE","MOUNTAIN ENERGY RESOURCES INC","195","BIT","51","4404181     P     MOUNTAIN ENERGY #1                                  WISE"]
[{"$nulls":9},"VA","4404212","P","#7 PREP PLANT","BUCHANAN","WELLMORE COAL COMPANY, LLC.","027","BIT","51","4404212     P     #7 PREP PLANT                                  BUCHANAN"]
[{"$nulls":9},"VA","4404264","P","TACOMA PLANT","WISE","MOUNTAINTOP INC","195","BIT","51","4404264     P     TACOMA PLANT                                  WISE"]
[{"$nulls":9},"VA","4404296","P","#1 LOADING DOCK","RUSSELL","HAROLD KEENE COAL PREPARATION","167","BIT","51","4404296     P     #1 LOADING DOCK                                  RUSSELL"]
[{"$nulls":9},"VA","4404534","P","RAMSEY  PREP PLANT AND TIPPLE","WISE","A&G COAL CORPORATION","195","BIT","51","4404534     P     RAMSEY  PREP PLANT AND TIPPLE                                  WISE"]
[{"$nulls":9},"VA","4404856","U","BUCHANAN MINE #1","BUCHANAN","CONSOLIDATION COAL COMPANY","027","BIT","51","4404856     U     BUCHANAN MINE #1                                  BUCHANAN"]
[{"$nulls":9},"VA","4404982","P","WELLMORE #8 PREP PLANT","BUCHANAN","THE BLACK DIAMOND COMPANY","027","BIT","51","4404982     P     WELLMORE #8 PREP PLANT                                  BUCHANAN"]
[{"$nulls":9},"VA","4405014","P","PARDEE PLANT/LOADOUT","WISE","CUMBERLAND RIVER COAL CO","195","BIT","51","4405014     P     PARDEE PLANT/LOADOUT                                  WISE"]
[{"$nulls":9},"VA","4405021","S","HAWTHORNE DOCK","WISE","AMBROSE BRANCH COAL COMPANY IN","195","BIT","51","4405021     S     HAWTHORNE DOCK                                  WISE"]
[{"$nulls":9},"VA","4405122","S","MINE NO 1","TAZEWELL","J O J COAL COMPANY INC","185","BIT","51","4405122     S     MINE NO 1                                  TAZEWELL"]
[{"$nulls":9},"VA","4405141","P","NO 1 TIPPLE","LEE","J A D COAL COMPANY INC","105","BIT","51","4405141     P     NO 1 TIPPLE                                  LEE"]
[{"$nulls":9},"VA","4405144","S","ROCK BRANCH COAL CORP #1","BUCHANAN","ROCK BRANCH COAL CORP","027","BIT","51","4405144     S     ROCK BRANCH COAL CORP #1                                  BUCHANAN"]
[{"$nulls":9},"VA","4405166","P","D & C MINING #2 TIPPLE","DICKENSON","HILLS COAL CO., INC.","051","BIT","51","4405166     P     D & C MINING #2 TIPPLE                                  DICKENSON"]
[{"$nulls":9},"VA","4405201","P","TIPPLE # 2","WISE","HILLS FUEL COMPANY","195","BIT","51","4405201     P     TIPPLE # 2                                  WISE"]
[{"$nulls":9},"VA","4405217","S","NO 1 STRIP","WISE","HUMPHREYS ENTERPRISES INC","195","BIT","51","4405217     S     NO 1 STRIP                                  WISE"]
[{"$nulls":9},"VA","4405226","P","#1 TIPPLE","WISE","OLIVER COAL SALES","195","BIT","51","4405226     P     #1 TIPPLE                                  WISE"]
[{"$nulls":9},"VA","4405236","P","COAL CREEK PREP PLANT","TAZEWELL","KNOX CREEK COAL CORP.","185","BIT","51","4405236     P     COAL CREEK PREP PLANT                                  TAZEWELL"]
[{"$nulls":9},"VA","4405246","S","MINE NO 1","TAZEWELL","DOUBLE O MINING","185","BIT","51","4405246     S     MINE NO 1                                  TAZEWELL"]
[{"$nulls":9},"VA","4405265","S","PREPARATION PLANT #1","WISE","AMBROSE BRANCH COAL COMPANY IN","195","BIT","51","4405265     S     PREPARATION PLANT #1                                  WISE"]
[{"$nulls":9},"VA","4405270","P","TOMS CREEK COMPLEX","WISE","PARAMONT COAL COMPANY VIRGINIA","195","BIT","51","4405270     P     TOMS CREEK COMPLEX                                  WISE"]
[{"$nulls":9},"VA","4405311","P","MC CLURE RIVER  PLANT","DICKENSON","DICKENSON-RUSSELL COAL CO., LL","051","BIT","51","4405311     P     MC CLURE RIVER  PLANT                                  DICKENSON"]
[{"$nulls":9},"VA","4405355","S","NO 2","BUCHANAN","B & W COAL COMPANY","027","BIT","51","4405355     S     NO 2                                  BUCHANAN"]
[{"$nulls":9},"VA","4405411","U","BEEHIVE","RUSSELL","OMEGA MINING - BEEHIVE COAL CO","167","BIT","51","4405411     U     BEEHIVE                                  RUSSELL"]
[{"$nulls":9},"VA","4405488","S","NO 1","BUCHANAN","P B C COAL COMPANY","027","BIT","51","4405488     S     NO 1                                  BUCHANAN"]
[{"$nulls":9},"VA","4405498","P","NORA PREPARATION PLANT","DICKENSON","WELLMORE COAL COMPANY, LLC","051","BIT","51","4405498     P     NORA PREPARATION PLANT                                  DICKENSON"]
[{"$nulls":9},"VA","4405538","S","NO 1 MINE","RUSSELL","R B J TRUCKING INC","167","BIT","51","4405538     S     NO 1 MINE                                  RUSSELL"]
[{"$nulls":9},"VA","4405559","U","MINE NO 1","WISE","BLUFF SPUR COAL CORPORATION","195","BIT","51","4405559     U     MINE NO 1                                  WISE"]
[{"$nulls":9},"VA","4405605","P","MAYFLOWER PREPARATION PLANT","LEE","POWELL MOUNTAIN ENERGY LLC","105","BIT","51","4405605     P     MAYFLOWER PREPARATION PLANT                                  LEE"]
[{"$nulls":9},"VA","4405658","S","NO 4","BUCHANAN","BLACK GOLD COAL COMPANY INC","027","BIT","51","4405658     S     NO 4                                  BUCHANAN"]
[{"$nulls":9},"VA","4405722","S","NO 4","BUCHANAN","K & V COAL COMPANY INC","027","BIT","51","4405722     S     NO 4                                  BUCHANAN"]
[{"$nulls":9},"VA","4405726","P","CHEYENNE #1","WISE","CHEYENNE PROCESSING COMPANY, I","195","BIT","51","4405726     P     CHEYENNE #1                                  WISE"]
[{"$nulls":9},"VA","4405745","S","NO. 5","TAZEWELL","EAST STAR MINING, INC.","185","BIT","51","4405745     S     NO. 5                                  TAZEWELL"]
[{"$nulls":9},"VA","4405815","U","MINE NO 4","WISE","GUEST MOUNTAIN MINING CORPORAT","195","BIT","51","4405815     U     MINE NO 4                                  WISE"]
[{"$nulls":9},"VA","4405898","P","LONE MOUNTAIN PROCESSING","LEE","LONE MOUNTAIN PROCESSING INC","105","BIT","51","4405898     P     LONE MOUNTAIN PROCESSING                                  LEE"]
[{"$nulls":9},"VA","4405971","P","STOKER","WISE","RED RIVER COAL COMPANY INC","195","BIT","51","4405971     P     STOKER                                  WISE"]
[{"$nulls":9},"VA","4405998","S","NO 2 MINE","BUCHANAN","BLESS COAL COMPANY INC","027","BIT","51","4405998     S     NO 2 MINE                                  BUCHANAN"]
[{"$nulls":9},"VA","4406045","S","NO 5 STRIP","WISE","HUMPHREYS ENTERPRISES INC","195","BIT","51","4406045     S     NO 5 STRIP                                  WISE"]
[{"$nulls":9},"VA","4406084","S","NO 4 STRIP","WISE","GREATER WISE INC","195","BIT","51","4406084     S     NO 4 STRIP                                  WISE"]
[{"$nulls":9},"VA","4406195","U","MINE NO 3","BUCHANAN","CAVALIER MINERAL INC","027","BIT","51","4406195     U     MINE NO 3                                  BUCHANAN"]
[{"$nulls":9},"VA","4406199","P","NO 1 PREP PLANT","WISE","RED RIVER COAL COMPANY INC","195","BIT","51","4406199     P     NO 1 PREP PLANT                                  WISE"]
[{"$nulls":9},"VA","4406230","P","SIGMON WASHER","LEE","VIRGINIA FUELS CORPORATION","105","BIT","51","4406230     P     SIGMON WASHER                                  LEE"]
[{"$nulls":9},"VA","4406295","S","NO 2 MINE","BUCHANAN","NORTHERN COAL COMPANY","027","BIT","51","4406295     S     NO 2 MINE                                  BUCHANAN"]
[{"$nulls":9},"VA","4406444","U","LAUREL MOUNTAIN","RUSSELL","DICKENSON-RUSSELL COAL CO LLC","167","BIT","51","4406444     U     LAUREL MOUNTAIN                                  RUSSELL"]
[{"$nulls":9},"VA","4406499","U","DOMINION NO 7","BUCHANAN","DOMINION COAL CORPORATION","027","BIT","51","4406499     U     DOMINION NO 7                                  BUCHANAN"]
[{"$nulls":9},"VA","4406544","S","SAWMILL HOLLOW #1","WISE","A & G COAL CORPORATION","195","BIT","51","4406544     S     SAWMILL HOLLOW #1                                  WISE"]
[{"$nulls":9},"VA","4406545","S","NO. 5 STRIP","WISE","GREATER WISE INC","195","BIT","51","4406545     S     NO. 5 STRIP                                  WISE"]
[{"$nulls":9},"VA","4406643","U","MINE NO 2","BUCHANAN","ABBY CONTRACTORS INC","027","BIT","51","4406643     U     MINE NO 2                                  BUCHANAN"]
[{"$nulls":9},"VA","4406685","U","PAW PAW MINE","BUCHANAN","BANNER BLUE COAL COMPANY","027","BIT","51","4406685     U     PAW PAW MINE                                  BUCHANAN"]
[{"$nulls":9},"VA","4406716","S","CENTRAL SHOP","BUCHANAN","DOMINION COAL CORPORATION","027","BIT","51","4406716     S     CENTRAL SHOP                                  BUCHANAN"]
[{"$nulls":9},"VA","4406718","U","MINE NO. 26","BUCHANAN","DOMINION COAL CORPORATION","027","BIT","51","4406718     U     MINE NO. 26                                  BUCHANAN"]
[{"$nulls":9},"VA","4406746","P","PREP PLANT #1","WISE","A & G COAL CORPORATION","195","BIT","51","4406746     P     PREP PLANT #1                                  WISE"]
[{"$nulls":9},"VA","4406748","U","MINE NO. 30","BUCHANAN","DOMINION COAL CORPORATION","027","BIT","51","4406748     U     MINE NO. 30                                  BUCHANAN"]
[{"$nulls":9},"VA","4406759","U","MINE NO. 36","BUCHANAN","DOMINION COAL CORPORATION","027","BIT","51","4406759     U     MINE NO. 36                                  BUCHANAN"]
[{"$nulls":9},"VA","4406761","U","DOMINION NO 32","BUCHANAN","DOMINION COAL CORPORATION","027","BIT","51","4406761     U     DOMINION NO 32                                  BUCHANAN"]
[{"$nulls":9},"VA","4406782","U","6C MINE NO 1","LEE","LONE MOUNTAIN PROCESSING INC","105","BIT","51","4406782     U     6C MINE NO 1                                  LEE"]
[{"$nulls":9},"VA","4406784","P","QUALITY COAL SALES","WISE","JECO, INC.","195","BIT","51","4406784     P     QUALITY COAL SALES                                  WISE"]
[{"$nulls":9},"VA","4406786","S","PARDEE SURFACE","WISE","CUMBERLAND RIVER COAL COMPANY","195","BIT","51",{"$f":"K2053&\"     \"&L2053&\"     \"&M2053&\"                                  \"&N2053","v":"4406786     S     PARDEE SURFACE                                  WISE"}]
[{"$nulls":9},"VA","4406791","U","#4","DICKENSON","M-T COAL COMPANY, LLC","051","BIT","51","4406791     U     #4                                  DICKENSON"]
[{"$nulls":9},"VA","4406804","U","TILLER NO 1","TAZEWELL","KNOX CREEK COAL CORP.","185","BIT","51","4406804     U     TILLER NO 1                                  TAZEWELL"]
[{"$nulls":9},"VA","4406816","U","BAND MILL MINE","WISE","CUMBERLAND RIVER COAL COMPANY","195","BIT","51","4406816     U     BAND MILL MINE                                  WISE"]
[{"$nulls":9},"VA","4406836","U","MINE NO. 1","BUCHANAN","SANW, INC","027","BIT","51","4406836     U     MINE NO. 1                                  BUCHANAN"]
[{"$nulls":9},"VA","4406839","U","MINE NO. 34","BUCHANAN","DOMINION COAL CORPORATION","027","BIT","51","4406839     U     MINE NO. 34                                  BUCHANAN"]
[{"$nulls":9},"VA","4406859","U","BIG FORK MINE","TAZEWELL","CONSOLIDATION COAL COMPANY","185","BIT","51","4406859     U     BIG FORK MINE                                  TAZEWELL"]
[{"$nulls":9},"VA","4406860","S","RAVEN DOCK","TAZEWELL","HAROLD KEENE COAL PREPARATION","185","BIT","51","4406860     S     RAVEN DOCK                                  TAZEWELL"]
[{"$nulls":9},"VA","4406864","U","CHEROKEE MINE","DICKENSON","DICKENSON-RUSSELL COAL CO LLC","051","BIT","51","4406864     U     CHEROKEE MINE                                  DICKENSON"]
[{"$nulls":9},"VA","4406868","U","NO 6","BUCHANAN","A B & J COAL COMPANY, INC.","027","BIT","51","4406868     U     NO 6                                  BUCHANAN"]
[{"$nulls":9},"VA","4406869","S","SIGMON STRIP #23","LEE","A & G COAL CORPORATION","105","BIT","51","4406869     S     SIGMON STRIP #23                                  LEE"]
[{"$nulls":9},"VA","4406876","U","MINE NO. 3","BUCHANAN","SANW, INC.","027","BIT","51","4406876     U     MINE NO. 3                                  BUCHANAN"]
[{"$nulls":9},"VA","4406894","S","BUCKEYE #2","WISE","CORBIN MINING LLC","195","BIT","51","4406894     S     BUCKEYE #2                                  WISE"]
[{"$nulls":9},"VA","4406907","S","MINE NO. 3","BUCHANAN","N & N MINING, LLC","027","BIT","51","4406907     S     MINE NO. 3                                  BUCHANAN"]
[{"$nulls":9},"VA","4406920","U","NO. 2","BUCHANAN","FAITH RESOURCES, INC.","027","BIT","51","4406920     U     NO. 2                                  BUCHANAN"]
[{"$nulls":9},"VA","4406929","U","DEEP MINE #26","WISE","PARAMONT COAL COMPANY VIRGINIA","195","BIT","51","4406929     U     DEEP MINE #26                                  WISE"]
[{"$nulls":9},"VA","4406943","S","KELLYVIEW LOADOUT FACILITY","WISE","A & G COAL CORPORATION","195","BIT","51","4406943     S     KELLYVIEW LOADOUT FACILITY                                  WISE"]
[{"$nulls":9},"VA","4406947","U","#1 MINE","LEE","VIRGINIA FUEL CORPORATION","105","BIT","51","4406947     U     #1 MINE                                  LEE"]
[{"$nulls":9},"VA","4406948","S","STRIP #8","WISE","A & G COAL CORPORATION","195","BIT","51","4406948     S     STRIP #8                                  WISE"]
[{"$nulls":9},"VA","4406949","S","LOVERS GAP #3","BUCHANAN","PARAMONT COAL COMPANY VIRGINIA","027","BIT","51","4406949     S     LOVERS GAP #3                                  BUCHANAN"]
[{"$nulls":9},"VA","4406951","S","HIGH SPLINT SURFACE MINE NO. 1","WISE","MATT MINING CO., INC.","195","BIT","51","4406951     S     HIGH SPLINT SURFACE MINE NO. 1                                  WISE"]
[{"$nulls":9},"VA","4406991","S","STRIP #11","WISE","A & G COAL CORPORATION","195","BIT","51","4406991     S     STRIP #11                                  WISE"]
[{"$nulls":9},"VA","4406992","S","STRIP #12","WISE","A & G COAL CORPORATION","195","BIT","51","4406992     S     STRIP #12                                  WISE"]
[{"$nulls":9},"VA","4406999","S","STRIP #13","WISE","A & G COAL CORPORATION","195","BIT","51","4406999     S     STRIP #13                                  WISE"]
[{"$nulls":9},"VA","4407001","S","STRIP #14","WISE","A & G COAL CORPORATION","195","BIT","51","4407001     S     STRIP #14                                  WISE"]
[{"$nulls":9},"VA","4407005","U","NO 5","BUCHANAN","P.B. DIRTMOVERS","027","BIT","51","4407005     U     NO 5                                  BUCHANAN"]
[{"$nulls":9},"VA","4407011","S","FAIRBANKS COMPLEX","WISE","FAIRBANKS COAL CO., INC.","195","BIT","51","4407011     S     FAIRBANKS COMPLEX                                  WISE"]
[{"$nulls":9},"VA","4407012","S","#3 SURFACE","DICKENSON","APPALACHIAN CONTRACTORS INC.","051","BIT","51","4407012     S     #3 SURFACE                                  DICKENSON"]
[{"$nulls":9},"VA","4407034","S","NO 1 STRIP","DICKENSON","VIRGINIA FUEL CORPORATION","051","BIT","51","4407034     S     NO 1 STRIP                                  DICKENSON"]
[{"$nulls":9},"VA","4407038","S","BUCKEYE BR.","BUCHANAN","SURFACE MINERALS COMPANY","027","BIT","51","4407038     S     BUCKEYE BR.                                  BUCHANAN"]
[{"$nulls":9},"VA","4407040","S","CONVICT HOLLOW","BUCHANAN","SURFACE MINERALS COMPANY","027","BIT","51","4407040     S     CONVICT HOLLOW                                  BUCHANAN"]
[{"$nulls":9},"VA","4407041","S","SHOP HOLLOW MINE NO 1 HIGHWALL","GILES","APPALACHIAN HIGHWALL MINING LL","071","BIT","51","4407041     S     SHOP HOLLOW MINE NO 1 HIGHWALL                                  GILES"]
[{"$nulls":9},"VA","4407045","U","MINE NO 1","BUCHANAN","BLACK DIAMOND COAL CO.","027","BIT","51","4407045     U     MINE NO 1                                  BUCHANAN"]
[{"$nulls":9},"VA","4407046","U","LOCUST THICKET","BUCHANAN","BANNER BLUE COAL COMPANY","027","BIT","51","4407046     U     LOCUST THICKET                                  BUCHANAN"]
[{"$nulls":9},"VA","4407047","U","MINE # 1","BUCHANAN","PIONEER COAL INC.","027","BIT","51","4407047     U     MINE # 1                                  BUCHANAN"]
[{"$nulls":9},"VA","4407052","U","MINE NO. 4","WISE","DORCHESTER ENTERPRISES, INC.","195","BIT","51","4407052     U     MINE NO. 4                                  WISE"]
[{"$nulls":9},"VA","4407058","P","HEAVY EQUIPMENT SHOP","BUCHANAN","JEWELL SMOKELESS COAL CORPORAT","027","BIT","51","4407058     P     HEAVY EQUIPMENT SHOP                                  BUCHANAN"]
[{"$nulls":9},"VA","4407060","S","PARDEE/WAX","LEE","POWELL MOUNTAIN ENERGY LLC","105","BIT","51","4407060     S     PARDEE/WAX                                  LEE"]
[{"$nulls":9},"VA","4407061","S","NO. 3 HWM CONVICT","BUCHANAN","SURFACE MINERALS COMPANY","027","BIT","51","4407061     S     NO. 3 HWM CONVICT                                  BUCHANAN"]
[{"$nulls":9},"VA","4407067","U","FACE-UP NO 1","RUSSELL","HAROLD KEENE COAL COMPANY INC","167","BIT","51","4407067     U     FACE-UP NO 1                                  RUSSELL"]
[{"$nulls":9},"VA","4407074","U","DOGWOOD #3","WISE","OLD DOMINION ENERGY INC","195","BIT","51","4407074     U     DOGWOOD #3                                  WISE"]
[{"$nulls":9},"VA","4407080","S","PINE CREEK","RUSSELL","HAROLD KEENE SURFACE COMPANY L","167","BIT","51","4407080     S     PINE CREEK                                  RUSSELL"]
[{"$nulls":9},"VA","4407081","U","NO. 2","WISE","REGENT ALLIED CARBON ENERGY, I","195","BIT","51","4407081     U     NO. 2                                  WISE"]
[{"$nulls":9},"VA","4407082","U","ABLE NO 1","BUCHANAN","ABLE MINING INCORPORATED","027","BIT","51","4407082     U     ABLE NO 1                                  BUCHANAN"]
[{"$nulls":9},"VA","4407085","S","GHM #37","ARLINGTON","GREEN HILL MINING, INC.","013","BIT","51","4407085     S     GHM #37                                  ARLINGTON"]
[{"$nulls":9},"VA","4407087","U","MINE NO 2","WISE","BIG LAUREL MINING CORPORATION","195","BIT","51","4407087     U     MINE NO 2                                  WISE"]
[{"$nulls":9},"VA","4407098","S","JONES FORK SURFACE MINE NO 1","BUCHANAN","JEWELL SMOKELESS COAL CORPORAT","027","BIT","51","4407098     S     JONES FORK SURFACE MINE NO 1                                  BUCHANAN"]
[{"$nulls":9},"VA","4407099","S","JEWELL VALLEY GOB PILE REMOVAL","BUCHANAN","C & S CONSTRUCTION & EXCAVATIN","027","BIT","51","4407099     S     JEWELL VALLEY GOB PILE REMOVAL                                  BUCHANAN"]
[{"$nulls":9},"VA","4407104","U","MINE #1","RUSSELL","OMEGA MINING HATFIELD, LLC","167","BIT","51","4407104     U     MINE #1                                  RUSSELL"]
[{"$nulls":9},"VA","4407108","S","CEDAR BRANCH NO 1","BUCHANAN","CLINTWOOD ELKHORN MINING","027","BIT","51","4407108     S     CEDAR BRANCH NO 1                                  BUCHANAN"]
[{"$nulls":9},"VA","4407115","S","BADEN #1","WISE","A & G COAL CORPORATION","195","BIT","51","4407115     S     BADEN #1                                  WISE"]
[{"$nulls":9},"VA","4407123","U","DEEP MINE #35","RUSSELL","PARAMONT COAL COMPANY VIRGINIA","167","BIT","51","4407123     U     DEEP MINE #35                                  RUSSELL"]
[{"$nulls":9},"VA","4407124","S","TRUE ENERGY FUELS MINE NO. 2","WISE","TRUE ENERGY FUELS LLC","195","BIT","51","4407124     S     TRUE ENERGY FUELS MINE NO. 2                                  WISE"]
[{"$nulls":9},"VA","4407126","S","JONES FORK","BUCHANAN","SURFACE MINERALS COMPANY","027","BIT","51","4407126     S     JONES FORK                                  BUCHANAN"]
[{"$nulls":9},"VA","4407127","U","DERBY WILSON MINE","WISE","GUEST MOUNTAIN MINING CORPORAT","195","BIT","51","4407127     U     DERBY WILSON MINE                                  WISE"]
[{"$nulls":9},"VA","4407128","U","ROCKHOUSE MINE","BUCHANAN","THE BLACK DIAMOND COMPANY","027","BIT","51","4407128     U     ROCKHOUSE MINE                                  BUCHANAN"]
[{"$nulls":9},"VA","4407129","U","DEEP MINE #25","WISE","PARAMONT COAL COMPANY VIRGINIA","195","BIT","51","4407129     U     DEEP MINE #25                                  WISE"]
[{"$nulls":9},"VA","4407133","S","NO. 26 STRIP","WISE","HUMPHREYS ENTERPRISES INC","195","BIT","51","4407133     S     NO. 26 STRIP                                  WISE"]
[{"$nulls":9},"VA","4407137","U","NO. 2","WISE","PATRIOT MINING, LLC","195","BIT","51","4407137     U     NO. 2                                  WISE"]
[{"$nulls":9},"VA","4407138","U","MINE NO 5","WISE","GUEST MOUNTAIN MINING CORPORAT","195","BIT","51","4407138     U     MINE NO 5                                  WISE"]
[{"$nulls":9},"VA","4407142","S","FLAT ROCK PREPARATION PLANT","RUSSELL","HAROLD KEENE COAL PREPARATION","167","BIT","51","4407142     S     FLAT ROCK PREPARATION PLANT                                  RUSSELL"]
[{"$nulls":9},"VA","4407143","S","FEDS CREEK #1","WISE","WOLF CREEK COAL CORP LLC","195","BIT","51","4407143     S     FEDS CREEK #1                                  WISE"]
[{"$nulls":9},"VA","4407146","U","ROARING FORK NO 4","DICKENSON","DICKENSON-RUSSELL COAL CO LLC","051","BIT","51","4407146     U     ROARING FORK NO 4                                  DICKENSON"]
[{"$nulls":9},"VA","4407150","U","MINE NO. 1","WISE","OSAKA MINING CORPORATION","195","BIT","51","4407150     U     MINE NO. 1                                  WISE"]
[{"$nulls":9},"VA","4407154","U","NO. 5","BUCHANAN","DACOAL MINING, INC.","027","BIT","51",{"$f":"K2117&\"     \"&L2117&\"     \"&M2117&\"                                  \"&N2117","v":"4407154     U     NO. 5                                  BUCHANAN"}]
[{"$nulls":9},"VA","4407156","U","#3","WISE","NINE MILE MINING INC.","195","BIT","51","4407156     U     #3                                  WISE"]
[{"$nulls":9},"VA","4407159","U","NO 9","DICKENSON","BRISTOL COAL CORP","051","BIT","51","4407159     U     NO 9                                  DICKENSON"]
[{"$nulls":9},"VA","4407160","S","PREACHER CREEK STRIP","WISE","A & G COAL CORPORATION","195","BIT","51","4407160     S     PREACHER CREEK STRIP                                  WISE"]
[{"$nulls":9},"VA","4407163","S","88 STRIP","WISE","PARAMONT COAL COMPANY VIRGINIA","195","BIT","51","4407163     S     88 STRIP                                  WISE"]
[{"$nulls":9},"VA","4407167","U","LMM","DICKENSON","ESTEP COAL CO INC","051","BIT","51","4407167     U     LMM                                  DICKENSON"]
[{"$nulls":9},"VA","4407169","S","MILL CREEK #1 SURFACE MINE","DICKENSON","BARNETTE ENERGY, LLC","051","BIT","51","4407169     S     MILL CREEK #1 SURFACE MINE                                  DICKENSON"]
[{"$nulls":9},"VA","4407170","S","WHITLEY FORK MINE","WISE","MEADOW BRANCH MINING CORPORATI","195","BIT","51","4407170     S     WHITLEY FORK MINE                                  WISE"]
[{"$nulls":9},"VA","4407172","S","VIRGINIA POINT NO. 1 SURFACE M","TAZEWELL","EXTRA ENERGY, INC.","185","BIT","51","4407172     S     VIRGINIA POINT NO. 1 SURFACE M                                  TAZEWELL"]
[{"$nulls":9},"VA","4407178","S","HUFFMAN FK. AUGER","BUCHANAN","SURFACE MINERALS COMPANY","027","BIT","51","4407178     S     HUFFMAN FK. AUGER                                  BUCHANAN"]
[{"$nulls":9},"VA","4407179","S","#2","BUCHANAN","TECH LEASING & REBUILD, LLC","027","BIT","51","4407179     S     #2                                  BUCHANAN"]
[{"$nulls":9},"VA","4407180","S","HURRICANE BRANCH STRIP #1","BUCHANAN","KNOX CREEK COAL CORP.","027","BIT","51","4407180     S     HURRICANE BRANCH STRIP #1                                  BUCHANAN"]
[{"$nulls":9},"VA","4407182","S","MOUNTAINEER NO.3","BUCHANAN","MOUNTAINEER ENTERPRISES, INC.","027","BIT","51","4407182     S     MOUNTAINEER NO.3                                  BUCHANAN"]
[{"$nulls":9},"VA","4407186","U","LOONEY CREEK TAGGART MINE","WISE","MILL BRANCH COAL CORPORATION","195","BIT","51","4407186     U     LOONEY CREEK TAGGART MINE                                  WISE"]
[{"$nulls":9},"VA","4407187","U","MINE NO. 3","WISE","MILL BRANCH COAL CORPORATION","195","BIT","51","4407187     U     MINE NO. 3                                  WISE"]
[{"$nulls":9},"VA","4407188","U","#2","WISE","NINE MILE MINING, INC.","195","BIT","51","4407188     U     #2                                  WISE"]
[{"$nulls":9},"VA","4407189","U","LOW SPLINT A MINE","WISE","MILL BRANCH COAL CORPORATION","195","BIT","51","4407189     U     LOW SPLINT A MINE                                  WISE"]
[{"$nulls":9},"VA","4407190","S","RED ONION SURFACE MINE","WISE","PARAMONT COAL COMPANY VIRGINIA","195","BIT","51","4407190     S     RED ONION SURFACE MINE                                  WISE"]
[{"$nulls":9},"VA","4407193","U","NO 9","RUSSELL","DACOAL MINING INC","167","BIT","51","4407193     U     NO 9                                  RUSSELL"]
[{"$nulls":9},"VA","4407195","S","APPALACHIA REMINING #4","WISE","ENERGY TECHNOLOGIES INC","195","BIT","51","4407195     S     APPALACHIA REMINING #4                                  WISE"]
[{"$nulls":9},"VA","4407199","S","LAUREL BRANCH SURFACE","BUCHANAN","CLINTWOOD ELKHORN MINING INC","027","BIT","51","4407199     S     LAUREL BRANCH SURFACE                                  BUCHANAN"]
[{"$nulls":9},"VA","4407201","S","JOB #15 SURFACE","WISE","A & G COAL CORPORATION","195","BIT","51","4407201     S     JOB #15 SURFACE                                  WISE"]
[{"$nulls":9},"VA","4407205","U","MINE #5","BUCHANAN","D J COAL INC","027","BIT","51","4407205     U     MINE #5                                  BUCHANAN"]
[{"$nulls":9},"VA","4407207","U","MIDDLESPLINT MINE","LEE","POWELL MOUNTAIN ENERGY, LLC","105","BIT","51","4407207     U     MIDDLESPLINT MINE                                  LEE"]
[{"$nulls":9},"VA","4407211","U","NO 2","BUCHANAN","CEDAR CREEK COAL LLC","027","BIT","51","4407211     U     NO 2                                  BUCHANAN"]
[{"$nulls":9},"VA","4407212","S","HACKNEY","BUCHANAN","SURFACE MINERALS COMPANY","027","BIT","51","4407212     S     HACKNEY                                  BUCHANAN"]
[{"$nulls":9},"VA","4407214","U","NO 8","DICKENSON","CAPITAL COAL CORPORATION","051","BIT","51","4407214     U     NO 8                                  DICKENSON"]
[{"$nulls":9},"VA","4407215","S","BULL RUN SURFACE MINE","WISE","BIG BEAR MINING INC","195","BIT","51","4407215     S     BULL RUN SURFACE MINE                                  WISE"]
[{"$nulls":9},"VA","4407217","U","NO 10","DICKENSON","FOUR O MINING CORPORATION","051","BIT","51","4407217     U     NO 10                                  DICKENSON"]
[{"$nulls":9},"VA","4407219","S","MULE HOLLOW SURFACE MINE","BUCHANAN","SURFACE MINERALS COMPANY","027","BIT","51","4407219     S     MULE HOLLOW SURFACE MINE                                  BUCHANAN"]
[{"$nulls":9},"VA","4407220","U","MINE NO. 44","BUCHANAN","DOMINION COAL CORPORATION","027","BIT","51","4407220     U     MINE NO. 44                                  BUCHANAN"]
[{"$nulls":9},"VA","4407223","U","DEEP MINE 41","DICKENSON","PARAMONT COAL COMPANY VIRGINIA","051","BIT","51","4407223     U     DEEP MINE 41                                  DICKENSON"]
[{"$nulls":9},"VA","4407224","U","PINE BRANCH 1","WISE","CUMBERLAND RIVER COAL CO INC","195","BIT","51","4407224     U     PINE BRANCH 1                                  WISE"]
[{"$nulls":9},"VA","4407225","S","HUFFMAN FK.","BUCHANAN","SURFACE MINERALS COMPANY","027","BIT","51","4407225     S     HUFFMAN FK.                                  BUCHANAN"]
[{"$nulls":9},"VA","4407227","U","MINE NO 43","BUCHANAN","DOMINION COAL CORPORATION","027","BIT","51","4407227     U     MINE NO 43                                  BUCHANAN"]
[{"$nulls":9},"VA","4407228","S","MINE NO 1","LEE","A & G COAL CORPORATION","105","BIT","51","4407228     S     MINE NO 1                                  LEE"]
[{"$nulls":9},"VA","4407231","U","DEEP MINE 37","DICKENSON","PARAMONT COAL COMPANY VIRGINIA","051","BIT","51","4407231     U     DEEP MINE 37                                  DICKENSON"]
[{"$nulls":9},"VA","4407232","S","SOUTH FORK","WISE","PARAMONT COAL COMPANY VIRGINIA","195","BIT","51","4407232     S     SOUTH FORK                                  WISE"]
[{"$nulls":9},"VA","4407233","S","GOBCO #8","RUSSELL","MOUNTAIN FUELS INC","167","BIT","51","4407233     S     GOBCO #8                                  RUSSELL"]
[{"$nulls":9},"VA","4407236","S","STARR BR.","BUCHANAN","SURFACE MINERALS COMPANY","027","BIT","51","4407236     S     STARR BR.                                  BUCHANAN"]
[{"$nulls":9},"VA","4407238","S","VFC-WESTERN STRIP","LEE","VIRGINIA FUEL CORPORATION","105","BIT","51","4407238     S     VFC-WESTERN STRIP                                  LEE"]
[{"$nulls":9},"VA","4407239","S","FLAT ROCK","RUSSELL","HAROLD KEENE SURFACE COMPANY L","167","BIT","51","4407239     S     FLAT ROCK                                  RUSSELL"]
[{"$nulls":9},"VA","4407241","U","DOGWOOD  #4","WISE","OLD DOMINION ENERGY INC","195","BIT","51","4407241     U     DOGWOOD  #4                                  WISE"]
[{"$nulls":9},"VA","4407242","S","BRYSON COLE SURFACE","SCOTT","GMAX ENERGY INC","169","BIT","51","4407242     S     BRYSON COLE SURFACE                                  SCOTT"]
[{"$nulls":9},"VA","4407245","S","CONVICT EAST SURFACE","BUCHANAN","SURFACE MINERALS COMPANY","027","BIT","51","4407245     S     CONVICT EAST SURFACE                                  BUCHANAN"]
[{"$nulls":9},"VA","4407246","S","STRIP #24","WISE","A & G COAL CORPORATION","195","BIT","51","4407246     S     STRIP #24                                  WISE"]
[{"$nulls":9},"VA","4407247","S","MOUNTAINEER NO 4","BUCHANAN","MOUNTAINEER ENTERPRISES INC","027","BIT","51","4407247     S     MOUNTAINEER NO 4                                  BUCHANAN"]
[{"$nulls":9},"VA","4407251","U","LOONEY CREEK MARKER MINE","WISE","GUEST MOUNTAIN MINING CORPORAT","195","BIT","51","4407251     U     LOONEY CREEK MARKER MINE                                  WISE"]
[{"$nulls":9},"VA","4407252","S","#1","WISE","NINE MILE MINING, INC.","195","BIT","51","4407252     S     #1                                  WISE"]
[{"$nulls":9},"VA","4407253","S","DARBY ROAD MINE #1","LEE","VIRGINIA FUELS CORPORATION","105","BIT","51","4407253     S     DARBY ROAD MINE #1                                  LEE"]
[{"$nulls":9},"VA","4407254","S","3 POLE","BUCHANAN","SURFACE MINERALS COMPANY","027","BIT","51","4407254     S     3 POLE                                  BUCHANAN"]
[{"$nulls":9},"VA","4407256","S","FAIRBANKS NO 4","WISE","FAIRBANKS COAL COMPANY INC","195","BIT","51","4407256     S     FAIRBANKS NO 4                                  WISE"]
[{"$nulls":9},"VA","4407257","S","BUTCHER KNIFE SURFACE MINE","BUCHANAN","PARAMONT COAL COMPANY VIRGINIA","027","BIT","51","4407257     S     BUTCHER KNIFE SURFACE MINE                                  BUCHANAN"]
[{"$nulls":9},"VA","4407258","S","TWIN BRANCH","WISE","BIG BEAR MINING INC","195","BIT","51","4407258     S     TWIN BRANCH                                  WISE"]
[{"$nulls":9},"VA","4407260","S","WAKENVA MINE #1","DICKENSON","LIL O CONTRACTORS","051","BIT","51","4407260     S     WAKENVA MINE #1                                  DICKENSON"]
[{"$nulls":9},"VA","4407261","U","NO 1","BUCHANAN","HANNA COAL CO., INC.","027","BIT","51","4407261     U     NO 1                                  BUCHANAN"]
[{"$nulls":9},"VA","4407262","U","PHILLIPS RIDER NO. 1 MINE","WISE","GUEST MOUNTAIN MINING CORPORAT","195","BIT","51","4407262     U     PHILLIPS RIDER NO. 1 MINE                                  WISE"]
[{"$nulls":9},"VA","4407263","S","MOUNTAINEER NO. 5","BUCHANAN","MOUNTAINEER ENTERPRISES, INC.","027","BIT","51","4407263     S     MOUNTAINEER NO. 5                                  BUCHANAN"]
[{"$nulls":9},"VA","4407264","U","MINE NO. 41","TAZEWELL","XMV, INC.","185","BIT","51","4407264     U     MINE NO. 41                                  TAZEWELL"]
[{"$nulls":9},"VA","4407268","U","LOWER MILL BLAIR","BUCHANAN","BANNER BLUE COAL COMPANY","027","BIT","51","4407268     U     LOWER MILL BLAIR                                  BUCHANAN"]
[{"$nulls":9},"VA","4407269","U","MIDDLE FORK HAGY","BUCHANAN","BANNER BLUE COAL COMPANY","027","BIT","51","4407269     U     MIDDLE FORK HAGY                                  BUCHANAN"]
[{"$nulls":9},"VA","4407270","S","BEE TREE AUGER","BUCHANAN","SURFACE MINERALS COMPANY","027","BIT","51","4407270     S     BEE TREE AUGER                                  BUCHANAN"]
[{"$nulls":9},"VA","4407272","S","SMITH GAP SURFACE MINE","DICKENSON","PARAMONT COAL COMPANY VIRGINIA","051","BIT","51","4407272     S     SMITH GAP SURFACE MINE                                  DICKENSON"]
[{"$nulls":9},"VA","4407274","S","BOLD CAMP SURFACE MINE","WISE","BIG BEAR MINING INC.","195","BIT","51","4407274     S     BOLD CAMP SURFACE MINE                                  WISE"]
[{"$nulls":9},"VA","4407275","U","WILSON #2","LEE","VIRGINIA FUEL CORPORATION","105","BIT","51",{"$f":"K2181&\"     \"&L2181&\"     \"&M2181&\"                                  \"&N2181","v":"4407275     U     WILSON #2                                  LEE"}]
[{"$nulls":9},"VA","4407276","S","STRIP #26","WISE","A&G COAL CORPORATION","195","BIT","51","4407276     S     STRIP #26                                  WISE"]
[{"$nulls":9},"VA","4407277","U","DOGWOOD #4-C","WISE","OLD DOMINION ENERGY, INC.","195","BIT","51","4407277     U     DOGWOOD #4-C                                  WISE"]
[{"$nulls":9},"VA","4407278","S","VIRGINIA FUEL #3","LEE","VIRGINIA FUEL CORPORATION","105","BIT","51","4407278     S     VIRGINIA FUEL #3                                  LEE"]
[{"$nulls":9},"VA","4407279","S","CLINCHCO MINE #1","DICKENSON","LIL O CONTRACTORS, LLC","051","BIT","51","4407279     S     CLINCHCO MINE #1                                  DICKENSON"]
[{"$nulls":9},"VA","4407280","S","S-5 AILY BRANCH","BUCHANAN","REVELATION ENERGY LLC","027","BIT","51","4407280     S     S-5 AILY BRANCH                                  BUCHANAN"]
[{"$nulls":9},"VA","4407281","S","KENNEDY #3 SURFACE","RUSSELL","KNOX CREEK COAL CORP","167","BIT","51","4407281     S     KENNEDY #3 SURFACE                                  RUSSELL"]
[{"$nulls":9},"VA","4407282","S","MILL CREEK JOB","DICKENSON","C & B COAL, LLC","051","BIT","51","4407282     S     MILL CREEK JOB                                  DICKENSON"]
[{"$nulls":9},"VA","4407283","S","EXETER GOB PILE","WISE","VIRGINIA FUEL CORPORATION","195","BIT","51","4407283     S     EXETER GOB PILE                                  WISE"]
[{"$nulls":9},"VA","4407285","S","NO. 10","BUCHANAN","APEX ENERGY, INC.","027","BIT","51","4407285     S     NO. 10                                  BUCHANAN"]
[{"$nulls":9},"VA","4407286","S","SUGAR COVE GOB PROJECT","BUCHANAN","CIRCLE L LAND CO., INC.","027","BIT","51","4407286     S     SUGAR COVE GOB PROJECT                                  BUCHANAN"]
[{"$nulls":9},"VA","4407287","S","MILL CREEK #1","DICKENSON","C & B COAL, LLC","051","BIT","51","4407287     S     MILL CREEK #1                                  DICKENSON"]
[{"$nulls":9},"VA","4407288","S","HILL CREEK HIGHWALL","TAZEWELL","OMEGA HIGHWALL MINING CO LLC","185","BIT","51","4407288     S     HILL CREEK HIGHWALL                                  TAZEWELL"]
[{"$nulls":9},"VA","4407289","S","DRY FORK SURFACE MINE","WISE","PARAMONT COAL COMPANY VIRGINIA","195","BIT","51","4407289     S     DRY FORK SURFACE MINE                                  WISE"]
[{"$nulls":9},"VA","4407290","S","KILGORE CREEK","WISE","PARAMONT COAL COMPANY VIRGINIA","195","BIT","51","4407290     S     KILGORE CREEK                                  WISE"]
[{"$nulls":9},"WA","4500416","S","CENTRALIA COAL MINE","LEWIS","TRANS ALTA CENTRALIA MINING LL","041","BIT","53","4500416     S     CENTRALIA COAL MINE                                  LEWIS"]
[{"$nulls":9},"WA","4502967","S","JOHN HENRY NO 1 MINE","KING","PACIFIC COAST COAL COMPANY","033","BIT","53","4502967     S     JOHN HENRY NO 1 MINE                                  KING"]
[{"$nulls":9},"WV","4601271","U","HARRIS NO 1","BOONE","EASTERN ASSOCIATED COAL LLC","005","BIT","54","4601271     U     HARRIS NO 1                                  BOONE"]
[{"$nulls":9},"WV","4601318","U","ROBINSON RUN NO 95","MARION","CONSOLIDATION COAL COMPANY","049","BIT","54","4601318     U     ROBINSON RUN NO 95                                  MARION"]
[{"$nulls":9},"WV","4601368","P","FANCO","LOGAN","APOGEE COAL COMPANY LLC","045","BIT","54","4601368     P     FANCO                                  LOGAN"]
[{"$nulls":9},"WV","4601433","U","LOVERIDGE NO 22","MARION","CONSOLIDATION COAL COMPANY","049","BIT","54","4601433     U     LOVERIDGE NO 22                                  MARION"]
[{"$nulls":9},"WV","4601436","U","SHOEMAKER MINE","MARSHALL","CONSOLIDATION COAL COMPANY","051","BIT","54","4601436     U     SHOEMAKER MINE                                  MARSHALL"]
[{"$nulls":9},"WV","4601437","U","MCELROY MINE","MARSHALL","MCELROY COAL COMPANY","051","BIT","54","4601437     U     MCELROY MINE                                  MARSHALL"]
[{"$nulls":9},"WV","4601438","S","IRELAND RIVER LOADING FACILITY","MARSHALL","CONSOLIDATION COAL COMPANY","051","BIT","54","4601438     S     IRELAND RIVER LOADING FACILITY                                  MARSHALL"]
[{"$nulls":9},"WV","4601456","U","FEDERAL NO 2","MONONGALIA","EASTERN ASSOCIATED COAL LLC","061","BIT","54","4601456     U     FEDERAL NO 2                                  MONONGALIA"]
[{"$nulls":9},"WV","4601537","U","NO 27","BOONE","LONG BRANCH ENERGY","005","BIT","54","4601537     U     NO 27                                  BOONE"]
[{"$nulls":9},"WV","4601544","U","ROAD FORK #51 MINE","WYOMING","SPARTAN MINING COMPANY","109","BIT","54","4601544     U     ROAD FORK #51 MINE                                  WYOMING"]
[{"$nulls":9},"WV","4601602","U","MINE #1","MINGO","GREYEAGLE COAL COMPANY","059","BIT","54","4601602     U     MINE #1                                  MINGO"]
[{"$nulls":9},"WV","4601816","U","PINNACLE MINE","WYOMING","PINNACLE MINING COMPANY LLC","109","BIT","54","4601816     U     PINNACLE MINE                                  WYOMING"]
[{"$nulls":9},"WV","4601968","U","BLACKSVILLE NO 2","MONONGALIA","CONSOLIDATION COAL COMPANY","061","BIT","54","4601968     U     BLACKSVILLE NO 2                                  MONONGALIA"]
[{"$nulls":9},"WV","4602140","P","SAUNDERS PREPARATION PLANT","LOGAN","CLIFFS LOGAN COUNTY COAL, LLC","045","BIT","54","4602140     P     SAUNDERS PREPARATION PLANT                                  LOGAN"]
[{"$nulls":9},"WV","4602151","P","VINDEX ENERGY","GRANT","VINDEX ENERGY CORPORATION","023","BIT","54","4602151     P     VINDEX ENERGY                                  GRANT"]
[{"$nulls":9},"WV","4602166","U","SEWELL MINE NO. 1","RALEIGH","RHINO EASTERN LLC","081","BIT","54","4602166     U     SEWELL MINE NO. 1                                  RALEIGH"]
[{"$nulls":9},"WV","4602186","P","KING COAL #1 PREPARATION PLANT","NICHOLAS","ATLANTIC LEASECO, LLC","067","BIT","54","4602186     P     KING COAL #1 PREPARATION PLANT                                  NICHOLAS"]
[{"$nulls":9},"WV","4602206","S","LICK BRANCH IMPOUNDMENT","MCDOWELL","LITWAR PROCESSING COMPANY, LLC","047","BIT","54","4602206     S     LICK BRANCH IMPOUNDMENT                                  MCDOWELL"]
[{"$nulls":9},"WV","4602265","P","ROCKCAMP IMPOUNDMENTS 1 & 2","NICHOLAS","PEERLESS EAGLE COAL COMPANY","067","BIT","54","4602265     P     ROCKCAMP IMPOUNDMENTS 1 & 2                                  NICHOLAS"]
[{"$nulls":9},"WV","4602295","P","PREPARATION PLANT NO 1","NICHOLAS","TERRY EAGLE COAL COMPANY LLC","067","BIT","54","4602295     P     PREPARATION PLANT NO 1                                  NICHOLAS"]
[{"$nulls":9},"WV","4602380","P","BISHOP IMPOUNDMENT AREA","MCDOWELL","CHESTNUT LAND HOLDINGS, LLC","047","BIT","54","4602380     P     BISHOP IMPOUNDMENT AREA                                  MCDOWELL"]
[{"$nulls":9},"WV","4602435","P","HOLDEN #25 SLURRY IMPOUNDMENT","MINGO","COAL MAC INC","059","BIT","54","4602435     P     HOLDEN #25 SLURRY IMPOUNDMENT                                  MINGO"]
[{"$nulls":9},"WV","4602437","P","CARETTA IMPOUNDMENT/REFUSE ARE","MCDOWELL","WEST VIRGINIA PROPERTIES INC","047","BIT","54","4602437     P     CARETTA IMPOUNDMENT/REFUSE ARE                                  MCDOWELL"]
[{"$nulls":9},"WV","4602443","S","LITTLE WHITE OAK","LOGAN","APOGEE COAL COMPANY LLC","045","BIT","54","4602443     S     LITTLE WHITE OAK                                  LOGAN"]
[{"$nulls":9},"WV","4602444","P","ELK CREEK PLANT","LOGAN","ISLAND CREEK COAL COMPANY","045","BIT","54","4602444     P     ELK CREEK PLANT                                  LOGAN"]
[{"$nulls":9},"WV","4602445","P","POND FORK PROCESSING","BOONE","POND FORK PROCESSING, LLC","005","BIT","54","4602445     P     POND FORK PROCESSING                                  BOONE"]
[{"$nulls":9},"WV","4602446","S","MCDONALD FORK IMPOUNDMENT","WYOMING","DYNAMIC ENERGY INC","109","BIT","54","4602446     S     MCDONALD FORK IMPOUNDMENT                                  WYOMING"]
[{"$nulls":9},"WV","4602489","S","NO 1 STRIP","MINERAL","D & L COAL COMPANY INC","057","BIT","54","4602489     S     NO 1 STRIP                                  MINERAL"]
[{"$nulls":9},"WV","4602515","P","PREPARATION PLANT","LOGAN","STIRRAT COAL COMPANY","045","BIT","54","4602515     P     PREPARATION PLANT                                  LOGAN"]
[{"$nulls":9},"WV","4602737","S","NANCY","HARRISON","TEN-A-COAL COMPANY","033","BIT","54","4602737     S     NANCY                                  HARRISON"]
[{"$nulls":9},"WV","4602828","S","TURKEY GAP IMPOUNDMENT/REFUSE","MCDOWELL","CONSOLIDATION COAL COMPANY","047","BIT","54","4602828     S     TURKEY GAP IMPOUNDMENT/REFUSE                                  MCDOWELL"]
[{"$nulls":9},"WV","4603085","P","SOUTH HOLLOW PLANT - EMERALD P","KANAWHA","EMERALD PROCESSING LLC","039","BIT","54","4603085     P     SOUTH HOLLOW PLANT - EMERALD P                                  KANAWHA"]
[{"$nulls":9},"WV","4603090","S","WINIFREDE DOCK","KANAWHA","WINIFREDE DOCK LLC","039","BIT","54","4603090     S     WINIFREDE DOCK                                  KANAWHA"]
[{"$nulls":9},"WV","4603135","P","HARRIS PREPARATION PLANT","BOONE","EASTERN ASSOCIATED COAL LLC","005","BIT","54","4603135     P     HARRIS PREPARATION PLANT                                  BOONE"]
[{"$nulls":9},"WV","4603140","P","SPRUCE LAUREL PREPARATION PLAN","BOONE","COAL RIVER MINING, LLC","005","BIT","54","4603140     P     SPRUCE LAUREL PREPARATION PLAN                                  BOONE"]
[{"$nulls":9},"WV","4603141","P","CHESTERFIELD PREP PLANT","BOONE","OMAR MINING COMPANY","005","BIT","54","4603141     P     CHESTERFIELD PREP PLANT                                  BOONE"]
[{"$nulls":9},"WV","4603143","P","BIG MOUNTAIN PREPARATION PLANT","BOONE","PINE RIDGE COAL COMPANY LLC","005","BIT","54","4603143     P     BIG MOUNTAIN PREPARATION PLANT                                  BOONE"]
[{"$nulls":9},"WV","4603158","P","KEYSTONE NO 2 PLANT","WYOMING","HERNDON PROCESSING COMPANY LLC","109","BIT","54","4603158     P     KEYSTONE NO 2 PLANT                                  WYOMING"]
[{"$nulls":9},"WV","4603176","P","TALON LOADOUT","BOONE","TALON LOADOUT COMPANY","005","BIT","54","4603176     P     TALON LOADOUT                                  BOONE"]
[{"$nulls":9},"WV","4603181","S","COLLINS FORK SLURRY IMPOUNDMEN","RALEIGH","CLEAR FORK COAL COMPANY","081","BIT","54","4603181     S     COLLINS FORK SLURRY IMPOUNDMEN                                  RALEIGH"]
[{"$nulls":9},"WV","4603202","P","NO 1 PREPARATION PLANT","NICHOLAS","GREEN VALLEY COAL COMPANY","067","BIT","54","4603202     P     NO 1 PREPARATION PLANT                                  NICHOLAS"]
[{"$nulls":9},"WV","4603203","S","LITTLE CREEK DOCK","KANAWHA","LITTLE CREEK LLC","039","BIT","54","4603203     S     LITTLE CREEK DOCK                                  KANAWHA"]
[{"$nulls":9},"WV","4603240","S","CENTRAL REPAIR SHOP","MARION","CONSOLIDATION COAL COMPANY","049","BIT","54","4603240     S     CENTRAL REPAIR SHOP                                  MARION"]
[{"$nulls":9},"WV","4603303","P","SUPERIOR CLEANING PLANT","MCDOWELL","SUPERIOR PROCESSING, INC.","047","BIT","54","4603303     P     SUPERIOR CLEANING PLANT                                  MCDOWELL"]
[{"$nulls":9},"WV","4603317","P","MAMMOTH COAL  PROCESSING PL &","KANAWHA","MAMMOTH COAL CO.","039","BIT","54","4603317     P     MAMMOTH COAL  PROCESSING PL &                                  KANAWHA"]
[{"$nulls":9},"WV","4603341","S","ECKMAN LOADOUT","MCDOWELL","PRIME PROCESSING INC","047","BIT","54","4603341     S     ECKMAN LOADOUT                                  MCDOWELL"]
[{"$nulls":9},"WV","4603404","S","NO 32 MINE","MCDOWELL","BLUESTONE COAL CORPORATION","047","BIT","54","4603404     S     NO 32 MINE                                  MCDOWELL"]
[{"$nulls":9},"WV","4603430","P","LOWER BIG BRANCH IMPOUNDMENT","RALEIGH","PERFORMANCE COAL COMPANY","081","BIT","54",{"$f":"K2245&\"     \"&L2245&\"     \"&M2245&\"                                  \"&N2245","v":"4603430     P     LOWER BIG BRANCH IMPOUNDMENT                                  RALEIGH"}]
[{"$nulls":9},"WV","4603444","P","KEYSTONE NO 1 PREPARATION PLAN","MCDOWELL","KEYSTONE SERVICE INDUSTRIES, I","047","BIT","54","4603444     P     KEYSTONE NO 1 PREPARATION PLAN                                  MCDOWELL"]
[{"$nulls":9},"WV","4603755","P","LIBERTY PROCESSING","BOONE","INDEPENDENCE COAL COMPANY INC","005","BIT","54","4603755     P     LIBERTY PROCESSING                                  BOONE"]
[{"$nulls":9},"WV","4603933","P","PINEVILLE PROCESSING","WYOMING","SPARTAN MINING COMPANY INC.","109","BIT","54","4603933     P     PINEVILLE PROCESSING                                  WYOMING"]
[{"$nulls":9},"WV","4604168","U","SENTINEL MINE","BARBOUR","WOLF RUN MINING COMPANY","001","BIT","54","4604168     U     SENTINEL MINE                                  BARBOUR"]
[{"$nulls":9},"WV","4604236","U","MAPLE EAGLE NO 1 MINE","FAYETTE","MAPLE COAL CO","019","BIT","54","4604236     U     MAPLE EAGLE NO 1 MINE                                  FAYETTE"]
[{"$nulls":9},"WV","4604252","U","MINE NO 5","MCDOWELL","AUTHOR ENTERPRISES INC","047","BIT","54","4604252     U     MINE NO 5                                  MCDOWELL"]
[{"$nulls":9},"WV","4604315","P","ELK LICK TIPPLE","LOGAN","CLIFFS LOGAN COUNTY COAL, LLC","045","BIT","54","4604315     P     ELK LICK TIPPLE                                  LOGAN"]
[{"$nulls":9},"WV","4604343","P","KINGSTON PLANT","FAYETTE","KINGSTON PROCESSING INC","019","BIT","54","4604343     P     KINGSTON PLANT                                  FAYETTE"]
[{"$nulls":9},"WV","4604387","U","PRIME NO. 1 MINE","MONONGALIA","DANA MINING COMPANY LLC","061","BIT","54","4604387     U     PRIME NO. 1 MINE                                  MONONGALIA"]
[{"$nulls":9},"WV","4604637","S","KEPLER NO. 1 PREP PLANT","WYOMING","KEPLER PROCESSING COMPANY LLC","109","BIT","54","4604637     S     KEPLER NO. 1 PREP PLANT                                  WYOMING"]
[{"$nulls":9},"WV","4604669","P","ALEX ENERGY LOADOUT","LOGAN","ALEX ENERGY INC","045","BIT","54","4604669     P     ALEX ENERGY LOADOUT                                  LOGAN"]
[{"$nulls":9},"WV","4604670","S","HOBET 21 SURFACE MINE","BOONE","HOBET MINING LLC","005","BIT","54","4604670     S     HOBET 21 SURFACE MINE                                  BOONE"]
[{"$nulls":9},"WV","4604718","P","SLAUGHTER CREEK PREP PLANT","KANAWHA","HANOVER RESOURCES LLC","039","BIT","54","4604718     P     SLAUGHTER CREEK PREP PLANT                                  KANAWHA"]
[{"$nulls":9},"WV","4604734","S","CRAB ORCHARD TIPPLE","RALEIGH","KENTUCKY FUELS INC","081","BIT","54","4604734     S     CRAB ORCHARD TIPPLE                                  RALEIGH"]
[{"$nulls":9},"WV","4604955","U","NO. 25","BOONE","LONG BRANCH ENERGY","005","BIT","54","4604955     U     NO. 25                                  BOONE"]
[{"$nulls":9},"WV","4604993","S","EAST LYNN MINE","WAYNE","ALLIED COAL INC","099","BIT","54","4604993     S     EAST LYNN MINE                                  WAYNE"]
[{"$nulls":9},"WV","4605071","U","WHARTON NO 1 TUNNEL","BOONE","EASTERN ASSOCIATED COAL LLC","005","BIT","54","4605071     U     WHARTON NO 1 TUNNEL                                  BOONE"]
[{"$nulls":9},"WV","4605086","P","RUM CREEK PREPARATION PLANT","LOGAN","BANDMILL COAL CORP","045","BIT","54","4605086     P     RUM CREEK PREPARATION PLANT                                  LOGAN"]
[{"$nulls":9},"WV","4605121","U","CAMP CREEK MINE","WAYNE","ROCKSPRING DEVELOPMENT INC","099","BIT","54","4605121     U     CAMP CREEK MINE                                  WAYNE"]
[{"$nulls":9},"WV","4605130","U","SILVER OAK NO. 1","BOONE","HANOVER RESOURCES, LLC","005","BIT","54","4605130     U     SILVER OAK NO. 1                                  BOONE"]
[{"$nulls":9},"WV","4605145","P","MAPLE PREPARATION PLANT","FAYETTE","MAPLE COAL CO.","019","BIT","54","4605145     P     MAPLE PREPARATION PLANT                                  FAYETTE"]
[{"$nulls":9},"WV","4605238","P","RAWHIDE","UPSHUR","CHEYENNE SALES COMPANY INC","097","BIT","54","4605238     P     RAWHIDE                                  UPSHUR"]
[{"$nulls":9},"WV","4605252","U","BECKLEY POCAHONTAS MINE","RALEIGH","ICG BECKLEY LLC","081","BIT","54","4605252     U     BECKLEY POCAHONTAS MINE                                  RALEIGH"]
[{"$nulls":9},"WV","4605295","P","WELLS PREPARATION PLANT","BOONE","EASTERN ASSOCIATED COAL LLC","005","BIT","54","4605295     P     WELLS PREPARATION PLANT                                  BOONE"]
[{"$nulls":9},"WV","4605315","U","CAYMUS MINE","BOONE","HANOVER RESOURCES, LLC","005","BIT","54","4605315     U     CAYMUS MINE                                  BOONE"]
[{"$nulls":9},"WV","4605317","P","GOALS PREPARATION PLANT","RALEIGH","GOALS COAL COMPANY","081","BIT","54","4605317     P     GOALS PREPARATION PLANT                                  RALEIGH"]
[{"$nulls":9},"WV","4605368","P","SPROUSE CREEK PROCESSING COMPA","MINGO","RAWL SALES & PROCESSING COMPAN","059","BIT","54","4605368     P     SPROUSE CREEK PROCESSING COMPA                                  MINGO"]
[{"$nulls":9},"WV","4605382","S","CROWN HILL DOCK","KANAWHA","LAW RIVER COMPANY, LLC","039","BIT","54","4605382     S     CROWN HILL DOCK                                  KANAWHA"]
[{"$nulls":9},"WV","4605398","P","BETH STATION NO 79 PREP PLANT","BOONE","HOBET MINING LLC","005","BIT","54","4605398     P     BETH STATION NO 79 PREP PLANT                                  BOONE"]
[{"$nulls":9},"WV","4605403","P","NO 2 PREPARATION PLANT","GREENBRIER","GREEN VALLEY COAL COMPANY","025","BIT","54","4605403     P     NO 2 PREPARATION PLANT                                  GREENBRIER"]
[{"$nulls":9},"WV","4605437","U","AMERICAN EAGLE MINE","KANAWHA","SPEED MINING, LLC","039","BIT","54","4605437     U     AMERICAN EAGLE MINE                                  KANAWHA"]
[{"$nulls":9},"WV","4605449","P","AMONATE PREPARATION PLANT","MCDOWELL","CONSOLIDATION COAL COMPANY","047","BIT","54","4605449     P     AMONATE PREPARATION PLANT                                  MCDOWELL"]
[{"$nulls":9},"WV","4605472","S","COALBURG DOCK","KANAWHA","COALBURG CORP","039","BIT","54","4605472     S     COALBURG DOCK                                  KANAWHA"]
[{"$nulls":9},"WV","4605544","P","SAWMILL RUN PREPARATION PLANT","UPSHUR","WOLF RUN MINING COMPANY","097","BIT","54","4605544     P     SAWMILL RUN PREPARATION PLANT                                  UPSHUR"]
[{"$nulls":9},"WV","4605589","U","CRAWDAD NO 1 MINE","MONONGALIA","RED BONE MINING COMPANY","061","BIT","54","4605589     U     CRAWDAD NO 1 MINE                                  MONONGALIA"]
[{"$nulls":9},"WV","4605649","P","DELBARTON PREPARATION PLANT","MINGO","DELBARTON MINING COMPANY","059","BIT","54","4605649     P     DELBARTON PREPARATION PLANT                                  MINGO"]
[{"$nulls":9},"WV","4605737","U","VIKING #1","MCDOWELL","VIKING RESOURCES INC","047","BIT","54","4605737     U     VIKING #1                                  MCDOWELL"]
[{"$nulls":9},"WV","4605741","S","CACTUS RIDGE SURFACE MINE","MCDOWELL","EXTRA ENERGY, INC.","047","BIT","54","4605741     S     CACTUS RIDGE SURFACE MINE                                  MCDOWELL"]
[{"$nulls":9},"WV","4605823","S","UPSHUR COMPLEX","UPSHUR","UPSHUR PROPERTY INC","097","BIT","54","4605823     S     UPSHUR COMPLEX                                  UPSHUR"]
[{"$nulls":9},"WV","4605868","U","PINNACLE PREPARATION PLANT","WYOMING","PINNACLE MINING COMPANY LLC","109","BIT","54","4605868     U     PINNACLE PREPARATION PLANT                                  WYOMING"]
[{"$nulls":9},"WV","4605872","S","LITWAR PREPARATION PLANT","MCDOWELL","LITWAR PROCESSING COMPANY, LLC","047","BIT","54","4605872     S     LITWAR PREPARATION PLANT                                  MCDOWELL"]
[{"$nulls":9},"WV","4605890","P","MILLER CREEK PREPARATION PLANT","MINGO","CONSOL OF KENTUCKY INC","059","BIT","54","4605890     P     MILLER CREEK PREPARATION PLANT                                  MINGO"]
[{"$nulls":9},"WV","4605893","P","EDNA RUTH PREPARATION PLANT","WYOMING","TMR LOADING & PROCESSING CORP","109","BIT","54","4605893     P     EDNA RUTH PREPARATION PLANT                                  WYOMING"]
[{"$nulls":9},"WV","4605909","P","HOLDEN NO 22 PREPARATION PLANT","LOGAN","COAL MAC INC","045","BIT","54","4605909     P     HOLDEN NO 22 PREPARATION PLANT                                  LOGAN"]
[{"$nulls":9},"WV","4605978","U","BRONZITE III","MINGO","CONSOL OF KENTUCKY INC","059","BIT","54","4605978     U     BRONZITE III                                  MINGO"]
[{"$nulls":9},"WV","4605992","P","HOMER III PROCESSING","BOONE","INDEPENDENCE COAL COMPANY INC.","005","BIT","54","4605992     P     HOMER III PROCESSING                                  BOONE"]
[{"$nulls":9},"WV","4605995","S","PREPARATION PLANT NO 1","MONONGALIA","CORESCO LLC","061","BIT","54","4605995     S     PREPARATION PLANT NO 1                                  MONONGALIA"]
[{"$nulls":9},"WV","4606045","P","BROOKS RUN PROCESSING PLANT NO","WEBSTER","BROOKS RUN MINING COMPANY LLC","101","BIT","54","4606045     P     BROOKS RUN PROCESSING PLANT NO                                  WEBSTER"]
[{"$nulls":9},"WV","4606051","U","NO 130 MINE","KANAWHA","MAMMOTH COAL CO.","039","BIT","54","4606051     U     NO 130 MINE                                  KANAWHA"]
[{"$nulls":9},"WV","4606053","S","SHORT CREEK STRIP (PIT #2)","OHIO","RAYLE COAL COMPANY","069","BIT","54","4606053     S     SHORT CREEK STRIP (PIT #2)                                  OHIO"]
[{"$nulls":9},"WV","4606062","S","SAND PLANT #1","LINCOLN","BIG RIVERS COAL","043","BIT","54","4606062     S     SAND PLANT #1                                  LINCOLN"]
[{"$nulls":9},"WV","4606089","S","MINWAY SURFACE","MINGO","CONSOL OF KENTUCKY INC","059","BIT","54","4606089     S     MINWAY SURFACE                                  MINGO"]
[{"$nulls":9},"WV","4606188","P","CHESS PROCESSING","BOONE","ELK RUN COAL COMPANY INC","005","BIT","54","4606188     P     CHESS PROCESSING                                  BOONE"]
[{"$nulls":9},"WV","4606263","U","WYOMING NO 2","WYOMING","BROOKS RUN MINING COMPANY LLC","109","BIT","54","4606263     U     WYOMING NO 2                                  WYOMING"]
[{"$nulls":9},"WV","4606265","U","SEWELL MINE B","MCDOWELL","RAW COAL MINING COMPANY, INC.","047","BIT","54","4606265     U     SEWELL MINE B                                  MCDOWELL"]
[{"$nulls":9},"WV","4606272","S","NO 1A SURFACE MINE","BOONE","COLONY BAY COAL COMPANY","005","BIT","54","4606272     S     NO 1A SURFACE MINE                                  BOONE"]
[{"$nulls":9},"WV","4606330","P","BERYL TIPPLE","MINERAL","BERYL COAL COMPANY","057","BIT","54","4606330     P     BERYL TIPPLE                                  MINERAL"]
[{"$nulls":9},"WV","4606448","P","ROCKLICK PREPARATION PLANT","BOONE","EASTERN ASSOCIATED COAL LLC","005","BIT","54","4606448     P     ROCKLICK PREPARATION PLANT                                  BOONE"]
[{"$nulls":9},"WV","4606459","S","ROACH PLANT","CABELL","N & A DREDGING INC","011","BIT","54","4606459     S     ROACH PLANT                                  CABELL"]
[{"$nulls":9},"WV","4606497","S","ALLOY DOCK","FAYETTE","PERIAMA HANDLING, LLC","019","BIT","54","4606497     S     ALLOY DOCK                                  FAYETTE"]
[{"$nulls":9},"WV","4606532","P","TWIN BRANCH LOAD OUT","MINGO","TRACE CREEK COAL COMPANY","059","BIT","54","4606532     P     TWIN BRANCH LOAD OUT                                  MINGO"]
[{"$nulls":9},"WV","4606556","P","RIVER TERMINAL","MONONGALIA","CORESCO INC","061","BIT","54","4606556     P     RIVER TERMINAL                                  MONONGALIA"]
[{"$nulls":9},"WV","4606558","U","HIGHLAND COAL HANDLING FACILIT","LOGAN","HIGHLAND MINING COMPANY","045","BIT","54","4606558     U     HIGHLAND COAL HANDLING FACILIT                                  LOGAN"]
[{"$nulls":9},"WV","4606578","S","RED FOX SURFACE MINE","MCDOWELL","JUSTICE ENERGY COMPANY INC","047","BIT","54",{"$f":"K2309&\"     \"&L2309&\"     \"&M2309&\"                                  \"&N2309","v":"4606578     S     RED FOX SURFACE MINE                                  MCDOWELL"}]
[{"$nulls":9},"WV","4606609","S","SKYWAY II MINE","MCDOWELL","SKYWAY STRIP, INC","047","BIT","54","4606609     S     SKYWAY II MINE                                  MCDOWELL"]
[{"$nulls":9},"WV","4606618","U","GATEWAY EAGLE MINE","BOONE","GATEWAY EAGLE COAL COMPANY, LL","005","BIT","54","4606618     U     GATEWAY EAGLE MINE                                  BOONE"]
[{"$nulls":9},"WV","4606694","S","RIVER POINT DOCK","KANAWHA","RIVER POINT LLC","039","BIT","54","4606694     S     RIVER POINT DOCK                                  KANAWHA"]
[{"$nulls":9},"WV","4606736","P","STAR BRIDGE PREPARATION PLANT-","RANDOLPH","CARTER ROAG COAL COMPANY","083","BIT","54","4606736     P     STAR BRIDGE PREPARATION PLANT-                                  RANDOLPH"]
[{"$nulls":9},"WV","4606750","S","EAGLE CREEK NO 5 MINE","LOGAN","EAGLE CREEK MINING LLC","045","BIT","54","4606750     S     EAGLE CREEK NO 5 MINE                                  LOGAN"]
[{"$nulls":9},"WV","4606843","U","NO. 2 MINE","MCDOWELL","SALLY ANN COAL COMPANY INC","047","BIT","54","4606843     U     NO. 2 MINE                                  MCDOWELL"]
[{"$nulls":9},"WV","4606850","U","MINE NO 1","MCDOWELL","RESURRECTION COAL COMPANY, INC","047","BIT","54","4606850     U     MINE NO 1                                  MCDOWELL"]
[{"$nulls":9},"WV","4606870","S","NO 1 SURFACE","NICHOLAS","ALEX ENERGY INC","067","BIT","54","4606870     S     NO 1 SURFACE                                  NICHOLAS"]
[{"$nulls":9},"WV","4606880","P","POWER MOUNTAIN PROCESSING","NICHOLAS","POWER MOUNTAIN COAL COMPANY","067","BIT","54","4606880     P     POWER MOUNTAIN PROCESSING                                  NICHOLAS"]
[{"$nulls":9},"WV","4606904","P","MARION DOCKS","MARION","MARION DOCKS INC","049","WC","54","4606904     P     MARION DOCKS                                  MARION"]
[{"$nulls":9},"WV","4606904","P","MARION DOCKS","MARION","MARION DOCKS INC","049","BIT","54","4606904     P     MARION DOCKS                                  MARION"]
[{"$nulls":9},"WV","4606956","S","CHEYLAN DOCK","KANAWHA","MOUNTAIN EDGE MINING INC","039","BIT","54","4606956     S     CHEYLAN DOCK                                  KANAWHA"]
[{"$nulls":9},"WV","4607009","U","CASTLE MINE","BOONE","ELK RUN COAL COMPANY INC","005","BIT","54","4607009     U     CASTLE MINE                                  BOONE"]
[{"$nulls":9},"WV","4607014","P","HUGHES CREEK TERMINAL P-4","KANAWHA","FRASURE CREEK MINING LLC","039","BIT","54","4607014     P     HUGHES CREEK TERMINAL P-4                                  KANAWHA"]
[{"$nulls":9},"WV","4607058","S","HUFFMAN SURFACE MINE NO 1AND S","FAYETTE","MAPLE COAL CO.","019","BIT","54","4607058     S     HUFFMAN SURFACE MINE NO 1AND S                                  FAYETTE"]
[{"$nulls":9},"WV","4607085","S","RIDER #1","HARRISON","GOLD RESOURCES L L C","033","BIT","54","4607085     S     RIDER #1                                  HARRISON"]
[{"$nulls":9},"WV","4607157","P","HAYWOOD TIPPLE","HARRISON","UNITED INTERNATIONAL INC","033","BIT","54","4607157     P     HAYWOOD TIPPLE                                  HARRISON"]
[{"$nulls":9},"WV","4607165","S","NORTH SURFACE MINE","MINGO","ALEX ENERGY INC","059","BIT","54","4607165     S     NORTH SURFACE MINE                                  MINGO"]
[{"$nulls":9},"WV","4607178","S","SAMPLES MINE","KANAWHA","CATENARY COAL COMPANY LLC","039","BIT","54","4607178     S     SAMPLES MINE                                  KANAWHA"]
[{"$nulls":9},"WV","4607191","U","JOSEPHINE NO 2 MINE","RALEIGH","POCAHONTAS COAL COMPANY LLC","081","BIT","54","4607191     U     JOSEPHINE NO 2 MINE                                  RALEIGH"]
[{"$nulls":9},"WV","4607208","P","BLACK WOLF WASHER/LOADOUT","MCDOWELL","XMV, INC.","047","BIT","54","4607208     P     BLACK WOLF WASHER/LOADOUT                                  MCDOWELL"]
[{"$nulls":9},"WV","4607273","U","JUSTICE #1","BOONE","INDEPENDENCE COAL COMPANY INC","005","BIT","54","4607273     U     JUSTICE #1                                  BOONE"]
[{"$nulls":9},"WV","4607296","U","MINE NO 6","MCDOWELL","SHADY LANE COAL CORP","047","BIT","54","4607296     U     MINE NO 6                                  MCDOWELL"]
[{"$nulls":9},"WV","4607334","S","MEADOW CREEK MINERALS MINE","NICHOLAS","HANOVER RESOURCES LLC","067","BIT","54","4607334     S     MEADOW CREEK MINERALS MINE                                  NICHOLAS"]
[{"$nulls":9},"WV","4607355","S","BUCY JOB","MONONGALIA","SHAFER BROTHERS CONSTRUCTION I","061","BIT","54","4607355     S     BUCY JOB                                  MONONGALIA"]
[{"$nulls":9},"WV","4607355","S","BUCY JOB","MONONGALIA","SHAFER BROTHERS CONSTRUCTION I","061","WC","54","4607355     S     BUCY JOB                                  MONONGALIA"]
[{"$nulls":9},"WV","4607366","U","NO 1","MCDOWELL","SALLY ANN COAL COMPANY INC","047","BIT","54","4607366     U     NO 1                                  MCDOWELL"]
[{"$nulls":9},"WV","4607406","P","MINGO NO 1","MINGO","HAMPDEN COAL COMPANY LLC","059","BIT","54","4607406     P     MINGO NO 1                                  MINGO"]
[{"$nulls":9},"WV","4607437","U","EAGLE-MINE NO 1","LOGAN","ISLAND CREEK COAL COMPANY","045","BIT","54","4607437     U     EAGLE-MINE NO 1                                  LOGAN"]
[{"$nulls":9},"WV","4607458","P","DOCKS CREEK INC","WAYNE","DOCKS CREEK, LLC","099","BIT","54","4607458     P     DOCKS CREEK INC                                  WAYNE"]
[{"$nulls":9},"WV","4607484","S","PLANT #1","MINGO","COBRA NATURAL RESOURCES LLC","059","BIT","54","4607484     S     PLANT #1                                  MINGO"]
[{"$nulls":9},"WV","4607491","S","S-7 SURFACE MINE","FAYETTE","REVELATION ENERGY, LLC","019","BIT","54","4607491     S     S-7 SURFACE MINE                                  FAYETTE"]
[{"$nulls":9},"WV","4607509","S","AMHERST LOADING FACILITY","KANAWHA","AMHERST INDUSTRIES INC","039","BIT","54","4607509     S     AMHERST LOADING FACILITY                                  KANAWHA"]
[{"$nulls":9},"WV","4607537","S","FOURMILE FORK SURFACE MINE","FAYETTE","MAMMOTH COAL CO.","019","BIT","54","4607537     S     FOURMILE FORK SURFACE MINE                                  FAYETTE"]
[{"$nulls":9},"WV","4607545","S","MINE NO 1","MINGO","PREMIUM ENERGY LLC","059","BIT","54","4607545     S     MINE NO 1                                  MINGO"]
[{"$nulls":9},"WV","4607546","U","MINE NO 1 (1)","MCDOWELL","CAB B LEASING INC","047","BIT","54","4607546     U     MINE NO 1 (1)                                  MCDOWELL"]
[{"$nulls":9},"WV","4607547","P","WAYNE COUNTY RIVER TERMINAL","WAYNE","ARGUS ENERGY WV, LLC","099","BIT","54","4607547     P     WAYNE COUNTY RIVER TERMINAL                                  WAYNE"]
[{"$nulls":9},"WV","4607551","P","MINGO NO 2","MINGO","HAMPDEN COAL COMPANY LLC","059","BIT","54","4607551     P     MINGO NO 2                                  MINGO"]
[{"$nulls":9},"WV","4607554","U","#2 MINE","MCDOWELL","COAL AMERICA, INC.","047","BIT","54","4607554     U     #2 MINE                                  MCDOWELL"]
[{"$nulls":9},"WV","4607555","P","PATRIOT RAIL & RIVER TERMINAL","MONONGALIA","PATRIOT MINING COMPANY INC","061","BIT","54","4607555     P     PATRIOT RAIL & RIVER TERMINAL                                  MONONGALIA"]
[{"$nulls":9},"WV","4607555","P","PATRIOT RAIL & RIVER TERMINAL","MONONGALIA","PATRIOT MINING COMPANY INC","061","WC","54","4607555     P     PATRIOT RAIL & RIVER TERMINAL                                  MONONGALIA"]
[{"$nulls":9},"WV","4607562","U","MINE NO 1","MCDOWELL","DOUBLE TAKE MINING COMPANY INC","047","BIT","54","4607562     U     MINE NO 1                                  MCDOWELL"]
[{"$nulls":9},"WV","4607582","U","MINE NO 20","MCDOWELL","ALPINE DEVELOPMENT COMPANY","047","BIT","54","4607582     U     MINE NO 20                                  MCDOWELL"]
[{"$nulls":9},"WV","4607654","S","PATRIOT MINING COMPANY INC","MONONGALIA","PATRIOT MINING COMPANY INC","061","BIT","54","4607654     S     PATRIOT MINING COMPANY INC                                  MONONGALIA"]
[{"$nulls":9},"WV","4607667","U","MINE NO 64","GREENBRIER","ROYAL SCOT MINERALS INC","025","BIT","54","4607667     U     MINE NO 64                                  GREENBRIER"]
[{"$nulls":9},"WV","4607680","S","NO. 8 LOADOUT","MCDOWELL","XMV, INC.","047","BIT","54","4607680     S     NO. 8 LOADOUT                                  MCDOWELL"]
[{"$nulls":9},"WV","4607695","S","LOWER PETE BRANCH ALMA MINE","MINGO","CHAFIN BRANCH COAL CO LLC","059","BIT","54","4607695     S     LOWER PETE BRANCH ALMA MINE                                  MINGO"]
[{"$nulls":9},"WV","4607711","U","MINE NO 1","BOONE","EAGLE ENERGY INC","005","BIT","54","4607711     U     MINE NO 1                                  BOONE"]
[{"$nulls":9},"WV","4607736","S","QUINCY DOCK","KANAWHA","KANAWHA RIVER TERMINALS LLC","039","BIT","54","4607736     S     QUINCY DOCK                                  KANAWHA"]
[{"$nulls":9},"WV","4607809","P","KIAH CREEK PREPARATION PLANT","WAYNE","ARGUS ENERGY WV LLC","099","BIT","54","4607809     P     KIAH CREEK PREPARATION PLANT                                  WAYNE"]
[{"$nulls":9},"WV","4607837","P","DOBBIN RIDGE PREP PLANT","GRANT","VINDEX ENERGY CORPORATION","023","BIT","54","4607837     P     DOBBIN RIDGE PREP PLANT                                  GRANT"]
[{"$nulls":9},"WV","4607852","P","BIG CREEK WASHER","MCDOWELL","BAYSTAR COAL COMPANY INC","047","BIT","54","4607852     P     BIG CREEK WASHER                                  MCDOWELL"]
[{"$nulls":9},"WV","4607897","P","DINGESS PROCESSING COMPLEX","MINGO","ARACOMA COAL COMPANY","059","BIT","54","4607897     P     DINGESS PROCESSING COMPLEX                                  MINGO"]
[{"$nulls":9},"WV","4607908","U","BIG MOUNTAIN NO 16","BOONE","PINE RIDGE COAL COMPANY LLC","005","BIT","54","4607908     U     BIG MOUNTAIN NO 16                                  BOONE"]
[{"$nulls":9},"WV","4607934","S","BIG CREEK NO 2 SURFACE MINE","FAYETTE","MAMMOTH COAL CO","019","BIT","54","4607934     S     BIG CREEK NO 2 SURFACE MINE                                  FAYETTE"]
[{"$nulls":9},"WV","4607938","S","BLACK CASTLE MINING CO","BOONE","ELK RUN COAL CO.","005","BIT","54","4607938     S     BLACK CASTLE MINING CO                                  BOONE"]
[{"$nulls":9},"WV","4607945","S","BIRCH RIVER MINE","WEBSTER","ICG EASTERN LLC","101","BIT","54","4607945     S     BIRCH RIVER MINE                                  WEBSTER"]
[{"$nulls":9},"WV","4607946","P","CYRUS DOCK","WAYNE","LDH ENERGY CYRUS RIVER TERMINA","099","BIT","54","4607946     P     CYRUS DOCK                                  WAYNE"]
[{"$nulls":9},"WV","4607950","P","PREP PLANT","MINGO","GREYEAGLE COAL COMPANY","059","BIT","54","4607950     P     PREP PLANT                                  MINGO"]
[{"$nulls":9},"WV","4607968","P","ALLOY PREP PLANT #1","FAYETTE","APPALACHIAN FUELS","019","BIT","54","4607968     P     ALLOY PREP PLANT #1                                  FAYETTE"]
[{"$nulls":9},"WV","4607983","U","POSTAR NO 1 MINE","MCDOWELL","RIVERSIDE ENERGY COMPANY, LLC","047","BIT","54","4607983     U     POSTAR NO 1 MINE                                  MCDOWELL"]
[{"$nulls":9},"WV","4607985","P","BLACK BEAR PREPARATION PLANT","MINGO","COBRA NATURAL RESOURCES LLC","059","BIT","54","4607985     P     BLACK BEAR PREPARATION PLANT                                  MINGO"]
[{"$nulls":9},"WV","4607999","S","JACOBS FORK LOAD-OUT","MCDOWELL","BAY STAR COAL COMPANY INC","047","BIT","54","4607999     S     JACOBS FORK LOAD-OUT                                  MCDOWELL"]
[{"$nulls":9},"WV","4608008","S","ODELL PROCESSING LAUREL LOADOU","LOGAN","ODELL PROCESSING INC","045","BIT","54",{"$f":"K2373&\"     \"&L2373&\"     \"&M2373&\"                                  \"&N2373","v":"4608008     S     ODELL PROCESSING LAUREL LOADOU                                  LOGAN"}]
[{"$nulls":9},"WV","4608019","U","NO 1","MINGO","ARACOMA COAL COMPANY","059","BIT","54","4608019     U     NO 1                                  MINGO"]
[{"$nulls":9},"WV","4608030","P","CAMP CREEK PROCESSING","WAYNE","ROCKSPRING DEVELOPMENT INC","099","BIT","54","4608030     P     CAMP CREEK PROCESSING                                  WAYNE"]
[{"$nulls":9},"WV","4608048","U","CHEROKEE MINE","MCDOWELL","RIVERSIDE ENERGY COMPANY, LLC","047","BIT","54","4608048     U     CHEROKEE MINE                                  MCDOWELL"]
[{"$nulls":9},"WV","4608108","P","BLUE PENNANT TRANSFER","BOONE","ELK RUN COAL COMPANY INC","005","BIT","54","4608108     P     BLUE PENNANT TRANSFER                                  BOONE"]
[{"$nulls":9},"WV","4608110","S","MAMMOTH COAL CO. SURFACE MINE","KANAWHA","MAMMOTH COAL CO.","039","BIT","54","4608110     S     MAMMOTH COAL CO. SURFACE MINE                                  KANAWHA"]
[{"$nulls":9},"WV","4608122","P","GLEN ALUM PLANT","MINGO","KWV OPERATIONS","059","BIT","54","4608122     P     GLEN ALUM PLANT                                  MINGO"]
[{"$nulls":9},"WV","4608131","U","MINE NO. 35","MCDOWELL","XMV, INC.","047","BIT","54","4608131     U     MINE NO. 35                                  MCDOWELL"]
[{"$nulls":9},"WV","4608137","U","#1 MINE","MCDOWELL","COAL AMERICA, INC.","047","BIT","54","4608137     U     #1 MINE                                  MCDOWELL"]
[{"$nulls":9},"WV","4608138","P","CENTURY 101","BARBOUR","ENERGY MARKETING CO INC","001","BIT","54","4608138     P     CENTURY 101                                  BARBOUR"]
[{"$nulls":9},"WV","4608146","S","CAMPBELLS CREEK SURFACE FACILI","KANAWHA","MIDLAND TRAIL ENERGY LLC","039","BIT","54","4608146     S     CAMPBELLS CREEK SURFACE FACILI                                  KANAWHA"]
[{"$nulls":9},"WV","4608155","S","LILLY FORK SURFACE MINE","NICHOLAS","PEERLESS EAGLE COAL COMPANY","067","BIT","54","4608155     S     LILLY FORK SURFACE MINE                                  NICHOLAS"]
[{"$nulls":9},"WV","4608159","U","STOCKTON MINE","KANAWHA","MAMMOTH COAL CO.","039","BIT","54","4608159     U     STOCKTON MINE                                  KANAWHA"]
[{"$nulls":9},"WV","4608172","P","WINOC PREPARATION PLANT","CLAY","FOLA COAL COMPANY LLC","015","BIT","54","4608172     P     WINOC PREPARATION PLANT                                  CLAY"]
[{"$nulls":9},"WV","4608194","U","PLEASANT HILL MINE","RANDOLPH","CARTER ROAG COAL COMPANY","083","BIT","54","4608194     U     PLEASANT HILL MINE                                  RANDOLPH"]
[{"$nulls":9},"WV","4608224","U","NO 6","MINGO","ARACOMA COAL COMPANY INC","059","BIT","54","4608224     U     NO 6                                  MINGO"]
[{"$nulls":9},"WV","4608249","S","SURFACE NO 1","LOGAN","STOLLINGS TRUCKING CO., INC.","045","BIT","54","4608249     S     SURFACE NO 1                                  LOGAN"]
[{"$nulls":9},"WV","4608251","U","MINE NO 1","MCDOWELL","HILO ENERGY CORP","047","BIT","54","4608251     U     MINE NO 1                                  MCDOWELL"]
[{"$nulls":9},"WV","4608254","S","HOG LICK QUARRY","MARION","SUNSHINE RECLAMATION INC","049","BIT","54","4608254     S     HOG LICK QUARRY                                  MARION"]
[{"$nulls":9},"WV","4608263","S","TOWER MOUNTAIN","LOGAN","BANDMILL COAL CORP","045","BIT","54","4608263     S     TOWER MOUNTAIN                                  LOGAN"]
[{"$nulls":9},"WV","4608264","S","GRANT TOWN POWER PLANT","MARION","AMERICAN BITUMINOUS POWER PART","049","BIT","54","4608264     S     GRANT TOWN POWER PLANT                                  MARION"]
[{"$nulls":9},"WV","4608266","U","JOSEPHINE NO 3 MINE","RALEIGH","POCAHONTAS COAL COMPANY LLC","081","BIT","54","4608266     U     JOSEPHINE NO 3 MINE                                  RALEIGH"]
[{"$nulls":9},"WV","4608268","U","NO. 6","LOGAN","ROCKHOUSE CREEK DEVELOPMENT LL","045","BIT","54","4608268     U     NO. 6                                  LOGAN"]
[{"$nulls":9},"WV","4608278","S","ROADFORK LOADOUT","MCDOWELL","PRIME PROCESSING INC","047","BIT","54","4608278     S     ROADFORK LOADOUT                                  MCDOWELL"]
[{"$nulls":9},"WV","4608279","S","ANNA BRANCH SURFACE MINE","LOGAN","MOUNTAIN RECLAMATION & CONSTRU","045","BIT","54","4608279     S     ANNA BRANCH SURFACE MINE                                  LOGAN"]
[{"$nulls":9},"WV","4608297","U","WHITE QUEEN","RALEIGH","MARFORK COAL COMPANY INC","081","BIT","54","4608297     U     WHITE QUEEN                                  RALEIGH"]
[{"$nulls":9},"WV","4608305","U","#18 TUNNEL MINE","BOONE","LONG BRANCH ENERGY","005","BIT","54","4608305     U     #18 TUNNEL MINE                                  BOONE"]
[{"$nulls":9},"WV","4608309","U","UPPER CEDAR GROVE MINE NO 3","MINGO","GLEN ALUM OPERATIONS, LLC","059","BIT","54","4608309     U     UPPER CEDAR GROVE MINE NO 3                                  MINGO"]
[{"$nulls":9},"WV","4608312","S","MINGO NO 3","MINGO","HAMPDEN COAL COMPANY LLC","059","BIT","54","4608312     S     MINGO NO 3                                  MINGO"]
[{"$nulls":9},"WV","4608315","U","BRUSHY EAGLE","RALEIGH","MARFORK COAL COMPANY INC","081","BIT","54","4608315     U     BRUSHY EAGLE                                  RALEIGH"]
[{"$nulls":9},"WV","4608364","P","BAYBECK PREPARATION PLANT","RALEIGH","WOLF RUN MINING COMPANY","081","BIT","54","4608364     P     BAYBECK PREPARATION PLANT                                  RALEIGH"]
[{"$nulls":9},"WV","4608365","U","GRASSY CREEK NO 1","NICHOLAS","WHITE BUCK COAL COMPANY","067","BIT","54","4608365     U     GRASSY CREEK NO 1                                  NICHOLAS"]
[{"$nulls":9},"WV","4608374","P","MARFORK PROCESSING","RALEIGH","MARFORK COAL COMPANY INC","081","BIT","54","4608374     P     MARFORK PROCESSING                                  RALEIGH"]
[{"$nulls":9},"WV","4608375","U","MINE NO 1","MCDOWELL","R & C LEASING COMPANY INC","047","BIT","54","4608375     U     MINE NO 1                                  MCDOWELL"]
[{"$nulls":9},"WV","4608376","P","PEACH ORCHARD PREP PLANT & LD","CLAY","FOLA COAL COMPANY LLC","015","BIT","54","4608376     P     PEACH ORCHARD PREP PLANT & LD                                  CLAY"]
[{"$nulls":9},"WV","4608377","S","SURFACE MINE NO 2","CLAY","FOLA COAL COMPANY LLC","015","BIT","54","4608377     S     SURFACE MINE NO 2                                  CLAY"]
[{"$nulls":9},"WV","4608383","U","LAUREL EAGLE","RALEIGH","ELK RUN COAL COMPANY INC","081","BIT","54","4608383     U     LAUREL EAGLE                                  RALEIGH"]
[{"$nulls":9},"WV","4608384","U","SENG CREEK POWELLTON","BOONE","ELK RUN COAL COMPANY INC","005","BIT","54","4608384     U     SENG CREEK POWELLTON                                  BOONE"]
[{"$nulls":9},"WV","4608387","U","LAUREL CREEK/SPIRIT MINE","BOONE","SPARTAN MINING COMPANY","005","BIT","54","4608387     U     LAUREL CREEK/SPIRIT MINE                                  BOONE"]
[{"$nulls":9},"WV","4608390","P","BIRCH RIVER PLANT","WEBSTER","ICG EASTERN LLC","101","BIT","54","4608390     P     BIRCH RIVER PLANT                                  WEBSTER"]
[{"$nulls":9},"WV","4608396","S","FLAG RUN MINE","HARRISON","CLUB COAL INC","033","BIT","54","4608396     S     FLAG RUN MINE                                  HARRISON"]
[{"$nulls":9},"WV","4608402","U","BLACK KNIGHT II","BOONE","ELK RUN COAL COMPANY INC","005","BIT","54","4608402     U     BLACK KNIGHT II                                  BOONE"]
[{"$nulls":9},"WV","4608419","U","MINE NO. 3","MCDOWELL","RESURRECTION COAL COMPANY, INC","047","BIT","54","4608419     U     MINE NO. 3                                  MCDOWELL"]
[{"$nulls":9},"WV","4608421","S","NO 6 LOADOUT","MCDOWELL","WESTWOOD MINING COMPANY INC","047","BIT","54","4608421     S     NO 6 LOADOUT                                  MCDOWELL"]
[{"$nulls":9},"WV","4608429","U","CANDICE 2","BOONE","LONG BRANCH ENERGY","005","BIT","54","4608429     U     CANDICE 2                                  BOONE"]
[{"$nulls":9},"WV","4608436","U","UPPER BIG BRANCH MINE-SOUTH","RALEIGH","PERFORMANCE COAL COMPANY","081","BIT","54","4608436     U     UPPER BIG BRANCH MINE-SOUTH                                  RALEIGH"]
[{"$nulls":9},"WV","4608438","S","ALPHEUS REFUSE SITE","MCDOWELL","GREENFIELDS COAL COMPANY, LLC","047","BIT","54","4608438     S     ALPHEUS REFUSE SITE                                  MCDOWELL"]
[{"$nulls":9},"WV","4608440","U","TWIN PEAKS","MCDOWELL","ALPINE DEVELOPMENT COMPANY","047","BIT","54","4608440     U     TWIN PEAKS                                  MCDOWELL"]
[{"$nulls":9},"WV","4608444","U","MINE NO 1","MCDOWELL","COBRA MINING INC","047","BIT","54","4608444     U     MINE NO 1                                  MCDOWELL"]
[{"$nulls":9},"WV","4608465","P","TOMS FORK LOADOUT","KANAWHA","COYOTE COAL COMPANY LLC","039","BIT","54","4608465     P     TOMS FORK LOADOUT                                  KANAWHA"]
[{"$nulls":9},"WV","4608479","U","EUNICE EAGLE","BOONE","ELK RUN COAL COMPANY INC","005","BIT","54","4608479     U     EUNICE EAGLE                                  BOONE"]
[{"$nulls":9},"WV","4608483","S","GYPSY NO. L GOBPILE","HARRISON","TARA CORPORATION","033","BIT","54","4608483     S     GYPSY NO. L GOBPILE                                  HARRISON"]
[{"$nulls":9},"WV","4608495","S","AUGER #1","HAMPSHIRE","J & L AUGER INC","027","BIT","54","4608495     S     AUGER #1                                  HAMPSHIRE"]
[{"$nulls":9},"WV","4608509","U","MINE NO 20 (3)","WYOMING","LONG BRANCH ENERGY","109","BIT","54","4608509     U     MINE NO 20 (3)                                  WYOMING"]
[{"$nulls":9},"WV","4608513","U","JACK'S BRANCH BUFFALO CREEK","BOONE","SPARTAN MINING COMPANY","005","BIT","54","4608513     U     JACK'S BRANCH BUFFALO CREEK                                  BOONE"]
[{"$nulls":9},"WV","4608518","U","MINE NO 2","MCDOWELL","C J & L MINING INC","047","BIT","54","4608518     U     MINE NO 2                                  MCDOWELL"]
[{"$nulls":9},"WV","4608539","S","UPPER BIG BRANCH RAW COAL FACI","RALEIGH","PERFORMANCE COAL COMPANY","081","BIT","54","4608539     S     UPPER BIG BRANCH RAW COAL FACI                                  RALEIGH"]
[{"$nulls":9},"WV","4608549","S","WEST CAZY SURFACE MINE","BOONE","ENDURANCE MINING","005","BIT","54","4608549     S     WEST CAZY SURFACE MINE                                  BOONE"]
[{"$nulls":9},"WV","4608551","U","MARSH FORK MINE","RALEIGH","MARFORK COAL COMPANY INC","081","BIT","54","4608551     U     MARSH FORK MINE                                  RALEIGH"]
[{"$nulls":9},"WV","4608553","U","BLACK KING I  NORTH PORTAL","BOONE","ELK RUN COAL COMPANY INC","005","BIT","54","4608553     U     BLACK KING I  NORTH PORTAL                                  BOONE"]
[{"$nulls":9},"WV","4608563","P","RAGLAND LOADOUT","MINGO","PHOENIX COAL-MAC MINING INC","059","BIT","54","4608563     P     RAGLAND LOADOUT                                  MINGO"]
[{"$nulls":9},"WV","4608570","U","COALBURG NO 2 MINE","LOGAN","RIO GROUP, INC.","045","BIT","54","4608570     U     COALBURG NO 2 MINE                                  LOGAN"]
[{"$nulls":9},"WV","4608571","P","COAL CLEAN LLC","KANAWHA","COAL CLEAN LLC","039","BIT","54","4608571     P     COAL CLEAN LLC                                  KANAWHA"]
[{"$nulls":9},"WV","4608577","U","JIMS BRANCH NO 2","WYOMING","CHIEF MINING INC","109","BIT","54","4608577     U     JIMS BRANCH NO 2                                  WYOMING"]
[{"$nulls":9},"WV","4608581","U","MINE NO. 1","MCDOWELL","TRIPLE G COAL COMPANY, INC.","047","BIT","54",{"$f":"K2437&\"     \"&L2437&\"     \"&M2437&\"                                  \"&N2437","v":"4608581     U     MINE NO. 1                                  MCDOWELL"}]
[{"$nulls":9},"WV","4608582","S","PAYNTER BRANCH SURFACE MINE","WYOMING","SIMMONS FORK MINING INCORPORAT","109","BIT","54","4608582     S     PAYNTER BRANCH SURFACE MINE                                  WYOMING"]
[{"$nulls":9},"WV","4608584","S","HOLDEN NO 22 SURFACE MINE","LOGAN","RIO GROUP INC","045","BIT","54","4608584     S     HOLDEN NO 22 SURFACE MINE                                  LOGAN"]
[{"$nulls":9},"WV","4608596","S","FOURMILE FORK","KANAWHA","PRITCHARD MINING CO INC.","039","BIT","54","4608596     S     FOURMILE FORK                                  KANAWHA"]
[{"$nulls":9},"WV","4608599","U","LAUREL POWELLTON","RALEIGH","ELK RUN COAL COMPANY INC","081","BIT","54","4608599     U     LAUREL POWELLTON                                  RALEIGH"]
[{"$nulls":9},"WV","4608608","S","FOLA AUGER","FAYETTE","BUNDY AUGER MINING INC","019","BIT","54","4608608     S     FOLA AUGER                                  FAYETTE"]
[{"$nulls":9},"WV","4608610","U","MATEWAN TUNNEL","BOONE","EASTERN ASSOCIATED COAL LLC","005","BIT","54","4608610     U     MATEWAN TUNNEL                                  BOONE"]
[{"$nulls":9},"WV","4608619","S","PAGETON REFUSE IMPOUNDMENT","MCDOWELL","DEEPGREEN WEST VIRGINIA INC","047","BIT","54","4608619     S     PAGETON REFUSE IMPOUNDMENT                                  MCDOWELL"]
[{"$nulls":9},"WV","4608623","U","BROCK NO. 4","FAYETTE","BROCK MINING, INC.","019","BIT","54","4608623     U     BROCK NO. 4                                  FAYETTE"]
[{"$nulls":9},"WV","4608624","U","BROCK NO. 5","FAYETTE","BROCK MINING, INC.","019","BIT","54","4608624     U     BROCK NO. 5                                  FAYETTE"]
[{"$nulls":9},"WV","4608625","U","KINGSTON NO 1","FAYETTE","KINGSTON MINING, INC.","019","BIT","54","4608625     U     KINGSTON NO 1                                  FAYETTE"]
[{"$nulls":9},"WV","4608626","P","THACKER PREPARATION PLANT","MINGO","CENTRAL APPALACHIA MINING LLC","059","BIT","54","4608626     P     THACKER PREPARATION PLANT                                  MINGO"]
[{"$nulls":9},"WV","4608627","S","NO 1","MINGO","RED OAK INC","059","BIT","54","4608627     S     NO 1                                  MINGO"]
[{"$nulls":9},"WV","4608632","S","NO 9 SURFACE","MINGO","WHITE FLAME ENERGY, INC","059","BIT","54","4608632     S     NO 9 SURFACE                                  MINGO"]
[{"$nulls":9},"WV","4608636","U","NO. 2","LOGAN","ROCKHOUSE CREEK DEVELOPMENT LL","045","BIT","54","4608636     U     NO. 2                                  LOGAN"]
[{"$nulls":9},"WV","4608637","U","MINE NO 23","BOONE","LONG BRANCH ENERGY","005","BIT","54","4608637     U     MINE NO 23                                  BOONE"]
[{"$nulls":9},"WV","4608642","U","MINE NO 3","MCDOWELL","LITWAR ENERGY INC","047","BIT","54","4608642     U     MINE NO 3                                  MCDOWELL"]
[{"$nulls":9},"WV","4608645","S","TWILIGHT MTR SURFACE MINE","BOONE","PROGRESS COAL","005","BIT","54","4608645     S     TWILIGHT MTR SURFACE MINE                                  BOONE"]
[{"$nulls":9},"WV","4608646","U","MINE NO 3","MCDOWELL","ROCK N ROLL COAL COMPANY INC","047","BIT","54","4608646     U     MINE NO 3                                  MCDOWELL"]
[{"$nulls":9},"WV","4608647","S","ECKMAN SURFACE MINE","MCDOWELL","EXTRA ENERGY, INC.","047","BIT","54","4608647     S     ECKMAN SURFACE MINE                                  MCDOWELL"]
[{"$nulls":9},"WV","4608650","U","NO. 13-A MINE","BOONE","LONG BRANCH ENERGY","005","BIT","54","4608650     U     NO. 13-A MINE                                  BOONE"]
[{"$nulls":9},"WV","4608651","U","LEFT FORK DEEP MINE NO 7","RANDOLPH","CARTER ROAG COAL COMPANY","083","BIT","54","4608651     U     LEFT FORK DEEP MINE NO 7                                  RANDOLPH"]
[{"$nulls":9},"WV","4608653","U","HERNSHAW NO 1","BOONE","JUPITER HOLDINGS LLC","005","BIT","54","4608653     U     HERNSHAW NO 1                                  BOONE"]
[{"$nulls":9},"WV","4608654","U","HERNSHAW NO 2","BOONE","JUPITER HOLDINGS LLC","005","BIT","54","4608654     U     HERNSHAW NO 2                                  BOONE"]
[{"$nulls":9},"WV","4608655","U","TUNNEL MINE","RALEIGH","INDEPENDENCE COAL COMPANY INCO","081","BIT","54","4608655     U     TUNNEL MINE                                  RALEIGH"]
[{"$nulls":9},"WV","4608656","U","MORGAN CAMP MINE","RANDOLPH","CARTER ROAG COAL COMPANY","083","BIT","54","4608656     U     MORGAN CAMP MINE                                  RANDOLPH"]
[{"$nulls":9},"WV","4608658","U","FOLA EAGLE DEEP MINE NO. 1","CLAY","FOLA COAL COMPANY, INC.","015","BIT","54","4608658     U     FOLA EAGLE DEEP MINE NO. 1                                  CLAY"]
[{"$nulls":9},"WV","4608659","U","MINE NO. 32","MCDOWELL","GLOW WORM COAL COMPANY","047","BIT","54","4608659     U     MINE NO. 32                                  MCDOWELL"]
[{"$nulls":9},"WV","4608675","S","CROOKED RUN SURFACE MINE","NICHOLAS","ATLANTIC LEASECO, LLC","067","BIT","54","4608675     S     CROOKED RUN SURFACE MINE                                  NICHOLAS"]
[{"$nulls":9},"WV","4608676","U","LICK BRANCH MINE NO 2","FAYETTE","LITTLE EAGLE COAL COMPANY LLC","019","BIT","54","4608676     U     LICK BRANCH MINE NO 2                                  FAYETTE"]
[{"$nulls":9},"WV","4608683","S","RED CEDAR SURFACE MINE","BOONE","ENDURANCE MINING","005","BIT","54","4608683     S     RED CEDAR SURFACE MINE                                  BOONE"]
[{"$nulls":9},"WV","4608684","S","NO 34 MINE","WYOMING","BLUESTONE COAL CORPORATION","109","BIT","54","4608684     S     NO 34 MINE                                  WYOMING"]
[{"$nulls":9},"WV","4608685","P","REMINGTON PREPARATION PLANT","KANAWHA","WEATHERBY PROCESSING, LLC","039","BIT","54","4608685     P     REMINGTON PREPARATION PLANT                                  KANAWHA"]
[{"$nulls":9},"WV","4608693","S","FREEZE FORK SURFACE MINE","LOGAN","HIGHLAND MINING COMPANY","045","BIT","54","4608693     S     FREEZE FORK SURFACE MINE                                  LOGAN"]
[{"$nulls":9},"WV","4608695","U","MIDLAND TRAIL MINE NO. 3","GREENBRIER","WEST VIRGINIA MINE POWER, INC","025","BIT","54","4608695     U     MIDLAND TRAIL MINE NO. 3                                  GREENBRIER"]
[{"$nulls":9},"WV","4608700","S","CONSTITUTION SURFACE MINE","BOONE","INDEPENDENCE COAL COMPANY INC","005","BIT","54","4608700     S     CONSTITUTION SURFACE MINE                                  BOONE"]
[{"$nulls":9},"WV","4608704","S","COPLEY TRACE SURFACE MINE","WAYNE","ARGUS ENERGY WV LLC","099","BIT","54","4608704     S     COPLEY TRACE SURFACE MINE                                  WAYNE"]
[{"$nulls":9},"WV","4608715","U","POND CREEK MINE NO. 1","MINGO","GLEN ALUM OPERATIONS, LLC","059","BIT","54","4608715     U     POND CREEK MINE NO. 1                                  MINGO"]
[{"$nulls":9},"WV","4608716","S","TAMS","RALEIGH","KENTUCKY FUEL CORPORATION","081","BIT","54","4608716     S     TAMS                                  RALEIGH"]
[{"$nulls":9},"WV","4608730","U","MOUNTAINEER ALMA A MINE","MINGO","COBRA NATURAL RESOURCES LLC","059","BIT","54","4608730     U     MOUNTAINEER ALMA A MINE                                  MINGO"]
[{"$nulls":9},"WV","4608731","U","SUGAR CAMP MINE","RALEIGH","ESSENTIAL FUELS INC.","081","BIT","54","4608731     U     SUGAR CAMP MINE                                  RALEIGH"]
[{"$nulls":9},"WV","4608735","U","ALLEGIANCE MINE","BOONE","INDEPENDENCE COAL COMPANY INC","005","BIT","54","4608735     U     ALLEGIANCE MINE                                  BOONE"]
[{"$nulls":9},"WV","4608738","U","DIAMOND ENERGY","LOGAN","SPARTAN MINING COMPANY INC","045","BIT","54","4608738     U     DIAMOND ENERGY                                  LOGAN"]
[{"$nulls":9},"WV","4608752","P","FORK CREEK PREP PLANT","LINCOLN","COAL RIVER PROCESSING LLC","043","BIT","54","4608752     P     FORK CREEK PREP PLANT                                  LINCOLN"]
[{"$nulls":9},"WV","4608753","P","WHITETAIL PREPARATION FACILITY","PRESTON","KINGWOOD MINING COMPANY LLC","077","BIT","54","4608753     P     WHITETAIL PREPARATION FACILITY                                  PRESTON"]
[{"$nulls":9},"WV","4608756","U","PLUM MINE","PRESTON","DOUBLE H MINING CO INC","077","BIT","54","4608756     U     PLUM MINE                                  PRESTON"]
[{"$nulls":9},"WV","4608758","U","EAGLE #1","RALEIGH","RHINO EASTERN LLC","081","BIT","54","4608758     U     EAGLE #1                                  RALEIGH"]
[{"$nulls":9},"WV","4608759","U","EAGLE MINE","KANAWHA","NEWTOWN ENERGY INC","039","BIT","54","4608759     U     EAGLE MINE                                  KANAWHA"]
[{"$nulls":9},"WV","4608762","U","POWELLTON TUNNEL","BOONE","EASTERN ASSOCIATED COAL LLC","005","BIT","54","4608762     U     POWELLTON TUNNEL                                  BOONE"]
[{"$nulls":9},"WV","4608763","U","FORK CREEK NO 1","LINCOLN","COAL RIVER MINING LLC","043","BIT","54","4608763     U     FORK CREEK NO 1                                  LINCOLN"]
[{"$nulls":9},"WV","4608767","U","ALMA NO 3","BOONE","HOBET MINING INC","005","BIT","54","4608767     U     ALMA NO 3                                  BOONE"]
[{"$nulls":9},"WV","4608769","U","BUCKEYE MINE","MCDOWELL","NUFAC MINING COMPANY, INC.","047","BIT","54","4608769     U     BUCKEYE MINE                                  MCDOWELL"]
[{"$nulls":9},"WV","4608772","U","DEEP MINE NO 7","WAYNE","ARGUS ENERGY WV LLC","099","BIT","54","4608772     U     DEEP MINE NO 7                                  WAYNE"]
[{"$nulls":9},"WV","4608777","P","SENTINEL PREPARATION PLANT","BARBOUR","WOLF RUN MINING COMPANY","001","BIT","54","4608777     P     SENTINEL PREPARATION PLANT                                  BARBOUR"]
[{"$nulls":9},"WV","4608778","U","NO 3","MINGO","ROCKHOUSE CREEK DEVELOPMENT LL","059","BIT","54","4608778     U     NO 3                                  MINGO"]
[{"$nulls":9},"WV","4608783","P","MIDLAND TRAIL NO. 1 PLANT","GREENBRIER","WEST VIRGINIA MINE POWER, INC","025","BIT","54","4608783     P     MIDLAND TRAIL NO. 1 PLANT                                  GREENBRIER"]
[{"$nulls":9},"WV","4608787","U","JERRY FORK EAGLE","NICHOLAS","ALEX ENERGY INC","067","BIT","54","4608787     U     JERRY FORK EAGLE                                  NICHOLAS"]
[{"$nulls":9},"WV","4608789","S","TRACE FORK SURFACE MINE","LOGAN","ALEX ENERGY INC","045","BIT","54","4608789     S     TRACE FORK SURFACE MINE                                  LOGAN"]
[{"$nulls":9},"WV","4608795","S","JENKIN JONES COAL SLURRY AND R","MCDOWELL","B & J TRUCKING","047","BIT","54","4608795     S     JENKIN JONES COAL SLURRY AND R                                  MCDOWELL"]
[{"$nulls":9},"WV","4608799","S","ADDCAR SYSTEM 11 HWM SERIAL NO","GREENBRIER","ICG ADDCAR SYSTEMS LLC","025","BIT","54","4608799     S     ADDCAR SYSTEM 11 HWM SERIAL NO                                  GREENBRIER"]
[{"$nulls":9},"WV","4608801","U","ARACOMA ALMA MINE #1","LOGAN","ARACOMA COAL COMPANY INC","045","BIT","54","4608801     U     ARACOMA ALMA MINE #1                                  LOGAN"]
[{"$nulls":9},"WV","4608802","U","HERNSHAW MINE","LOGAN","ARACOMA COAL COMPANY INC","045","BIT","54","4608802     U     HERNSHAW MINE                                  LOGAN"]
[{"$nulls":9},"WV","4608803","S","NO 1 SURFACE","WYOMING","JMAC LEASING INC","109","BIT","54","4608803     S     NO 1 SURFACE                                  WYOMING"]
[{"$nulls":9},"WV","4608806","U","ONYX","MINGO","SPARTAN MINING COMPANY","059","BIT","54","4608806     U     ONYX                                  MINGO"]
[{"$nulls":9},"WV","4608808","U","RUBY ENERGY","MINGO","SPARTAN MINING CO., INC.","059","BIT","54",{"$f":"K2501&\"     \"&L2501&\"     \"&M2501&\"                                  \"&N2501","v":"4608808     U     RUBY ENERGY                                  MINGO"}]
[{"$nulls":9},"WV","4608810","S","HWM JOB #24","MINGO","MINING TECHNOLOGIES INC","059","BIT","54","4608810     S     HWM JOB #24                                  MINGO"]
[{"$nulls":9},"WV","4608811","U","NO 56","MCDOWELL","PAY CAR MINING, INC.","047","BIT","54","4608811     U     NO 56                                  MCDOWELL"]
[{"$nulls":9},"WV","4608812","U","UPPER CEDAR GROVE NO 4","MINGO","GLEN ALUM OPERATIONS, LLC","059","BIT","54","4608812     U     UPPER CEDAR GROVE NO 4                                  MINGO"]
[{"$nulls":9},"WV","4608813","U","BIG DRAGON DEEP MINE","CLAY","FOLA COAL COMPANY, LLC","015","BIT","54","4608813     U     BIG DRAGON DEEP MINE                                  CLAY"]
[{"$nulls":9},"WV","4608818","S","CALLISTO MINE","BOONE","THUNDERHILL COAL, LLC","005","BIT","54","4608818     S     CALLISTO MINE                                  BOONE"]
[{"$nulls":9},"WV","4608829","U","BECKLEY CRYSTAL","RALEIGH","BAYLOR MINING INC","081","BIT","54","4608829     U     BECKLEY CRYSTAL                                  RALEIGH"]
[{"$nulls":9},"WV","4608831","P","CEREDO SYNFUEL PLANT","WAYNE","CEREDO SYNFUEL LLC","099","BIT","54","4608831     P     CEREDO SYNFUEL PLANT                                  WAYNE"]
[{"$nulls":9},"WV","4608837","U","COON CEDAR GROVE MINE","RALEIGH","MARFORK COAL COMPANY INC","081","BIT","54","4608837     U     COON CEDAR GROVE MINE                                  RALEIGH"]
[{"$nulls":9},"WV","4608838","S","SUPERIOR SURFACE MINE","LOGAN","ALEX ENERGY INC","045","BIT","54","4608838     S     SUPERIOR SURFACE MINE                                  LOGAN"]
[{"$nulls":9},"WV","4608844","U","MIDDLE CEDAR GROVE","RALEIGH","INDEPENDENCE COAL COMPANY INC","081","BIT","54","4608844     U     MIDDLE CEDAR GROVE                                  RALEIGH"]
[{"$nulls":9},"WV","4608856","U","SLIP RIDGE POWELLTON MINE","RALEIGH","MARFORK COAL COMPANY INC","081","BIT","54","4608856     U     SLIP RIDGE POWELLTON MINE                                  RALEIGH"]
[{"$nulls":9},"WV","4608863","U","MOUNTAIN FORK NO 1","MCDOWELL","C & A COAL COMPANY","047","BIT","54","4608863     U     MOUNTAIN FORK NO 1                                  MCDOWELL"]
[{"$nulls":9},"WV","4608864","U","TUNNEL RIDGE MINE","OHIO","TUNNEL RIDGE, LLC","069","BIT","54","4608864     U     TUNNEL RIDGE MINE                                  OHIO"]
[{"$nulls":9},"WV","4608869","S","QUINCY MANUFACTURED HOME PARK","KANAWHA","DEVELOPMENT SERVICES INC","039","BIT","54","4608869     S     QUINCY MANUFACTURED HOME PARK                                  KANAWHA"]
[{"$nulls":9},"WV","4608870","S","SYNERGY SURFACE MINE NO 1","BOONE","LEGACY RESOURCES LLC","005","BIT","54","4608870     S     SYNERGY SURFACE MINE NO 1                                  BOONE"]
[{"$nulls":9},"WV","4608873","S","EAST GULF PREPARATION PLANT","RALEIGH","POCAHONTAS COAL COMPANY LLC","081","BIT","54","4608873     S     EAST GULF PREPARATION PLANT                                  RALEIGH"]
[{"$nulls":9},"WV","4608877","S","HEWITT CREEK SURFACE MINE NO 1","BOONE","HOBET MINING INC","005","BIT","54","4608877     S     HEWITT CREEK SURFACE MINE NO 1                                  BOONE"]
[{"$nulls":9},"WV","4608878","U","AFFINITY MINE","RALEIGH","AFFINITY COAL COMPANY, LLC","081","BIT","54","4608878     U     AFFINITY MINE                                  RALEIGH"]
[{"$nulls":9},"WV","4608879","S","AFFINITY PREPARATION PLANT","RALEIGH","AFFINITY COAL COMPANY, LLC","081","BIT","54","4608879     S     AFFINITY PREPARATION PLANT                                  RALEIGH"]
[{"$nulls":9},"WV","4608884","U","NO 58","MCDOWELL","PAY CAR MINING INC","047","BIT","54","4608884     U     NO 58                                  MCDOWELL"]
[{"$nulls":9},"WV","4608885","U","POPLAR RIDGE NO 1 DEEP MINE","WEBSTER","BROOKS RUN MINING COMPANY LLC","101","BIT","54","4608885     U     POPLAR RIDGE NO 1 DEEP MINE                                  WEBSTER"]
[{"$nulls":9},"WV","4608889","S","BRIDGE FORK SURFACE MINE NO 1","FAYETTE","POWELLTON COAL COMPANY","019","BIT","54","4608889     S     BRIDGE FORK SURFACE MINE NO 1                                  FAYETTE"]
[{"$nulls":9},"WV","4608890","U","RIVERS EDGE MINE","BOONE","RIVERS EDGE MINING INC","005","BIT","54","4608890     U     RIVERS EDGE MINE                                  BOONE"]
[{"$nulls":9},"WV","4608892","U","BRONZITE","MINGO","CONSOL OF KY INC","059","BIT","54","4608892     U     BRONZITE                                  MINGO"]
[{"$nulls":9},"WV","4608899","S","WILDCAT SURFACE MINE","KANAWHA","HIGHWALL MINING LLC","039","BIT","54","4608899     S     WILDCAT SURFACE MINE                                  KANAWHA"]
[{"$nulls":9},"WV","4608903","S","NO 1","LOGAN","APPALACHIAN HIGHWALL MINING LL","045","BIT","54","4608903     S     NO 1                                  LOGAN"]
[{"$nulls":9},"WV","4608904","S","PATTON NO 11","MINGO","DFM COAL, LLC","059","BIT","54","4608904     S     PATTON NO 11                                  MINGO"]
[{"$nulls":9},"WV","4608906","S","RUSH CREEK SURFACE MINE","KANAWHA","KEYSTONE DEVELOPMENT","039","BIT","54","4608906     S     RUSH CREEK SURFACE MINE                                  KANAWHA"]
[{"$nulls":9},"WV","4608909","U","MIDLAND TRAIL MINE NO. 2","GREENBRIER","WEST VIRGINIA MINE POWER, INC","025","BIT","54","4608909     U     MIDLAND TRAIL MINE NO. 2                                  GREENBRIER"]
[{"$nulls":9},"WV","4608912","S","RIVERTON AUGER","WYOMING","STEAR AUGER MINING INC","109","BIT","54","4608912     S     RIVERTON AUGER                                  WYOMING"]
[{"$nulls":9},"WV","4608917","S","SNAP CREEK NO 1 SURFACE","LOGAN","CHAFIN BRANCH COAL CO LLC","045","BIT","54","4608917     S     SNAP CREEK NO 1 SURFACE                                  LOGAN"]
[{"$nulls":9},"WV","4608918","P","NO 1 LOAD-OUT","LOGAN","SNAP CREEK MINING LLC","045","BIT","54","4608918     P     NO 1 LOAD-OUT                                  LOGAN"]
[{"$nulls":9},"WV","4608920","U","HERNSHAW TUNNEL","BOONE","I O COAL COMPANY, LLC","005","BIT","54","4608920     U     HERNSHAW TUNNEL                                  BOONE"]
[{"$nulls":9},"WV","4608921","S","SURFACE MINE NO 7","BOONE","FRASURE CREEK MINING LLC","005","BIT","54","4608921     S     SURFACE MINE NO 7                                  BOONE"]
[{"$nulls":9},"WV","4608926","S","AUGER NO 1","LOGAN","CARDINAL COAL SERVICES INC","045","BIT","54","4608926     S     AUGER NO 1                                  LOGAN"]
[{"$nulls":9},"WV","4608930","S","GRAPEVINE SOUTH SURFACE MINE","MINGO","CAM MINING LLC","059","BIT","54","4608930     S     GRAPEVINE SOUTH SURFACE MINE                                  MINGO"]
[{"$nulls":9},"WV","4608932","U","KINGSTON NO. 2","FAYETTE","KINGSTON MINING, INC.","019","BIT","54","4608932     U     KINGSTON NO. 2                                  FAYETTE"]
[{"$nulls":9},"WV","4608933","U","WHITE OAK","BOONE","INDEPENDENCE COAL COMPANY INC","005","BIT","54","4608933     U     WHITE OAK                                  BOONE"]
[{"$nulls":9},"WV","4608935","S","PATRIOT CHILTON","RALEIGH","INDEPENDENCE COAL","081","BIT","54","4608935     S     PATRIOT CHILTON                                  RALEIGH"]
[{"$nulls":9},"WV","4608939","S","GUYAN","LOGAN","APOGEE COAL COMPANY LLC","045","BIT","54","4608939     S     GUYAN                                  LOGAN"]
[{"$nulls":9},"WV","4608940","P","BULL CREEK PREP & REFUSE DISP","BOONE","RAVEN CREST CONTRACTING, LLC","005","BIT","54","4608940     P     BULL CREEK PREP & REFUSE DISP                                  BOONE"]
[{"$nulls":9},"WV","4608949","U","WINIFREDE 12 MINE","BOONE","LAUREL COAL CORP.","005","BIT","54","4608949     U     WINIFREDE 12 MINE                                  BOONE"]
[{"$nulls":9},"WV","4608950","S","REFUSE AREA NO. 1","MARION","QUALITY RECLAMATION SERVICES,","049","BIT","54","4608950     S     REFUSE AREA NO. 1                                  MARION"]
[{"$nulls":9},"WV","4608955","U","MINE NO. 2","MCDOWELL","RESURRECTION COAL COMPANY, INC","047","BIT","54","4608955     U     MINE NO. 2                                  MCDOWELL"]
[{"$nulls":9},"WV","4608959","U","NO 4 MINE","WYOMING","GLOW WORM COAL COMPANY","109","BIT","54","4608959     U     NO 4 MINE                                  WYOMING"]
[{"$nulls":9},"WV","4608961","P","MARMET DOCK","KANAWHA","ALEX ENERGY INC.","039","BIT","54","4608961     P     MARMET DOCK                                  KANAWHA"]
[{"$nulls":9},"WV","4608962","S","FIRECREEK MINE NO. 1","GREENBRIER","RADERS RUN MINING, LLC","025","BIT","54","4608962     S     FIRECREEK MINE NO. 1                                  GREENBRIER"]
[{"$nulls":9},"WV","4608964","S","BUCKEYE #1","HAMPSHIRE","WOLF CREEK COAL CORP LLC","027","BIT","54","4608964     S     BUCKEYE #1                                  HAMPSHIRE"]
[{"$nulls":9},"WV","4608965","S","CENTURY #1","BARBOUR","UNITED COALS, INC.","001","BIT","54","4608965     S     CENTURY #1                                  BARBOUR"]
[{"$nulls":9},"WV","4608967","S","BOONE NORTH NO. 1 SURFACE MINE","BOONE","RAVEN CREST CONTRACTING, LLC","005","BIT","54","4608967     S     BOONE NORTH NO. 1 SURFACE MINE                                  BOONE"]
[{"$nulls":9},"WV","4608968","U","DRY BRANCH COALBURG","BOONE","I O COAL COMPANY, LLC","005","BIT","54","4608968     U     DRY BRANCH COALBURG                                  BOONE"]
[{"$nulls":9},"WV","4608969","U","HERNSHAW DEEP MINE","MINGO","HAMPDEN COAL CO., INC.","059","BIT","54","4608969     U     HERNSHAW DEEP MINE                                  MINGO"]
[{"$nulls":9},"WV","4608973","S","WV-3 SURFACE MINE","LOGAN","KENTUCKY FUEL CORPORATION","045","BIT","54","4608973     S     WV-3 SURFACE MINE                                  LOGAN"]
[{"$nulls":9},"WV","4608975","U","NO. 4 DEEP MINE","LOGAN","HAMPDEN COAL COMPANY, INC.","045","BIT","54","4608975     U     NO. 4 DEEP MINE                                  LOGAN"]
[{"$nulls":9},"WV","4608977","S","EDWIGHT SURFACE MINE","RALEIGH","ALEX ENERGY INC","081","BIT","54","4608977     S     EDWIGHT SURFACE MINE                                  RALEIGH"]
[{"$nulls":9},"WV","4608983","S","22 SHORT SURFACE MINE","LOGAN","FALCON LAND COMPANY, INC.","045","BIT","54","4608983     S     22 SHORT SURFACE MINE                                  LOGAN"]
[{"$nulls":9},"WV","4608984","S","COAL-MAC INC HOLDEN #22 SURFAC","LOGAN","PHOENIX COAL-MAC MINING INC","045","BIT","54","4608984     S     COAL-MAC INC HOLDEN #22 SURFAC                                  LOGAN"]
[{"$nulls":9},"WV","4608989","U","CAMPBELL CREEK NO 14 MINE","BOONE","EASTERN ASSOCIATED COAL, LLC","005","BIT","54","4608989     U     CAMPBELL CREEK NO 14 MINE                                  BOONE"]
[{"$nulls":9},"WV","4608990","S","PINNACLE RIDGE SURFACE MINE","MCDOWELL","BLUESTONE COAL CORPORATION","047","BIT","54","4608990     S     PINNACLE RIDGE SURFACE MINE                                  MCDOWELL"]
[{"$nulls":9},"WV","4608993","U","COALBURG NO 1 MINE","BOONE","NEWTOWN ENERGY, INC.","005","BIT","54","4608993     U     COALBURG NO 1 MINE                                  BOONE"]
[{"$nulls":9},"WV","4608994","U","DEEP MINE NO 8","WAYNE","ARGUS ENERGY WV LLC","099","BIT","54","4608994     U     DEEP MINE NO 8                                  WAYNE"]
[{"$nulls":9},"WV","4608998","S","NO 1 SURFACE MINE","MINGO","F M C SERVICES INC","059","BIT","54","4608998     S     NO 1 SURFACE MINE                                  MINGO"]
[{"$nulls":9},"WV","4608999","U","MINE NO 1","KANAWHA","S E L A H  CORPORATION","039","BIT","54","4608999     U     MINE NO 1                                  KANAWHA"]
[{"$nulls":9},"WV","4609000","S","LANE RIDGE SURFACE MINE","UPSHUR","NESCO INC","097","BIT","54",{"$f":"K2565&\"     \"&L2565&\"     \"&M2565&\"                                  \"&N2565","v":"4609000     S     LANE RIDGE SURFACE MINE                                  UPSHUR"}]
[{"$nulls":9},"WV","4609002","S","MINE NO 4","MINGO","FRASURE CREEK MINING LLC","059","BIT","54","4609002     S     MINE NO 4                                  MINGO"]
[{"$nulls":9},"WV","4609003","U","NO. 4","MINGO","CONTINUOUS MINING CO INC","059","BIT","54","4609003     U     NO. 4                                  MINGO"]
[{"$nulls":9},"WV","4609004","U","NO. 5","MINGO","CONTINUOUS MINING CO INC","059","BIT","54","4609004     U     NO. 5                                  MINGO"]
[{"$nulls":9},"WV","4609007","S","HIGHWALL MINER NO 1","WAYNE","BUNDY AUGER MINING INC","099","BIT","54","4609007     S     HIGHWALL MINER NO 1                                  WAYNE"]
[{"$nulls":9},"WV","4609010","S","BULL CREEK MINE","BOONE","PRITCHARD MINING CO., INC.","005","BIT","54","4609010     S     BULL CREEK MINE                                  BOONE"]
[{"$nulls":9},"WV","4609013","S","BOONE NORTH PREP PLANT & LOADO","BOONE","HOLLOW MOUNTAIN RESOURCES, INC","005","BIT","54","4609013     S     BOONE NORTH PREP PLANT & LOADO                                  BOONE"]
[{"$nulls":9},"WV","4609014","S","MOUNTAIN TOP 4 HWM","FAYETTE","EQUAL ENTERPRISES","019","BIT","54","4609014     S     MOUNTAIN TOP 4 HWM                                  FAYETTE"]
[{"$nulls":9},"WV","4609017","U","MINE NO. 37","MCDOWELL","XMV, INC.","047","BIT","54","4609017     U     MINE NO. 37                                  MCDOWELL"]
[{"$nulls":9},"WV","4609018","U","NO. 8","MINGO","ROCKHOUSE CREEK DEVELOPMENT, L","059","BIT","54","4609018     U     NO. 8                                  MINGO"]
[{"$nulls":9},"WV","4609019","S","DOUBLE M AUGER","FAYETTE","BUNDY AUGER MINING INC","019","BIT","54","4609019     S     DOUBLE M AUGER                                  FAYETTE"]
[{"$nulls":9},"WV","4609020","U","NO 65","WYOMING","DOUBLE BONUS COAL COMPANY","109","BIT","54","4609020     U     NO 65                                  WYOMING"]
[{"$nulls":9},"WV","4609021","U","NO 59 MINE","MCDOWELL","BLUESTONE COAL CORPORATION","047","BIT","54","4609021     U     NO 59 MINE                                  MCDOWELL"]
[{"$nulls":9},"WV","4609022","U","CASTLE II","BOONE","ELK RUN COAL COMPANY, INC.","005","BIT","54","4609022     U     CASTLE II                                  BOONE"]
[{"$nulls":9},"WV","4609023","S","ECCLES REFUSE AREA","RALEIGH","WOLF RUN MINING COMPANY","081","BIT","54","4609023     S     ECCLES REFUSE AREA                                  RALEIGH"]
[{"$nulls":9},"WV","4609024","S","NO 1 MINER","MCDOWELL","JUSTICE HIGHWALL MINING INC","047","BIT","54","4609024     S     NO 1 MINER                                  MCDOWELL"]
[{"$nulls":9},"WV","4609026","S","EWING FORK NO. 1 SURFACE MINE","RALEIGH","SIMMONS FORK MINING, INC.","081","BIT","54","4609026     S     EWING FORK NO. 1 SURFACE MINE                                  RALEIGH"]
[{"$nulls":9},"WV","4609028","U","MOUNTAIN VIEW MINE","TUCKER","METTIKI COAL WV, LLC","093","BIT","54","4609028     U     MOUNTAIN VIEW MINE                                  TUCKER"]
[{"$nulls":9},"WV","4609029","U","MOUNTAINEER II MINE","LOGAN","MINGO LOGAN COAL COMPANY","045","BIT","54","4609029     U     MOUNTAINEER II MINE                                  LOGAN"]
[{"$nulls":9},"WV","4609031","S","NO 2 MINER","WYOMING","JUSTICE HIGHWALL MINING, INC","109","BIT","54","4609031     S     NO 2 MINER                                  WYOMING"]
[{"$nulls":9},"WV","4609032","S","ADMINISTRATIVE SERVICES AUGER","KANAWHA","ADMINISTRATIVE SERVICES INC","039","BIT","54","4609032     S     ADMINISTRATIVE SERVICES AUGER                                  KANAWHA"]
[{"$nulls":9},"WV","4609033","S","ADMINISTRATIVE SERVICES AUGER","BOONE","ADMINISTRATIVE SERVICES INC","005","BIT","54","4609033     S     ADMINISTRATIVE SERVICES AUGER                                  BOONE"]
[{"$nulls":9},"WV","4609034","S","ADMINISTRATIVE SERVICES AUGER","KANAWHA","ADMINISTRATIVE SERVICES INC","039","BIT","54","4609034     S     ADMINISTRATIVE SERVICES AUGER                                  KANAWHA"]
[{"$nulls":9},"WV","4609035","S","MT-34/PEG FORK","MINGO","CONSOL OF KENTUCKY INC","059","BIT","54","4609035     S     MT-34/PEG FORK                                  MINGO"]
[{"$nulls":9},"WV","4609036","S","SEVEN PINES","WEBSTER","BROOKS RUN MINING COMPANY LLC","101","BIT","54","4609036     S     SEVEN PINES                                  WEBSTER"]
[{"$nulls":9},"WV","4609040","S","DOUBLE M AUGER NO 2","NICHOLAS","BUNDY AUGER MINING INC","067","BIT","54","4609040     S     DOUBLE M AUGER NO 2                                  NICHOLAS"]
[{"$nulls":9},"WV","4609041","S","ADDCAR SYSTEM 12 HWM SERIAL NO","RANDOLPH","ICG ADDCAR SYSTEMS LLC","083","BIT","54","4609041     S     ADDCAR SYSTEM 12 HWM SERIAL NO                                  RANDOLPH"]
[{"$nulls":9},"WV","4609042","U","FORK CREEK MINE NO 3","LINCOLN","COAL RIVER MINING LLC","043","BIT","54","4609042     U     FORK CREEK MINE NO 3                                  LINCOLN"]
[{"$nulls":9},"WV","4609043","U","MINE NO 1","BOONE","JAMISON MINING LLC","005","BIT","54","4609043     U     MINE NO 1                                  BOONE"]
[{"$nulls":9},"WV","4609044","U","BLACK WALNUT NO 2","BOONE","BLACK WALNUT COAL COMPANY","005","BIT","54","4609044     U     BLACK WALNUT NO 2                                  BOONE"]
[{"$nulls":9},"WV","4609045","U","MIDWAY MINE","BOONE","SPARTAN MINING COMPANY","005","BIT","54","4609045     U     MIDWAY MINE                                  BOONE"]
[{"$nulls":9},"WV","4609046","P","CARDINAL PREPARATION PLANT","LOGAN","MINGO LOGAN COAL COMPANY","045","BIT","54","4609046     P     CARDINAL PREPARATION PLANT                                  LOGAN"]
[{"$nulls":9},"WV","4609048","U","SLIP RIDGE CEDAR GROVE MINE","RALEIGH","MARFORK COAL COMPANY, INC.","081","BIT","54","4609048     U     SLIP RIDGE CEDAR GROVE MINE                                  RALEIGH"]
[{"$nulls":9},"WV","4609050","S","BARRACKVILLE REFUSE PILE","MARION","LP MINERAL, LLC","049","WC","54","4609050     S     BARRACKVILLE REFUSE PILE                                  MARION"]
[{"$nulls":9},"WV","4609050","S","BARRACKVILLE REFUSE PILE","MARION","LP MINERAL, LLC","049","BIT","54","4609050     S     BARRACKVILLE REFUSE PILE                                  MARION"]
[{"$nulls":9},"WV","4609051","P","CEREDO DOCK","WAYNE","KANAWHA RIVER TERMINALS LLC","099","BIT","54","4609051     P     CEREDO DOCK                                  WAYNE"]
[{"$nulls":9},"WV","4609052","S","BAM 7","NICHOLAS","BUNDY AUGER MINING INC","067","BIT","54","4609052     S     BAM 7                                  NICHOLAS"]
[{"$nulls":9},"WV","4609053","S","BAM 3","NICHOLAS","BUNDY AUGER MINING INC","067","BIT","54","4609053     S     BAM 3                                  NICHOLAS"]
[{"$nulls":9},"WV","4609054","S","REPUBLIC ENERGY","FAYETTE","ELK RUN COAL CO","019","BIT","54","4609054     S     REPUBLIC ENERGY                                  FAYETTE"]
[{"$nulls":9},"WV","4609056","S","NO. 1 REFUSE","MCDOWELL","CARETTA MINING, INC.","047","BIT","54","4609056     S     NO. 1 REFUSE                                  MCDOWELL"]
[{"$nulls":9},"WV","4609058","S","W3 AUGER","BOONE","WCA  INC","005","BIT","54","4609058     S     W3 AUGER                                  BOONE"]
[{"$nulls":9},"WV","4609060","U","#4 MINE","HARRISON","TEN-MILE COAL CO., INC.","033","BIT","54","4609060     U     #4 MINE                                  HARRISON"]
[{"$nulls":9},"WV","4609062","S","COAL MOUNTAIN NO 1 SURFACE","WYOMING","DYNAMIC ENERGY INC","109","BIT","54","4609062     S     COAL MOUNTAIN NO 1 SURFACE                                  WYOMING"]
[{"$nulls":9},"WV","4609065","U","SWEET BIRCH","BOONE","MOUNTAIN EDGE MINING, INC.","005","BIT","54","4609065     U     SWEET BIRCH                                  BOONE"]
[{"$nulls":9},"WV","4609066","U","CUCUMBER MINE","MCDOWELL","BROOKS RUN MINING COMPANY LLC","047","BIT","54","4609066     U     CUCUMBER MINE                                  MCDOWELL"]
[{"$nulls":9},"WV","4609067","S","CROSSCREEK MINE","BROOKE","OXFORD MINING CO LLC","009","BIT","54","4609067     S     CROSSCREEK MINE                                  BROOKE"]
[{"$nulls":9},"WV","4609069","U","MINE NO. 6","MCDOWELL","DARTY LEASING, INC.","047","BIT","54","4609069     U     MINE NO. 6                                  MCDOWELL"]
[{"$nulls":9},"WV","4609070","S","BOONE NORTH NO. 2 SURFACE MINE","BOONE","RAVEN CREST CONTRACTING, LLC","005","BIT","54","4609070     S     BOONE NORTH NO. 2 SURFACE MINE                                  BOONE"]
[{"$nulls":9},"WV","4609072","S","CONNER RUN DAM AND FLY ASH IMP","MARSHALL","OHIO POWER COMPANY","051","BIT","54","4609072     S     CONNER RUN DAM AND FLY ASH IMP                                  MARSHALL"]
[{"$nulls":9},"WV","4609073","U","SUGAR MAPLE MINE","BOONE","LAGO MINING, LLC","005","BIT","54","4609073     U     SUGAR MAPLE MINE                                  BOONE"]
[{"$nulls":9},"WV","4609075","S","MT-101","MINGO","CONSOL OF KENTUCKY INC","059","BIT","54","4609075     S     MT-101                                  MINGO"]
[{"$nulls":9},"WV","4609080","P","COW CREEK COAL BLENDING FACILITY","BOONE","EASTERN ASSOCIATED COAL LLC","005","BIT","54","4609080     P     COW CREEK COAL BLENDING FACILITY                                  BOONE"]
[{"$nulls":9},"WV","4609082","U","COALBURG NO 1 MINE","BOONE","SIGNATURE MINING SERVICES LLC","005","BIT","54","4609082     U     COALBURG NO 1 MINE                                  BOONE"]
[{"$nulls":9},"WV","4609084","U","LAUREL FORK MINE","MCDOWELL","CONSOLIDATION COAL COMPANY","047","BIT","54","4609084     U     LAUREL FORK MINE                                  MCDOWELL"]
[{"$nulls":9},"WV","4609085","U","FOUR MILE DEEP MINE","FAYETTE","SPARTAN MINING CO DBA MAMMOTH","019","BIT","54","4609085     U     FOUR MILE DEEP MINE                                  FAYETTE"]
[{"$nulls":9},"WV","4609086","U","BRODY MINE NO 1","BOONE","BRODY MINING LLC","005","BIT","54","4609086     U     BRODY MINE NO 1                                  BOONE"]
[{"$nulls":9},"WV","4609089","S","CAMP BRANCH MINE","LOGAN","RUM CREEK COAL SALES","045","BIT","54","4609089     S     CAMP BRANCH MINE                                  LOGAN"]
[{"$nulls":9},"WV","4609091","U","HORSE CREEK EAGLE","RALEIGH","MARFORK COAL COMPANY","081","BIT","54","4609091     U     HORSE CREEK EAGLE                                  RALEIGH"]
[{"$nulls":9},"WV","4609092","U","ALLEN POWELLTON MINE","RALEIGH","MARFORK COAL COMPANY","081","BIT","54","4609092     U     ALLEN POWELLTON MINE                                  RALEIGH"]
[{"$nulls":9},"WV","4609093","U","MINE NO. 7","MCDOWELL","ROCK N ROLL COAL COMPANY, INC.","047","BIT","54","4609093     U     MINE NO. 7                                  MCDOWELL"]
[{"$nulls":9},"WV","4609095","U","SCOTCH PINE MINE","BOONE","SPARTAN MINING COMPANY","005","BIT","54","4609095     U     SCOTCH PINE MINE                                  BOONE"]
[{"$nulls":9},"WV","4609096","S","TOMMY CREEK MINE NO 1","RALEIGH","NORTH STAR ONE LLC","081","BIT","54","4609096     S     TOMMY CREEK MINE NO 1                                  RALEIGH"]
[{"$nulls":9},"WV","4609097","U","BRIER CREEK NO 1","BOONE","BRIER CREEK COAL CO. LLC","005","BIT","54","4609097     U     BRIER CREEK NO 1                                  BOONE"]
[{"$nulls":9},"WV","4609098","U","BRIER CREEK NO 2","BOONE","BRIER CREEK COAL CO. LLC","005","BIT","54","4609098     U     BRIER CREEK NO 2                                  BOONE"]
[{"$nulls":9},"WV","4609099","U","COON HOLLOW TUNNEL MINE","KANAWHA","SPEED MINING, LLC","039","BIT","54",{"$f":"K2629&\"     \"&L2629&\"     \"&M2629&\"                                  \"&N2629","v":"4609099     U     COON HOLLOW TUNNEL MINE                                  KANAWHA"}]
[{"$nulls":9},"WV","4609100","U","MOUNTAIN FORK NO 2","MCDOWELL","C & A COAL COMPANY","047","BIT","54","4609100     U     MOUNTAIN FORK NO 2                                  MCDOWELL"]
[{"$nulls":9},"WV","4609101","S","TONEY FORK SURFACE MINE","LOGAN","CLIFFS LOGAN COUNTY COAL, LLC","045","BIT","54","4609101     S     TONEY FORK SURFACE MINE                                  LOGAN"]
[{"$nulls":9},"WV","4609103","U","MINE NO 5","MCDOWELL","GLOW WORM COAL COMPANY","047","BIT","54","4609103     U     MINE NO 5                                  MCDOWELL"]
[{"$nulls":9},"WV","4609105","S","SURFACE NO 5","FAYETTE","FRASURE CREEK MINING LLC","019","BIT","54","4609105     S     SURFACE NO 5                                  FAYETTE"]
[{"$nulls":9},"WV","4609107","U","CAMPBELLS CREEK NO 7 MINE","KANAWHA","MIDLAND TRAIL ENERGY LLC","039","BIT","54","4609107     U     CAMPBELLS CREEK NO 7 MINE                                  KANAWHA"]
[{"$nulls":9},"WV","4609108","U","MAMMOTH #2 GAS","KANAWHA","MAMMOTH COAL CO.","039","BIT","54","4609108     U     MAMMOTH #2 GAS                                  KANAWHA"]
[{"$nulls":9},"WV","4609113","S","NEWHALL SURFACE MINE","MCDOWELL","LITTLE SEAM MINING CO.","047","BIT","54","4609113     S     NEWHALL SURFACE MINE                                  MCDOWELL"]
[{"$nulls":9},"WV","4609114","P","PAX LOAD OUT","FAYETTE","SIMMONS FORK MINING, INC.","019","BIT","54","4609114     P     PAX LOAD OUT                                  FAYETTE"]
[{"$nulls":9},"WV","4609115","U","IMPERIAL MINE","UPSHUR","WOLF RUN MINING COMPANY","097","BIT","54","4609115     U     IMPERIAL MINE                                  UPSHUR"]
[{"$nulls":9},"WV","4609117","S","CLIFFTOP SURFACE MINE NO 1","FAYETTE","RESOURCES LIMITED, LLC","019","BIT","54","4609117     S     CLIFFTOP SURFACE MINE NO 1                                  FAYETTE"]
[{"$nulls":9},"WV","4609120","S","MINE 5","LINCOLN","COAL RIVER MINING LLC","043","BIT","54","4609120     S     MINE 5                                  LINCOLN"]
[{"$nulls":9},"WV","4609121","S","NEXUS MINING SYSTEM","PRESTON","NEXUS MINING SYSTEMS INC.","077","BIT","54","4609121     S     NEXUS MINING SYSTEM                                  PRESTON"]
[{"$nulls":9},"WV","4609122","S","ISAAC'S RUN SURFACE MINE","BARBOUR","HANOVER RESOURCES, LLC","001","BIT","54","4609122     S     ISAAC'S RUN SURFACE MINE                                  BARBOUR"]
[{"$nulls":9},"WV","4609123","S","NO 3 MINER","MCDOWELL","JUSTICE HIGHWALL MINING INC","047","BIT","54","4609123     S     NO 3 MINER                                  MCDOWELL"]
[{"$nulls":9},"WV","4609124","S","BIG FOUR SURFACE MINE","MCDOWELL","SUPERIOR PROCESSING, INC.","047","BIT","54","4609124     S     BIG FOUR SURFACE MINE                                  MCDOWELL"]
[{"$nulls":9},"WV","4609125","P","MOUNTAINEER NO. 1 PREPARATION","GREENBRIER","WEST VIRGINIA MINE POWER, INC","025","BIT","54","4609125     P     MOUNTAINEER NO. 1 PREPARATION                                  GREENBRIER"]
[{"$nulls":9},"WV","4609126","U","SAYLOR MINE","WEBSTER","BROOKS RUN MINING COMPANY LLC","101","BIT","54","4609126     U     SAYLOR MINE                                  WEBSTER"]
[{"$nulls":9},"WV","4609127","S","BEARWALLOW HOLLOW NO COST RECL","MCDOWELL","SELCO CONSTRUCTION SERVICES, I","047","WC","54","4609127     S     BEARWALLOW HOLLOW NO COST RECL                                  MCDOWELL"]
[{"$nulls":9},"WV","4609127","S","BEARWALLOW HOLLOW NO COST RECL","MCDOWELL","SELCO CONSTRUCTION SERVICES, I","047","BIT","54","4609127     S     BEARWALLOW HOLLOW NO COST RECL                                  MCDOWELL"]
[{"$nulls":9},"WV","4609128","U","VANSANT COAL CORPORATION MINE","MCDOWELL","VANSANT COAL CORPORATION","047","BIT","54","4609128     U     VANSANT COAL CORPORATION MINE                                  MCDOWELL"]
[{"$nulls":9},"WV","4609129","U","JOLO MINE","MCDOWELL","CHAD COAL CORP","047","BIT","54","4609129     U     JOLO MINE                                  MCDOWELL"]
[{"$nulls":9},"WV","4609130","S","BRANDY STATION","WEBSTER","BROOKS RUN MINING COMPANY LLC","101","BIT","54","4609130     S     BRANDY STATION                                  WEBSTER"]
[{"$nulls":9},"WV","4609131","P","RED FOX LOAD-OUT","MCDOWELL","M & P SERVICES, INC.","047","BIT","54","4609131     P     RED FOX LOAD-OUT                                  MCDOWELL"]
[{"$nulls":9},"WV","4609133","U","COVE MOUNTAIN MK","WEBSTER","BROOKS RUN MINING COMPANY LLC","101","BIT","54","4609133     U     COVE MOUNTAIN MK                                  WEBSTER"]
[{"$nulls":9},"WV","4609134","U","COVE MOUNTAIN LK","WEBSTER","BROOKS RUN MINING COMPANY LLC","101","BIT","54","4609134     U     COVE MOUNTAIN LK                                  WEBSTER"]
[{"$nulls":9},"WV","4609135","P","COAL MOUNTAIN LOADOUT","WYOMING","BLACK BEAR PROCESSING, LLC","109","BIT","54","4609135     P     COAL MOUNTAIN LOADOUT                                  WYOMING"]
[{"$nulls":9},"WV","4609136","U","BROAD RUN MINE","MASON","BIG RIVER MINING LLC","053","BIT","54","4609136     U     BROAD RUN MINE                                  MASON"]
[{"$nulls":9},"WV","4609138","S","MT-11 SURFACE MINE","MINGO","EAGLE CREEK MINING LLC","059","BIT","54","4609138     S     MT-11 SURFACE MINE                                  MINGO"]
[{"$nulls":9},"WV","4609140","U","CAZY CREEK PORTAL","BOONE","EASTERN ASSOCIATED COAL LLC","005","BIT","54","4609140     U     CAZY CREEK PORTAL                                  BOONE"]
[{"$nulls":9},"WV","4609141","U","WINIFREDE 17 MINE","BOONE","EASTERN ASSOCIATED COAL LLC","005","BIT","54","4609141     U     WINIFREDE 17 MINE                                  BOONE"]
[{"$nulls":9},"WV","4609143","S","LOWER SHANNON BRANCH","MCDOWELL","RECLAIMING LLC","047","BIT","54","4609143     S     LOWER SHANNON BRANCH                                  MCDOWELL"]
[{"$nulls":9},"WV","4609144","U","BLACK WALNUT NO 3 MINE","BOONE","BLACK WALNUT COAL COMPANY","005","BIT","54","4609144     U     BLACK WALNUT NO 3 MINE                                  BOONE"]
[{"$nulls":9},"WV","4609146","S","PINNACLE FINES RECOVERY PLANT","WYOMING","COVOL FUELS NO 4 LLC","109","BIT","54","4609146     S     PINNACLE FINES RECOVERY PLANT                                  WYOMING"]
[{"$nulls":9},"WV","4609148","U","LAUREL COALBURG TUNNEL MINE","KANAWHA","MAMMOTH COAL CO","039","BIT","54","4609148     U     LAUREL COALBURG TUNNEL MINE                                  KANAWHA"]
[{"$nulls":9},"WV","4609149","S","TURKEY GAP","MERCER","COAL VALLEY LLC","055","BIT","54","4609149     S     TURKEY GAP                                  MERCER"]
[{"$nulls":9},"WV","4609149","S","TURKEY GAP","MERCER","COAL VALLEY LLC","055","WC","54","4609149     S     TURKEY GAP                                  MERCER"]
[{"$nulls":9},"WV","4609150","U","DOROTHY NO 3 MINE","BOONE","MOUNTAIN EDGE MINING INC","005","BIT","54","4609150     U     DOROTHY NO 3 MINE                                  BOONE"]
[{"$nulls":9},"WV","4609151","S","SUPERIOR #46","MINGO","BUNDY AUGER MINING INC","059","BIT","54","4609151     S     SUPERIOR #46                                  MINGO"]
[{"$nulls":9},"WV","4609152","U","BLACK OAK MINE","BOONE","EASTERN ASSOCIATED COAL LLC","005","BIT","54","4609152     U     BLACK OAK MINE                                  BOONE"]
[{"$nulls":9},"WV","4609153","S","SAMPLES MINE HIGHWALL MINER","KANAWHA","CATENARY COAL COMPANY LLC","039","BIT","54","4609153     S     SAMPLES MINE HIGHWALL MINER                                  KANAWHA"]
[{"$nulls":9},"WV","4609154","U","POCAHONTAS MINE","GREENBRIER","WHITE BUCK COAL COMPANY","025","BIT","54","4609154     U     POCAHONTAS MINE                                  GREENBRIER"]
[{"$nulls":9},"WV","4609155","S","SPRING CREEK ENERGY HUTCHINSON","NICHOLAS","RESOURCES LIMITED, LLC","067","BIT","54","4609155     S     SPRING CREEK ENERGY HUTCHINSON                                  NICHOLAS"]
[{"$nulls":9},"WV","4609157","S","MINE NO 10","MCDOWELL","COAL AMERICA INC","047","BIT","54","4609157     S     MINE NO 10                                  MCDOWELL"]
[{"$nulls":9},"WV","4609158","S","BEURY MOUNTAIN MINE NO 2","FAYETTE","MOUNTAIN ENERGY HOLDINGS, LLC","019","BIT","54","4609158     S     BEURY MOUNTAIN MINE NO 2                                  FAYETTE"]
[{"$nulls":9},"WV","4609160","S","AUGER MINE NO. 2","WYOMING","ROLLING S AUGERING, LLC","109","BIT","54","4609160     S     AUGER MINE NO. 2                                  WYOMING"]
[{"$nulls":9},"WV","4609162","P","DEEP WATER PREP PLANT P-2","FAYETTE","FRASURE CREEK MINING LLC","019","BIT","54","4609162     P     DEEP WATER PREP PLANT P-2                                  FAYETTE"]
[{"$nulls":9},"WV","4609163","U","ROUNDBOTTOM POWELLTON DEEP MINE","BOONE","ELK RUN COAL COMPANY","005","BIT","54","4609163     U     ROUNDBOTTOM POWELLTON DEEP MINE                                  BOONE"]
[{"$nulls":9},"WV","4609165","U","TRAIL MINE NO 1","MINGO","SPARTAN MINING COMPANY INC","059","BIT","54","4609165     U     TRAIL MINE NO 1                                  MINGO"]
[{"$nulls":9},"WV","4609166","S","FOUR MILE MINE","BOONE","THIN SEAM SYSTEMS, INC.","005","BIT","54","4609166     S     FOUR MILE MINE                                  BOONE"]
[{"$nulls":9},"WV","4609167","S","ADRIAN REFUSE AREA/ADRIAN PREP","UPSHUR","CARSON ONE MINING LLC","097","BIT","54","4609167     S     ADRIAN REFUSE AREA/ADRIAN PREP                                  UPSHUR"]
[{"$nulls":9},"WV","4609169","S","RIGGS SURFACE MINE","HARRISON","COALEX INC","033","BIT","54","4609169     S     RIGGS SURFACE MINE                                  HARRISON"]
[{"$nulls":9},"WV","4609170","S","FOUR MILE SURFACE MINE NO 2","KANAWHA","HANOVER RESOURCES LLC","039","BIT","54","4609170     S     FOUR MILE SURFACE MINE NO 2                                  KANAWHA"]
[{"$nulls":9},"WV","4609171","U","ROCKLICK COALBURG DEEP MINE","CLAY","LITTLE EAGLE COAL COMPANY LLC","015","BIT","54","4609171     U     ROCKLICK COALBURG DEEP MINE                                  CLAY"]
[{"$nulls":9},"WV","4609172","U","MOUNTAINEER POCAHONTAS MINE ","GREENBRIER","WEST VIRGINIA MINE POWER, INC.","025","BIT","54","4609172     U     MOUNTAINEER POCAHONTAS MINE                                   GREENBRIER"]
[{"$nulls":9},"WV","4609173","U","MINE NO 1A","LOGAN","MARE DEVELOPMENT LLC","045","BIT","54","4609173     U     MINE NO 1A                                  LOGAN"]
[{"$nulls":9},"WV","4609174","S","SPRUCE NO. 1 MINE","LOGAN","EAGLE CREEK MINING LLC","045","BIT","54","4609174     S     SPRUCE NO. 1 MINE                                  LOGAN"]
[{"$nulls":9},"WV","4609175","P","MOUNTAINEER NO. 1 LOADOUT","GREENBRIER","WEST VIRGINIA MINE POWER, INC","025","BIT","54","4609175     P     MOUNTAINEER NO. 1 LOADOUT                                  GREENBRIER"]
[{"$nulls":9},"WV","4609176","S","BEETREE SURFACE MINE","RALEIGH","MARFORK COAL COMPANY","081","BIT","54","4609176     S     BEETREE SURFACE MINE                                  RALEIGH"]
[{"$nulls":9},"WV","4609177","U","BIG BRANCH NO 1 BELT MINE","MINGO","CONSOL OF KENTUCKY INC","059","BIT","54","4609177     U     BIG BRANCH NO 1 BELT MINE                                  MINGO"]
[{"$nulls":9},"WV","4609178","S","SOUTH HARRISON MINE","HARRISON","UNITED COALS INC","033","BIT","54","4609178     S     SOUTH HARRISON MINE                                  HARRISON"]
[{"$nulls":9},"WV","4609179","P","BROAD RUN PREP PLANT","MASON","BIG RIVER MINING, LLC","053","BIT","54","4609179     P     BROAD RUN PREP PLANT                                  MASON"]
[{"$nulls":9},"WV","4609180","U","APACHE MINE","MCDOWELL","THE NEW WEST VIRGINIA MINING C","047","BIT","54","4609180     U     APACHE MINE                                  MCDOWELL"]
[{"$nulls":9},"WV","4609182","S","HIGHWALL MINER #1","MCDOWELL","TWIN STATE MINING INC","047","BIT","54","4609182     S     HIGHWALL MINER #1                                  MCDOWELL"]
[{"$nulls":9},"WV","4609185","S","MT-13/500","MINGO","CONSOL OF KENTUCKY INC","059","BIT","54",{"$f":"K2693&\"     \"&L2693&\"     \"&M2693&\"                                  \"&N2693","v":"4609185     S     MT-13/500                                  MINGO"}]
[{"$nulls":9},"WV","4609186","U","STOCKBURG NO 3 MINE","BOONE","REMINGTON LLC","005","BIT","54","4609186     U     STOCKBURG NO 3 MINE                                  BOONE"]
[{"$nulls":9},"WV","4609187","U","NO 2 DEEP MINE","MINGO","ALPHA & OMEGA COAL COMPANY LLC","059","BIT","54","4609187     U     NO 2 DEEP MINE                                  MINGO"]
[{"$nulls":9},"WV","4609188","U","WESTCHESTER MINE","MCDOWELL","COBALT COAL CORP MINING, INC","047","BIT","54","4609188     U     WESTCHESTER MINE                                  MCDOWELL"]
[{"$nulls":9},"WV","4609189","S","CASEY CREEK NO. 1 SURFACE MINE","BOONE","HILLSIDE MINING COMPANY","005","BIT","54","4609189     S     CASEY CREEK NO. 1 SURFACE MINE                                  BOONE"]
[{"$nulls":9},"WV","4609191","P","TYGART #1 PREPARATION PLANT/RE","TAYLOR","ICG TYGART VALLEY LLC","091","BIT","54","4609191     P     TYGART #1 PREPARATION PLANT/RE                                  TAYLOR"]
[{"$nulls":9},"WV","4609192","U","TYGART #1 MINE","TAYLOR","ICG TYGART VALLEY LLC","091","BIT","54","4609192     U     TYGART #1 MINE                                  TAYLOR"]
[{"$nulls":9},"WV","4609193","U","PARKER PEERLESS MINE","RALEIGH","MARFORK COAL COMPANY INC","081","BIT","54","4609193     U     PARKER PEERLESS MINE                                  RALEIGH"]
[{"$nulls":9},"WV","4609194","U","MINE NO 3","MINGO","C K COAL CORP","059","BIT","54","4609194     U     MINE NO 3                                  MINGO"]
[{"$nulls":9},"WV","4609195","S","MINE #1 HIGHWALL MINER","MINGO","PREMIUM ENERGY LLC","059","BIT","54","4609195     S     MINE #1 HIGHWALL MINER                                  MINGO"]
[{"$nulls":9},"WV","4609196","S","PIEDMONT MINE","MINERAL","DUCKWORTH COAL INC","057","BIT","54","4609196     S     PIEDMONT MINE                                  MINERAL"]
[{"$nulls":9},"WV","4609198","U","CARETTA #3 MINE","MCDOWELL","RS MINING INC","047","BIT","54","4609198     U     CARETTA #3 MINE                                  MCDOWELL"]
[{"$nulls":9},"WV","4609201","U","EAGLE #2 MINE","WYOMING","RHINO EASTERN LLC","109","BIT","54","4609201     U     EAGLE #2 MINE                                  WYOMING"]
[{"$nulls":9},"WV","4609204","S","SALYER SURFACE MINE","LOGAN","HIGHLAND MINING COMPANY","045","BIT","54","4609204     S     SALYER SURFACE MINE                                  LOGAN"]
[{"$nulls":9},"WV","4609205","S","NO. 1 HIGH WALL MINER","BOONE","PROGRESS COAL COMPANY","005","BIT","54","4609205     S     NO. 1 HIGH WALL MINER                                  BOONE"]
[{"$nulls":9},"WV","4609206","U","WIDEN NO. 1 UNDERGROUND MINE","NICHOLAS","ATLANTIC LEASECO, LLC","067","BIT","54","4609206     U     WIDEN NO. 1 UNDERGROUND MINE                                  NICHOLAS"]
[{"$nulls":9},"WV","4609207","U","MINE NO 2","MCDOWELL","HARMAN BRANCH MINING INC","047","BIT","54","4609207     U     MINE NO 2                                  MCDOWELL"]
[{"$nulls":9},"WV","4609208","U","MEARNS NO. 1 UNDERGROUND MINE","NICHOLAS","ATLANTIC LEASECO, LLC","067","BIT","54","4609208     U     MEARNS NO. 1 UNDERGROUND MINE                                  NICHOLAS"]
[{"$nulls":9},"WV","4609209","U","DEEP MINE NO 15","FAYETTE","FRASURE CREEK MINING LLC","019","BIT","54","4609209     U     DEEP MINE NO 15                                  FAYETTE"]
[{"$nulls":9},"WV","4609210","U","MOUNTAINEER POCAHONTAS MINE NO","GREENBRIER","WEST VIRGINIA MINE POWER, INC.","025","BIT","54","4609210     U     MOUNTAINEER POCAHONTAS MINE NO                                  GREENBRIER"]
[{"$nulls":9},"WV","4609211","S","SQUIRE JIM NO 2 MINE","MCDOWELL","CONSOLIDATION COAL COMPANY","047","BIT","54","4609211     S     SQUIRE JIM NO 2 MINE                                  MCDOWELL"]
[{"$nulls":9},"WV","4609212","U","PANTHER EAGLE MINE","RALEIGH","MARFORK COAL COMPANY","081","BIT","54","4609212     U     PANTHER EAGLE MINE                                  RALEIGH"]
[{"$nulls":9},"WV","4609213","U","BECKLEY NO. 3","WYOMING","BAYLOR MINING, INC.","109","BIT","54","4609213     U     BECKLEY NO. 3                                  WYOMING"]
[{"$nulls":9},"WV","4609215","U","UPPER CEDAR GROVE MINE NO 5","MINGO","GLEN ALUM OPERATIONS, LLC","059","BIT","54","4609215     U     UPPER CEDAR GROVE MINE NO 5                                  MINGO"]
[{"$nulls":9},"WV","4609216","P","BECKLEY POCAHONTAS PLANT","RALEIGH","ICG BECKLEY LLC","081","BIT","54","4609216     P     BECKLEY POCAHONTAS PLANT                                  RALEIGH"]
[{"$nulls":9},"WV","4609217","U","POWELLTON #1 MINE","LOGAN","CLIFFS LOGAN COUNTY COAL, LLC","045","BIT","54","4609217     U     POWELLTON #1 MINE                                  LOGAN"]
[{"$nulls":9},"WV","4609218","P","GLENCO LOAD-OUT","FAYETTE","FRASURE CREEK MINING LLC","019","BIT","54","4609218     P     GLENCO LOAD-OUT                                  FAYETTE"]
[{"$nulls":9},"WV","4609219","S","HIGHWALL MINER #2","HAMPSHIRE","TWIN STATE MINING, INC.","027","BIT","54","4609219     S     HIGHWALL MINER #2                                  HAMPSHIRE"]
[{"$nulls":9},"WV","4609220","S","BEARPEN SURFACE MINE","NICHOLAS","ICG EASTERN LLC","067","BIT","54","4609220     S     BEARPEN SURFACE MINE                                  NICHOLAS"]
[{"$nulls":9},"WV","4609221","U","SLABCAMP","KANAWHA","MAMMOTH COAL CO.","039","BIT","54","4609221     U     SLABCAMP                                  KANAWHA"]
[{"$nulls":9},"WV","4609222","U","GREEN RIDGE #2","WYOMING","PINNACLE MINING COMPANY, LLC","109","BIT","54","4609222     U     GREEN RIDGE #2                                  WYOMING"]
[{"$nulls":9},"WV","4609223","U","ALMA NO 2 MINE","MINGO","GLEN ALUM OPERATIONS, LLC","059","BIT","54","4609223     U     ALMA NO 2 MINE                                  MINGO"]
[{"$nulls":9},"WV","4609224","U","GEORGE WASHINGTON MINE","PRESTON","WASHINGTON AND JEFFERSON COAL","077","BIT","54","4609224     U     GEORGE WASHINGTON MINE                                  PRESTON"]
[{"$nulls":9},"WV","4609225","U","MINE NO 4","MINGO","C K COAL CORP","059","BIT","54","4609225     U     MINE NO 4                                  MINGO"]
[{"$nulls":9},"WV","4609226","P","FIVE MILE PREP PLT & REFUSE IM","KANAWHA","MIDLAND TRAIL ENERGY, LLC","039","BIT","54","4609226     P     FIVE MILE PREP PLT & REFUSE IM                                  KANAWHA"]
[{"$nulls":9},"WV","4609227","U","DOUBLE CAMP NO. 1","WYOMING","FRONTIER COAL COMPANY, INC.","109","BIT","54","4609227     U     DOUBLE CAMP NO. 1                                  WYOMING"]
[{"$nulls":9},"WV","4609230","U","WINCHESTER MINE","KANAWHA","REMINGTON LLC","039","BIT","54","4609230     U     WINCHESTER MINE                                  KANAWHA"]
[{"$nulls":9},"WV","4609231","U","COALBURG NO. 2 MINE","KANAWHA","NEWTOWN ENERGY, INC.","039","BIT","54","4609231     U     COALBURG NO. 2 MINE                                  KANAWHA"]
[{"$nulls":9},"WV","4609232","S","SUPERIOR HIGHWALL MINER # 54","BOONE","MASSEY ENERGY CO.","005","BIT","54","4609232     S     SUPERIOR HIGHWALL MINER # 54                                  BOONE"]
[{"$nulls":9},"WV","4609233","U","ISAAC'S RUN MINE #1 DEEP","BARBOUR","UNITED COALS, INC.","001","BIT","54","4609233     U     ISAAC'S RUN MINE #1 DEEP                                  BARBOUR"]
[{"$nulls":9},"WV","4609237","U","ALLOY POWELLTON","FAYETTE","MAMMOTH COAL CO.","019","BIT","54","4609237     U     ALLOY POWELLTON                                  FAYETTE"]
[{"$nulls":9},"WV","4609238","U","MATEWAN ENERGY MINE","MINGO","SPARTAN MINING COMPANY INC.","059","BIT","54","4609238     U     MATEWAN ENERGY MINE                                  MINGO"]
[{"$nulls":9},"WV","4609239","S","NO 2 CONTOUR & AUGER","WYOMING","JUSTICE HIGHWALL MINING INC","109","BIT","54","4609239     S     NO 2 CONTOUR & AUGER                                  WYOMING"]
[{"$nulls":9},"WV","4609240","U","PARKER PEERLESS II MINE","RALEIGH","MARFORK COAL COMPANY INC","081","BIT","54","4609240     U     PARKER PEERLESS II MINE                                  RALEIGH"]
[{"$nulls":9},"WV","4609242","S","WEST FORK SURFACE MINE NO 1","MINGO","ALEX ENERGY INC.","059","BIT","54","4609242     S     WEST FORK SURFACE MINE NO 1                                  MINGO"]
[{"$nulls":9},"WV","4609243","U","JIMS BRANCH NO 3B","WYOMING","BAYLOR MINING INC","109","BIT","54","4609243     U     JIMS BRANCH NO 3B                                  WYOMING"]
[{"$nulls":9},"WV","4609244","U","RANDOLPH MINE","BOONE","INMAN ENERGY","005","BIT","54","4609244     U     RANDOLPH MINE                                  BOONE"]
[{"$nulls":9},"WV","4609245","U","ISABAN DEEP MINE NO. 3","MINGO","FRASURE CREEK MINING LLC","059","BIT","54","4609245     U     ISABAN DEEP MINE NO. 3                                  MINGO"]
[{"$nulls":9},"WV","4609246","S","MIDLAND TRAIL SURFACE MINE NO","GREENBRIER","WEST VIRGINIA MINE POWER, INC.","025","BIT","54","4609246     S     MIDLAND TRAIL SURFACE MINE NO                                  GREENBRIER"]
[{"$nulls":9},"WV","4609251","U","WAR BRANCH NO. 2 MINE","MCDOWELL","RIVERSIDE ENERGY COMPANY, LLC","047","BIT","54","4609251     U     WAR BRANCH NO. 2 MINE                                  MCDOWELL"]
[{"$nulls":9},"WV","4609254","U","HATFIELD ENERGY MINE","LOGAN","SPARTAN MINING COMPANY INC.","045","BIT","54","4609254     U     HATFIELD ENERGY MINE                                  LOGAN"]
[{"$nulls":9},"WV","4609255","S","MCMILLION CREEK MINE #4","NICHOLAS","EAGLE RIDGE DEVELOPMENT GROUP","067","BIT","54","4609255     S     MCMILLION CREEK MINE #4                                  NICHOLAS"]
[{"$nulls":9},"WV","4609257","U","JOHNNY CAKE MINE","MCDOWELL","MCCM LLC","047","BIT","54","4609257     U     JOHNNY CAKE MINE                                  MCDOWELL"]
[{"$nulls":9},"WV","4609258","U","PEERLESS RACHEL MINE","BOONE","NEWTOWN ENERGY, INC.","005","BIT","54","4609258     U     PEERLESS RACHEL MINE                                  BOONE"]
[{"$nulls":9},"WV","4609259","U","CARROW FORK WINNIFREDE MINE","BOONE","NEWTOWN ENERGY, INC.","005","BIT","54","4609259     U     CARROW FORK WINNIFREDE MINE                                  BOONE"]
[{"$nulls":9},"WV","4609260","U","SEWELL MINE","MCDOWELL","SHANE COAL COMPANY","047","BIT","54","4609260     U     SEWELL MINE                                  MCDOWELL"]
[{"$nulls":9},"WV","4609261","U","MINE NO. 39","MCDOWELL","XMV, INC.","047","BIT","54","4609261     U     MINE NO. 39                                  MCDOWELL"]
[{"$nulls":9},"WV","4609263","S","SPIRIT #2","BOONE","SPARTAN MINING COMPANY","005","BIT","54","4609263     S     SPIRIT #2                                  BOONE"]
[{"$nulls":9},"WV","4609265","U","WEST NEELY BRANCH DEEP MINE","MINGO","SOUTHERN WEST VIRGINIA RESOURC","059","BIT","54","4609265     U     WEST NEELY BRANCH DEEP MINE                                  MINGO"]
[{"$nulls":9},"WV","4609266","U","HOMINY CREEK MINE","NICHOLAS","WHITE BUCK COAL COMPANY","067","BIT","54","4609266     U     HOMINY CREEK MINE                                  NICHOLAS"]
[{"$nulls":9},"WV","4609267","S","HUMPHREY NO. 7 MINE","MONONGALIA","LP MINERAL LLC","061","WC","54","4609267     S     HUMPHREY NO. 7 MINE                                  MONONGALIA"]
[{"$nulls":9},"WV","4609267","S","HUMPHREY NO. 7 MINE","MONONGALIA","LP MINERAL LLC","061","BIT","54","4609267     S     HUMPHREY NO. 7 MINE                                  MONONGALIA"]
[{"$nulls":9},"WV","4609269","U","MINE NO 8","MINGO","SPARTAN MINING CO.","059","BIT","54","4609269     U     MINE NO 8                                  MINGO"]
[{"$nulls":9},"WV","4609270","U","GUYANDOTTE ENERGY SLOPE MINE ","WYOMING","SPARTAN MINING COMPANY INCORPO","109","BIT","54","4609270     U     GUYANDOTTE ENERGY SLOPE MINE                                   WYOMING"]
[{"$nulls":9},"WV","4609271","U","MINE NO 3","MCDOWELL","AMBUSH MINING INC","047","BIT","54",{"$f":"K2757&\"     \"&L2757&\"     \"&M2757&\"                                  \"&N2757","v":"4609271     U     MINE NO 3                                  MCDOWELL"}]
[{"$nulls":9},"WV","4609272","U","LOWER ALMA NO 6","MINGO","GLEN ALUM OPERATIONS, LLC","059","BIT","54","4609272     U     LOWER ALMA NO 6                                  MINGO"]
[{"$nulls":9},"WV","4609275","U","SHADRICK 5 BLOCK","KANAWHA","MAMMOTH COAL CO","039","BIT","54","4609275     U     SHADRICK 5 BLOCK                                  KANAWHA"]
[{"$nulls":9},"WV","4609277","U","ALMA NO 1 DEEP MINE","MINGO","CONSOL OF KENTUCKY INC.","059","BIT","54","4609277     U     ALMA NO 1 DEEP MINE                                  MINGO"]
[{"$nulls":9},"WV","4609279","U","NO. 3-A MINE","MINGO","ROCKHOUSE CREEK DEVELOPMENT LL","059","BIT","54","4609279     U     NO. 3-A MINE                                  MINGO"]
[{"$nulls":9},"WV","4609280","U","DINGESS CHILTON MINE","LOGAN","CLIFFS LOGAN COUNTY COAL, LLC","045","BIT","54","4609280     U     DINGESS CHILTON MINE                                  LOGAN"]
[{"$nulls":9},"WV","4609281","U","NO. 6-A MINE","LOGAN","ROCKHOUSE CREEK DEVELOPMENT, L","045","BIT","54","4609281     U     NO. 6-A MINE                                  LOGAN"]
[{"$nulls":9},"WV","4609282","U","TRALEE MINE NO. 1","WYOMING","LO DOWN ENERGY, INC.","109","BIT","54","4609282     U     TRALEE MINE NO. 1                                  WYOMING"]
[{"$nulls":9},"WV","4609283","U","MINE 22","NICHOLAS","ALEX ENERGY INC","067","BIT","54","4609283     U     MINE 22                                  NICHOLAS"]
[{"$nulls":9},"WV","4609284","S","BAM 9","BARBOUR","BUNDY AUGER MINING INC","001","BIT","54","4609284     S     BAM 9                                  BARBOUR"]
[{"$nulls":9},"WV","4609285","S","BRIAR MOUNTAIN SURFACE MINE","KANAWHA","ED COAL INC","039","BIT","54","4609285     S     BRIAR MOUNTAIN SURFACE MINE                                  KANAWHA"]
[{"$nulls":9},"WV","4609286","S","MINE NO 6","BOONE","COAL RIVER MINING LLC","005","BIT","54","4609286     S     MINE NO 6                                  BOONE"]
[{"$nulls":9},"WV","4609287","U","KEPLER SEWELL MINE #1","WYOMING","SPARTAN MINING COMPANY","109","BIT","54","4609287     U     KEPLER SEWELL MINE #1                                  WYOMING"]
[{"$nulls":9},"WV","4609289","U","BLACK PEARL UNDERGROUND MINE","NICHOLAS","ATLANTIC LEASECO, LLC","067","BIT","54","4609289     U     BLACK PEARL UNDERGROUND MINE                                  NICHOLAS"]
[{"$nulls":9},"WV","4609291","U","MINE NO 1","MCDOWELL","BLUE RIDGE MINING, LLC","047","BIT","54","4609291     U     MINE NO 1                                  MCDOWELL"]
[{"$nulls":9},"WV","4609292","S","BUCK LILLY SURFACE MINE","GREENBRIER","WEST VIRGINIA MINE POWER, INC.","025","BIT","54","4609292     S     BUCK LILLY SURFACE MINE                                  GREENBRIER"]
[{"$nulls":9},"WV","4609293","U","HUNTER PEERLESS MINE","BOONE","ELK RUN COAL COMPANY","005","BIT","54","4609293     U     HUNTER PEERLESS MINE                                  BOONE"]
[{"$nulls":9},"WV","4609294","S","BUFFALO NO. 2 GAS DEEP MINE","LOGAN","COYOTE COAL COMPANY LLC","045","BIT","54","4609294     S     BUFFALO NO. 2 GAS DEEP MINE                                  LOGAN"]
[{"$nulls":9},"WV","4609295","S","TRACE BRANCH DEEP MINE","BOONE","COYOTE COAL COMPANY LLC","005","BIT","54","4609295     S     TRACE BRANCH DEEP MINE                                  BOONE"]
[{"$nulls":9},"WV","4609296","U","BC NO. 2 DEEP MINE","KANAWHA","MIDLAND TRAIL ENERGY LLC","039","BIT","54","4609296     U     BC NO. 2 DEEP MINE                                  KANAWHA"]
[{"$nulls":9},"WV","4609297","U","BC NO. 1 DEEP MINE","KANAWHA","MIDLAND TRAIL ENERGY LLC","039","BIT","54","4609297     U     BC NO. 1 DEEP MINE                                  KANAWHA"]
[{"$nulls":9},"WV","4609298","U","MINE NO. 40","MCDOWELL","XMV, INC.","047","BIT","54","4609298     U     MINE NO. 40                                  MCDOWELL"]
[{"$nulls":9},"WV","4609299","U","CEDAR GROVE #1 MINE","LOGAN","ARACOMA COAL COMPANY","045","BIT","54","4609299     U     CEDAR GROVE #1 MINE                                  LOGAN"]
[{"$nulls":9},"WV","4609300","S","REDHAWK SURFACE MINE","MCDOWELL","EXTRA ENERGY, INC.","047","BIT","54","4609300     S     REDHAWK SURFACE MINE                                  MCDOWELL"]
[{"$nulls":9},"WV","4609301","U","STILL RUN NO 3","WYOMING","BROOKS RUN MINING CO., LLC","109","BIT","54","4609301     U     STILL RUN NO 3                                  WYOMING"]
[{"$nulls":9},"WV","4609302","U","ARCO NO. 1 MINE","MARION","DANA MINING COMPANY, LLC","049","BIT","54","4609302     U     ARCO NO. 1 MINE                                  MARION"]
[{"$nulls":9},"WV","4609304","U","TWIN BRIDGES 2","HARRISON","UNITED COALS, INC","033","BIT","54","4609304     U     TWIN BRIDGES 2                                  HARRISON"]
[{"$nulls":9},"WV","4609307","U","MT-41","MINGO","CONSOL OF KENTUCKY INC","059","BIT","54","4609307     U     MT-41                                  MINGO"]
[{"$nulls":9},"WV","4609309","S","HILL FORK SURFACE MINE","BOONE","HOBET MINING LLC","005","BIT","54","4609309     S     HILL FORK SURFACE MINE                                  BOONE"]
[{"$nulls":9},"WV","4609310","U","NORTH EAGLE MINE","BOONE","NEWTOWN ENERGY, INC.","005","BIT","54","4609310     U     NORTH EAGLE MINE                                  BOONE"]
[{"$nulls":9},"WV","4609311","S","MINE NO. 1","MERCER","ONYX ENERGY, LLC","055","BIT","54","4609311     S     MINE NO. 1                                  MERCER"]
[{"$nulls":9},"WV","4609312","U","MINE NO. 9","MINGO","LAUREL CREEK CO., INC.","059","BIT","54","4609312     U     MINE NO. 9                                  MINGO"]
[{"$nulls":9},"WV","4609315","S","CENTRAL SHOP","WYOMING","BLUESTONE INDUSTRIES, INC.","109","BIT","54","4609315     S     CENTRAL SHOP                                  WYOMING"]
[{"$nulls":9},"WV","4609316","P","K-2 PLANT","WYOMING","NUFAC MINING COMPANY INC","109","BIT","54","4609316     P     K-2 PLANT                                  WYOMING"]
[{"$nulls":9},"WV","4609317","S","BOTTOM CREEK REFUSE REPROCESSI","MCDOWELL","HAZZARD'S EXCAVATING & TRUCKIN","047","BIT","54","4609317     S     BOTTOM CREEK REFUSE REPROCESSI                                  MCDOWELL"]
[{"$nulls":9},"WV","4609319","U","LOWER WAR EAGLE","WYOMING","CLIFFS LOGAN COUNTY COAL, LLC","109","BIT","54","4609319     U     LOWER WAR EAGLE                                  WYOMING"]
[{"$nulls":9},"WV","4609321","S","W4 AUGER","KANAWHA","WCA COAL AUGERING, INC.","039","BIT","54","4609321     S     W4 AUGER                                  KANAWHA"]
[{"$nulls":9},"WV","4609322","P","COWEN LOADOUT","WEBSTER","ATLANTIC LEASECO, LLC","101","BIT","54","4609322     P     COWEN LOADOUT                                  WEBSTER"]
[{"$nulls":9},"WV","4609323","S","BUFFALO MOUNTAIN SURFACE MINE","MINGO","CONSOL OF KENTUCKY INC","059","BIT","54","4609323     S     BUFFALO MOUNTAIN SURFACE MINE                                  MINGO"]
[{"$nulls":9},"WV","4609324","P","102 LOADOUT","BARBOUR","GOLD RESOURCES LLC","001","BIT","54","4609324     P     102 LOADOUT                                  BARBOUR"]
[{"$nulls":9},"WV","4609325","U","FORK CREEK NO 10 MINE","BOONE","COAL RIVER MINING LLC","005","BIT","54","4609325     U     FORK CREEK NO 10 MINE                                  BOONE"]
[{"$nulls":9},"WV","4609328","U","COOK MINE","BOONE","INDEPENDENCE COAL COMPANY","005","BIT","54","4609328     U     COOK MINE                                  BOONE"]
[{"$nulls":9},"WV","4609329","U","MINE NO 11","FAYETTE","FRASURE CREEK MINING LLC","019","BIT","54","4609329     U     MINE NO 11                                  FAYETTE"]
[{"$nulls":9},"WV","4609330","S","NICHOL AUGER","MCDOWELL","NICHOL AUGER MINING, LLC","047","BIT","54","4609330     S     NICHOL AUGER                                  MCDOWELL"]
[{"$nulls":9},"WV","4609331","S","WILLIAMS 1","HARRISON","COAL VALLEY LLC","033","BIT","54","4609331     S     WILLIAMS 1                                  HARRISON"]
[{"$nulls":9},"WV","4609332","S","MINE NO. 39A","MCDOWELL","XMV MINING, INC.","047","BIT","54","4609332     S     MINE NO. 39A                                  MCDOWELL"]
[{"$nulls":9},"WV","4609339","S","FALL ROCK MINE #6","FAYETTE","EAGLE RIDGE DEVELOPMENT GROUP","019","BIT","54","4609339     S     FALL ROCK MINE #6                                  FAYETTE"]
[{"$nulls":9},"WV","4609340","U","HORSE CREEK MINE NO 2","MCDOWELL","JJ&E COAL CORPORATION","047","BIT","54","4609340     U     HORSE CREEK MINE NO 2                                  MCDOWELL"]
[{"$nulls":9},"WV","4609341","S","WITCHER CREEK SURFACE MINE","KANAWHA","CATENARY COAL COMPANY LLC","039","BIT","54","4609341     S     WITCHER CREEK SURFACE MINE                                  KANAWHA"]
[{"$nulls":9},"WV","4609342","U","WINIFREDE 18 MINE","BOONE","EASTERN ASSOCIATED COAL LLC","005","BIT","54","4609342     U     WINIFREDE 18 MINE                                  BOONE"]
[{"$nulls":9},"WV","4609343","U","WORKMAN BRANCH DEEP MINE","BOONE","LAGO MINING, LLC","005","BIT","54","4609343     U     WORKMAN BRANCH DEEP MINE                                  BOONE"]
[{"$nulls":9},"WV","4609345","S","REMINING #3","MINGO","CAM MINING LLC","059","BIT","54","4609345     S     REMINING #3                                  MINGO"]
[{"$nulls":9},"WV","4609348","U","HORSE CREEK NO 1","MCDOWELL","BROOKS RUN MINING COMPANY, LLC","047","BIT","54","4609348     U     HORSE CREEK NO 1                                  MCDOWELL"]
[{"$nulls":9},"WV","4609350","S","AUGER #1 ED COAL INC","KANAWHA","G & R AUGERING INC","039","BIT","54","4609350     S     AUGER #1 ED COAL INC                                  KANAWHA"]
[{"$nulls":9},"WV","4609351","U","SUMTER","WEBSTER","BROOKS RUN MINING COMPANY LLC","101","BIT","54","4609351     U     SUMTER                                  WEBSTER"]
[{"$nulls":9},"WV","4609353","U","JACKSON BRIDGE 1","WEBSTER","BROOKS RUN MINING COMPANY LLC","101","BIT","54","4609353     U     JACKSON BRIDGE 1                                  WEBSTER"]
[{"$nulls":9},"WV","4609354","S","AUGER #2 ED COAL INC","KANAWHA","G & R AUGERING INC","039","BIT","54","4609354     S     AUGER #2 ED COAL INC                                  KANAWHA"]
[{"$nulls":9},"WV","4609355","U","BECKLEY SEAM MINE","RALEIGH","MARFORK COAL COMPANY INC.","081","BIT","54","4609355     U     BECKLEY SEAM MINE                                  RALEIGH"]
[{"$nulls":9},"WV","4609356","U","WESTIGAN NO 2 MINE","WYOMING","RIVERSIDE ENERGY COMPANY LLC","109","BIT","54","4609356     U     WESTIGAN NO 2 MINE                                  WYOMING"]
[{"$nulls":9},"WV","4609357","P","COUGAR PROCESSING PLANT","MCDOWELL","COUGAR PROCESSING LLC","047","BIT","54","4609357     P     COUGAR PROCESSING PLANT                                  MCDOWELL"]
[{"$nulls":9},"WV","4609358","U","MINE NO. 8","MCDOWELL","ROCK N ROLL COMPANY COAL COMPA","047","BIT","54","4609358     U     MINE NO. 8                                  MCDOWELL"]
[{"$nulls":9},"WV","4609359","U","BEAR MOUNTAIN OPERATION","UPSHUR","SRP, LLC","097","BIT","54","4609359     U     BEAR MOUNTAIN OPERATION                                  UPSHUR"]
[{"$nulls":9},"WV","4609360","S","LOTTS FORK MINE","BOONE","PINE RIDGE COAL COMPANY LLC","005","BIT","54","4609360     S     LOTTS FORK MINE                                  BOONE"]
[{"$nulls":9},"WV","4609361","U","CEDAR GROVE #2 MINE","LOGAN","ARACOMA COAL COMPANY","045","BIT","54","4609361     U     CEDAR GROVE #2 MINE                                  LOGAN"]
[{"$nulls":9},"WV","4609362","U","SPRING BRANCH #3","MINGO","CONSOL OF KENTUCKY INC.","059","BIT","54",{"$f":"K2821&\"     \"&L2821&\"     \"&M2821&\"                                  \"&N2821","v":"4609362     U     SPRING BRANCH #3                                  MINGO"}]
[{"$nulls":9},"WV","4609363","S","ROLLING S AUGERING MINE NO. 1","WYOMING","HANOVER RESOURCES, LLC","109","BIT","54","4609363     S     ROLLING S AUGERING MINE NO. 1                                  WYOMING"]
[{"$nulls":9},"WV","4609364","P","ZIGMOND PROCESSING","LOGAN","RUM CREEK COAL SALES INC","045","BIT","54","4609364     P     ZIGMOND PROCESSING                                  LOGAN"]
[{"$nulls":9},"WV","4609365","S","BALD KNOB SURFACE MINE","RALEIGH","CALDWELL TRAILBLAZER LLC","081","BIT","54","4609365     S     BALD KNOB SURFACE MINE                                  RALEIGH"]
[{"$nulls":9},"WV","4609368","S","LAUREL CREEK NO. 1 SURFACE MIN","RALEIGH","CALDWELL TRAILBLAZER, LLC","081","BIT","54","4609368     S     LAUREL CREEK NO. 1 SURFACE MIN                                  RALEIGH"]
[{"$nulls":9},"WV","4609369","U","BISMARCK  MINE","GRANT","VINDEX ENERGY CORP,","023","BIT","54","4609369     U     BISMARCK  MINE                                  GRANT"]
[{"$nulls":9},"WV","4609371","U","SAYLOR B","WEBSTER","BROOKS RUN MINING COMPANY, LLC","101","BIT","54","4609371     U     SAYLOR B                                  WEBSTER"]
[{"$nulls":9},"WV","4609372","S","BRUSHY FORK MINE","HARRISON","HANOVER RESOURCES, LLC","033","BIT","54","4609372     S     BRUSHY FORK MINE                                  HARRISON"]
[{"$nulls":9},"WV","4609373","U","LEFT FORK NO. 1 DEEP MINE","NICHOLAS","ICG EASTERN LLC","067","BIT","54","4609373     U     LEFT FORK NO. 1 DEEP MINE                                  NICHOLAS"]
[{"$nulls":9},"WV","4609374","S","SUPERIOR HIGHWALL MINER 67R100","BARBOUR","HANOVER RESOURCES, LLC.","001","BIT","54","4609374     S     SUPERIOR HIGHWALL MINER 67R100                                  BARBOUR"]
[{"$nulls":9},"WV","4609376","S","SLIP RIDGE CONTOUR","RALEIGH","MARFORK COAL COMPANY","081","BIT","54","4609376     S     SLIP RIDGE CONTOUR                                  RALEIGH"]
[{"$nulls":9},"WV","4609378","U","MINE NO. 42","MCDOWELL","XMV, INC.","047","BIT","54","4609378     U     MINE NO. 42                                  MCDOWELL"]
[{"$nulls":9},"WV","4609379","S","MINE #89","BOONE","COAL RIVER MINING, LLC","005","BIT","54","4609379     S     MINE #89                                  BOONE"]
[{"$nulls":9},"WV","4609380","S","BEACON KNOB MINE","TUCKER","BEACON RESOURCES INC.","093","BIT","54","4609380     S     BEACON KNOB MINE                                  TUCKER"]
[{"$nulls":9},"WV","4609383","U","MINE NO 1","LOGAN","DB COAL MINING, LLC","045","BIT","54","4609383     U     MINE NO 1                                  LOGAN"]
[{"$nulls":9},"WV","4609385","S","MARION DOCKS INC","BARBOUR","MARION DOCKS INC","001","BIT","54","4609385     S     MARION DOCKS INC                                  BARBOUR"]
[{"$nulls":9},"WV","4609386","S","QUARRY NO 2","MCDOWELL","MT VIEW RESOURCES INC","047","BIT","54","4609386     S     QUARRY NO 2                                  MCDOWELL"]
[{"$nulls":9},"WV","4609387","U","LOWER WAR EAGLE MINE","MCDOWELL","RIVERSIDE ENERGY COMPANY LLC","047","BIT","54","4609387     U     LOWER WAR EAGLE MINE                                  MCDOWELL"]
[{"$nulls":9},"WV","4609388","U","MATEWAN NO. 2 MINE","BOONE","EASTERN ASSOCIATED COAL, LLC","005","BIT","54","4609388     U     MATEWAN NO. 2 MINE                                  BOONE"]
[{"$nulls":9},"WV","4609389","U","SPIDER RIDGE","WYOMING","PAY CAR MINING INC","109","BIT","54","4609389     U     SPIDER RIDGE                                  WYOMING"]
[{"$nulls":9},"WV","4609390","U","ELKLICK CHILTON NO 1","LOGAN","CLIFFS LOGAN COUNTY COAL, LLC","045","BIT","54","4609390     U     ELKLICK CHILTON NO 1                                  LOGAN"]
[{"$nulls":9},"WV","4609391","U","MARIANNA NO. 1 MINE","WYOMING","SPARTAN MINING COMPANY","109","BIT","54","4609391     U     MARIANNA NO. 1 MINE                                  WYOMING"]
[{"$nulls":9},"WV","4609392","U","CARETTA NO. 4","MCDOWELL","WA MINING, INC.","047","BIT","54","4609392     U     CARETTA NO. 4                                  MCDOWELL"]
[{"$nulls":9},"WV","4609395","S","DRY BRANCH SURFACE MINE","MCDOWELL","EXTRA ENERGY, INC.","047","BIT","54","4609395     S     DRY BRANCH SURFACE MINE                                  MCDOWELL"]
[{"$nulls":9},"WV","4609398","U","MINE NO. 11","MCDOWELL","SOUTHERN MINERALS, INC.","047","BIT","54","4609398     U     MINE NO. 11                                  MCDOWELL"]
[{"$nulls":9},"WV","4609399","P","ROARING CREEK PREPARATION PLAN","UPSHUR","ROARING CREEK COAL COMPANY LLC","097","BIT","54","4609399     P     ROARING CREEK PREPARATION PLAN                                  UPSHUR"]
[{"$nulls":9},"WV","4609400","S","OPUS MINE","KANAWHA","HANOVER RESOURCES, LLC","039","BIT","54","4609400     S     OPUS MINE                                  KANAWHA"]
[{"$nulls":9},"WV","4609401","U","ROARING CREEK MINE","UPSHUR","ROARING CREEK COAL COMPANY","097","BIT","54","4609401     U     ROARING CREEK MINE                                  UPSHUR"]
[{"$nulls":9},"WV","4609403","S","MINE NO 9","WAYNE","ARGUS ENERGY WV, LLC","099","BIT","54","4609403     S     MINE NO 9                                  WAYNE"]
[{"$nulls":9},"WV","4609405","U","CURTAIN SEWELL NO. 1 MINE","NICHOLAS","SPRING CREEK ENERGY COMPANY, L","067","BIT","54","4609405     U     CURTAIN SEWELL NO. 1 MINE                                  NICHOLAS"]
[{"$nulls":9},"WV","4609407","S","RAGER SURFACE MINE","TAYLOR","REBEKAH COAL COMPANY INC","091","BIT","54","4609407     S     RAGER SURFACE MINE                                  TAYLOR"]
[{"$nulls":9},"WV","4609409","S","SHM 12-66","LOGAN","LOGAN COUNTY MINE SERVICES INC","045","BIT","54","4609409     S     SHM 12-66                                  LOGAN"]
[{"$nulls":9},"WV","4609410","S","AUGER #3 ED COAL INC","KANAWHA","G&R AUGERING, INC","039","BIT","54","4609410     S     AUGER #3 ED COAL INC                                  KANAWHA"]
[{"$nulls":9},"WV","4609414","S","TOMMY CREEK HIGHWALL MINE NO.7","RALEIGH","COMMONWEALTH MINING, LLC","081","BIT","54","4609414     S     TOMMY CREEK HIGHWALL MINE NO.7                                  RALEIGH"]
[{"$nulls":9},"WV","4609415","S","TMS HW MINER NO. 1","LOGAN","TIM MARCUM & SONS, INC.","045","BIT","54","4609415     S     TMS HW MINER NO. 1                                  LOGAN"]
[{"$nulls":9},"WV","4609417","U","SQUIRE JIM NO 4 MINE","MCDOWELL","CONSOLIDATION COAL COMPANY","047","BIT","54","4609417     U     SQUIRE JIM NO 4 MINE                                  MCDOWELL"]
[{"$nulls":9},"WV","4609424","S","NO 3 DEEP MINE","MINGO","ALPHA & OMEGA COAL CO., LLC","059","BIT","54","4609424     S     NO 3 DEEP MINE                                  MINGO"]
[{"$nulls":9},"WV","4609426","S","GARLAND SURFACE MINE","MCDOWELL","STOLLINGS TRUCKING CO., INC.","047","BIT","54","4609426     S     GARLAND SURFACE MINE                                  MCDOWELL"]
[{"$nulls":9},"WV","4609428","S","NO. 10","WAYNE","ARGUS ENERGY WV LLC","099","BIT","54","4609428     S     NO. 10                                  WAYNE"]
[{"$nulls":9},"WV","4609431","S","SPICE CREEK STRIP","MCDOWELL","TWILIGHT ENERGY, LLC","047","BIT","54","4609431     S     SPICE CREEK STRIP                                  MCDOWELL"]
[{"$nulls":9},"WY","4800083","S","WYODAK MINE","CAMPBELL","WYODAK RESOURCES DEVELOPMENT C","005","SUB","56","4800083     S     WYODAK MINE                                  CAMPBELL"]
[{"$nulls":9},"WY","4800086","S","KEMMERER MINE","LINCOLN","CHEVRON MINING INC","023","BIT","56","4800086     S     KEMMERER MINE                                  LINCOLN"]
[{"$nulls":9},"WY","4800086","S","KEMMERER MINE","LINCOLN","CHEVRON MINING INC","023","SUB","56","4800086     S     KEMMERER MINE                                  LINCOLN"]
[{"$nulls":9},"WY","4800677","S","JIM BRIDGER MINE","SWEETWATER","BRIDGER COAL COMPANY","037","BIT","56","4800677     S     JIM BRIDGER MINE                                  SWEETWATER"]
[{"$nulls":9},"WY","4800677","S","JIM BRIDGER MINE","SWEETWATER","BRIDGER COAL COMPANY","037","SUB","56","4800677     S     JIM BRIDGER MINE                                  SWEETWATER"]
[{"$nulls":9},"WY","4800732","S","BELLE AYR MINE","CAMPBELL","ALPHA COAL WEST, INC.","005","SUB","56","4800732     S     BELLE AYR MINE                                  CAMPBELL"]
[{"$nulls":9},"WY","4800828","S","SEMINOE II MINE","CARBON","ARCH OF WYOMING LLC","007","BIT","56","4800828     S     SEMINOE II MINE                                  CARBON"]
[{"$nulls":9},"WY","4800977","S","BLACK THUNDER","CAMPBELL","THUNDER BASIN COAL COMPANY LLC","005","SUB","56","4800977     S     BLACK THUNDER                                  CAMPBELL"]
[{"$nulls":9},"WY","4800992","S","CORDERO MINE","CAMPBELL","CORDERO MINING LLC","005","SUB","56","4800992     S     CORDERO MINE                                  CAMPBELL"]
[{"$nulls":9},"WY","4800993","S","RAWHIDE MINE","CAMPBELL","PEABODY CABALLO MINING, LLC","005","SUB","56","4800993     S     RAWHIDE MINE                                  CAMPBELL"]
[{"$nulls":9},"WY","4800995","S","GRASS CREEK MINE","HOT SPRINGS","GRASS CREEK COAL COMPANY","017","BIT","56","4800995     S     GRASS CREEK MINE                                  HOT SPRINGS"]
[{"$nulls":9},"WY","4800997","S","JACOBS RANCH MINE","CAMPBELL","JACOBS RANCH COAL","005","SUB","56","4800997     S     JACOBS RANCH MINE                                  CAMPBELL"]
[{"$nulls":9},"WY","4801034","S","CABALLO MINE","CAMPBELL","PEABODY CABALLO MINING, LLC","005","SUB","56","4801034     S     CABALLO MINE                                  CAMPBELL"]
[{"$nulls":9},"WY","4801078","S","EAGLE BUTTE MINE","CAMPBELL","ALPHA COAL WEST, INC.","005","SUB","56","4801078     S     EAGLE BUTTE MINE                                  CAMPBELL"]
[{"$nulls":9},"WY","4801180","S","BLACK BUTTE AND LEUCITE HILLS","SWEETWATER","BLACK BUTTE COAL COMPANY","037","BIT","56","4801180     S     BLACK BUTTE AND LEUCITE HILLS                                  SWEETWATER"]
[{"$nulls":9},"WY","4801180","S","BLACK BUTTE AND LEUCITE HILLS","SWEETWATER","BLACK BUTTE COAL COMPANY","037","SUB","56","4801180     S     BLACK BUTTE AND LEUCITE HILLS                                  SWEETWATER"]
[{"$nulls":9},"WY","4801200","S","BUCKSKIN MINE","CAMPBELL","KIEWIT MINING GROUP","005","SUB","56","4801200     S     BUCKSKIN MINE                                  CAMPBELL"]
[{"$nulls":9},"WY","4801215","S","COAL CREEK MINE","CAMPBELL","THUNDER BASIN COAL COMPANY LLC","005","SUB","56","4801215     S     COAL CREEK MINE                                  CAMPBELL"]
[{"$nulls":9},"WY","4801248","S","SYNTHETIC FUELS","CAMPBELL","GREEN BRIDGE HOLDINGS, INC.","005","SUB","56","4801248     S     SYNTHETIC FUELS                                  CAMPBELL"]
[{"$nulls":9},"WY","4801337","S","ANTELOPE COAL MINE","CONVERSE","ANTELOPE COAL LLC","009","SUB","56","4801337     S     ANTELOPE COAL MINE                                  CONVERSE"]
[{"$nulls":9},"WY","4801353","S","NORTH ANTELOPE ROCHELLE MINE","CAMPBELL","PEABODY POWDER RIVER MINING LL","005","SUB","56","4801353     S     NORTH ANTELOPE ROCHELLE MINE                                  CAMPBELL"]
[{"$nulls":9},"WY","4801355","S","SCHOOL CREEK","CAMPBELL","PEABODY SCHOOL CREEK MINING LL","005","SUB","56","4801355     S     SCHOOL CREEK                                  CAMPBELL"]
[{"$nulls":9},"WY","4801429","S","DRY FORK MINE","CAMPBELL","WESTERN FUELS-WYOMING INC","005","SUB","56","4801429     S     DRY FORK MINE                                  CAMPBELL"]
[{"$nulls":9},"WY","4801645","S","ADDCAR SYSTEM 18 HWM SERIAL NO","SWEETWATER","ICG ADDCAR SYSTEMS LLC","037","BIT","56","4801645     S     ADDCAR SYSTEM 18 HWM SERIAL NO                                  SWEETWATER"]
[{"$nulls":9},"WY","4801646","U","BRIDGER UNDERGROUND COAL MINE","SWEETWATER","BRIDGER COAL COMPANY","037","BIT","56",{"$f":"K2885&\"     \"&L2885&\"     \"&M2885&\"                                  \"&N2885","v":"4801646     U     BRIDGER UNDERGROUND COAL MINE                                  SWEETWATER"}]
[{"$nulls":9},"WY","4801646","U","BRIDGER UNDERGROUND COAL MINE","SWEETWATER","BRIDGER COAL COMPANY","037","SUB","56","4801646     U     BRIDGER UNDERGROUND COAL MINE                                  SWEETWATER"]
[{"$nulls":9},"WY","4801694","S","ELK MOUNTAIN MINE","CARBON","ARCH OF WYOMING LLC","007","BIT","56","4801694     S     ELK MOUNTAIN MINE                                  CARBON"]
[{"$nulls":9},"WY","4801725","S","ROCKY MOUNTAIN COAL COMPANY","SWEETWATER","ROCKY MOUNTAIN COAL COMPANY","037","BIT","56","4801725     S     ROCKY MOUNTAIN COAL COMPANY                                  SWEETWATER"]
[{"$nulls":9},"AK","5000030","S","USIBELLI","YUKON-KOYUKUK CENSUS","USIBELLI COAL MINE INC","290","SUB","54","5000030     S     USIBELLI                                  YUKON-KOYUKUK CENSUS"]
[{"$nulls":9},"VA","NA","S","STEER BRANCH - INTERSTATE","WISE","RED RIVER COAL CO.","195","BIT","51","NA     S     STEER BRANCH - INTERSTATE                                  WISE"]
[{"$nulls":9},"TN","NA","S","STRANDED COAL FROM BARGES","NA","COMPANY NAME UNAVAILABLE","NA","BIT","47","NA     S     STRANDED COAL FROM BARGES                                  NA"]
[{"$nulls":9},"KY","NA","S","STUART OR 404","BOYD","COMPANY NAME UNAVAILABLE","019","BIT","21","NA     S     STUART OR 404                                  BOYD"]
[{"$nulls":9},"KY","NA","P","STUART OR 404","BOYD","COMPANY NAME UNAVAILABLE","019","BIT","21","NA     P     STUART OR 404                                  BOYD"]
[{"$nulls":9},"WV","NA","S","SYLVESTER - KANAWHA","BOONE","ELK RUN COAL","005","BIT","54","NA     S     SYLVESTER - KANAWHA                                  BOONE"]
[{"$nulls":9},"WV","NA","P","SYLVESTER - KANAWHA","BOONE","ELK RUN COAL","005","BIT","54","NA     P     SYLVESTER - KANAWHA                                  BOONE"]
[{"$nulls":9},"IS","NA","S","TEGUH SINAR ABADI","IMPORTED COAL","CONSTELLATION","IMP","BIT","NA","NA     S     TEGUH SINAR ABADI                                  IMPORTED COAL"]
[{"$nulls":9},"KY","NA","S","THOROUGHBRED BSR 8.3 ","BOYD","COMPANY NAME UNAVAILABLE","019","BIT","21","NA     S     THOROUGHBRED BSR 8.3                                   BOYD"]
[{"$nulls":9},"KY","NA","P","THOROUGHBRED BSR 8.3 ","BOYD","COMPANY NAME UNAVAILABLE","019","BIT","21","NA     P     THOROUGHBRED BSR 8.3                                   BOYD"]
[{"$nulls":9},"OH","NA","S","TIDD PROPERTY","JEFFERSON","SEDEX MINING CORP","081","BIT","39","NA     S     TIDD PROPERTY                                  JEFFERSON"]
[{"$nulls":9},"WV","NA","S","TOMS FORK - KANAWHA","KANAWHA","PATRIOT COAL","039","BIT","54","NA     S     TOMS FORK - KANAWHA                                  KANAWHA"]
[{"$nulls":9},"KY","NA","P","TYPO - HAZARD","PERRY","ICG HAZARD","193","BIT","21","NA     P     TYPO - HAZARD                                  PERRY"]
[{"$nulls":9},"PA","NA","P","VARIOUS WC REFUSE RECLAMATION SITES","BEDFORD","COMPANY NAME UNAVAILABLE","009","WC","42","NA     P     VARIOUS WC REFUSE RECLAMATION SITES                                  BEDFORD"]
[{"$nulls":9},"PA","NA","P","VARIOUS WC REFUSE RECLAMATION SITES","SOMERSET","COMPANY NAME UNAVAILABLE","111","WC","42","NA     P     VARIOUS WC REFUSE RECLAMATION SITES                                  SOMERSET"]
[{"$nulls":9},"IS","NA","S","WAHANA BARATAMA","IMPORTED COAL","CONSTELLATION","IMP","BIT","NA","NA     S     WAHANA BARATAMA                                  IMPORTED COAL"]
[{"$nulls":9},"OH","NA","P","WARRENTON RIVER TERMINAL OR 81.0","JEFFERSON","WARRENTON / OC&C TERMINAL INC","081","BIT","39","NA     P     WARRENTON RIVER TERMINAL OR 81.0                                  JEFFERSON"]
[{"$nulls":9},"WV","NA","S","WAYNE COUNTY BSR 7.65 ","WAYNE","COMPANY NAME UNAVAILABLE","099","BIT","54","NA     S     WAYNE COUNTY BSR 7.65                                   WAYNE"]
[{"$nulls":9},"WV","NA","P","WAYNE COUNTY BSR 7.65 ","WAYNE","COMPANY NAME UNAVAILABLE","099","BIT","54","NA     P     WAYNE COUNTY BSR 7.65                                   WAYNE"]
[{"$nulls":9},"WV","NA","S","WAYNE COUNTY TERMINAL BSR 7.6 ","WAYNE","COMPANY NAME UNAVAILABLE","099","BIT","54","NA     S     WAYNE COUNTY TERMINAL BSR 7.6                                   WAYNE"]
[{"$nulls":9},"WV","NA","P","WAYNE COUNTY TERMINAL BSR 7.6 ","WAYNE","COMPANY NAME UNAVAILABLE","099","BIT","54","NA     P     WAYNE COUNTY TERMINAL BSR 7.6                                   WAYNE"]
[{"$nulls":9},"IL","NA","P","WC FROM RECLAMATION SITE","WILLIAMSON","COMPANY NAME UNAVAILABLE","199","WC","17","NA     P     WC FROM RECLAMATION SITE                                  WILLIAMSON"]
[{"$nulls":9},"WV","NA","P","WEIRTON TERM OR 66.0","NA","WEIRTON ICE & COAL SUPPLY CO.","NA","BIT","54","NA     P     WEIRTON TERM OR 66.0                                  NA"]
[{"$nulls":9},"WV","NA","S","WV/KY MINES - KANAWHA/LAWRENCE/BREATHITT","KANAWHA","COMPANY NAME UNAVAILABLE","039","BIT","54","NA     S     WV/KY MINES - KANAWHA/LAWRENCE/BREATHITT                                  KANAWHA"]
[{"$nulls":9},"KY","NA","S","CAVE BRANCH PREP PLANT","HARLAN","BLACK MOUNTAIN RESOURCES","095","BIT","21","NA     S     CAVE BRANCH PREP PLANT                                  HARLAN"]
[{"$nulls":9},"WV","NA","S","Moundsville OR MP 93.5","MARSHALL","NA","051","BIT","54","NA     S     Moundsville OR MP 93.5                                  MARSHALL"]
[{"$nulls":9},"KY","NA","S","SMALLHOUSE GR 76.6","CAMPBELL","ARMSTRONG COAL COMPANY","037","BIT","21","NA     S     SMALLHOUSE GR 76.6                                  CAMPBELL"]
[{"$nulls":9},"CL","NA","S","CALENTURITAS","IMPORTED COAL","GLENCORE","IMP","BIT","NA","NA     S     CALENTURITAS                                  IMPORTED COAL"]
[{"$nulls":9},"WV","NA","S","MULTIPLE WV MINES - HARRISON","HARRISON","COMPANY NAME UNAVAILABLE","033","BIT","54","NA     S     MULTIPLE WV MINES - HARRISON                                  HARRISON"]
[{"$nulls":9},"IN","NA","P","MULZER - CHARLESTOWN OR 585","NA","COMPANY NAME UNAVAILABLE","NA","BIT","18","NA     P     MULZER - CHARLESTOWN OR 585                                  NA"]
[{"$nulls":9},"WV","NA","S","OMAR - KANAWHA","BOONE","COMPANY NAME UNAVAILABLE","005","BIT","54","NA     S     OMAR - KANAWHA                                  BOONE"]
[{"$nulls":9},"WV","NA","P","OMAR - KANAWHA","BOONE","COMPANY NAME UNAVAILABLE","005","BIT","54","NA     P     OMAR - KANAWHA                                  BOONE"]
[{"$nulls":9},"WV","NA","S","ORCO KENOVA OR 316.7 ","WAYNE","COMPANY NAME UNAVAILABLE","099","BIT","54","NA     S     ORCO KENOVA OR 316.7                                   WAYNE"]
[{"$nulls":9},"WV","NA","P","ORCO KENOVA OR 316.7 ","WAYNE","COMPANY NAME UNAVAILABLE","099","BIT","54","NA     P     ORCO KENOVA OR 316.7                                   WAYNE"]
[{"$nulls":9},"VA","NA","S","PARAGON - INTERSTATE","WISE","AIRWAY RESOURCES","195","BIT","51","NA     S     PARAGON - INTERSTATE                                  WISE"]
[{"$nulls":9},"VA","NA","P","PARAGON - INTERSTATE","WISE","AIRWAY RESOURCES","195","BIT","51","NA     P     PARAGON - INTERSTATE                                  WISE"]
[{"$nulls":9},"WV","NA","P","PARDEE - KANAWHA RATE DISTRICT","LOGAN","IMAGIN NATURAL RESOURCES","045","BIT","54","NA     P     PARDEE - KANAWHA RATE DISTRICT                                  LOGAN"]
[{"$nulls":9},"VZ","NA","S","PASO DIABLO","IMPORTED COAL","GUASARE","IMP","BIT","NA","NA     S     PASO DIABLO                                  IMPORTED COAL"]
[{"$nulls":9},"VZ","NA","S","PASO DIABLO & MINA NORTE","IMPORTED COAL","GUASARE","IMP","BIT","NA","NA     S     PASO DIABLO & MINA NORTE                                  IMPORTED COAL"]
[{"$nulls":9},"KY","NA","P","PATRIOT DOCK - GREEN RIVER MP 32","HENDERSON","GRAND EAGLE MINING","101","BIT","21","NA     P     PATRIOT DOCK - GREEN RIVER MP 32                                  HENDERSON"]
[{"$nulls":9},"KY","NA","S","PEN COAL DOCK BSR 4.7 ","BOYD","COMPANY NAME UNAVAILABLE","019","BIT","21","NA     S     PEN COAL DOCK BSR 4.7                                   BOYD"]
[{"$nulls":9},"KY","NA","P","PEN COAL DOCK BSR 4.7 ","BOYD","COMPANY NAME UNAVAILABLE","019","BIT","21","NA     P     PEN COAL DOCK BSR 4.7                                   BOYD"]
[{"$nulls":9},"WV","NA","S","PHILLIPS - KANAWHA","LOGAN","SNAP CREEK MINING","045","BIT","54","NA     S     PHILLIPS - KANAWHA                                  LOGAN"]
[{"$nulls":9},"WV","NA","P","PHILLIPS - KANAWHA","LOGAN","SNAP CREEK MINING","045","BIT","54","NA     P     PHILLIPS - KANAWHA                                  LOGAN"]
[{"$nulls":9},"OH","NA","S","PICKENS PIT","TUSCARAWAS","COMPANY NAME UNAVAILABLE","157","BIT","39","NA     S     PICKENS PIT                                  TUSCARAWAS"]
[{"$nulls":9},"VA","NA","S","PITTCO - CLINCHFIELD","RUSSELL","COMPANY NAME UNAVAILABLE","167","BIT","51","NA     S     PITTCO - CLINCHFIELD                                  RUSSELL"]
[{"$nulls":9},"VA","NA","P","PITTCO - CLINCHFIELD","RUSSELL","COMPANY NAME UNAVAILABLE","167","BIT","51","NA     P     PITTCO - CLINCHFIELD                                  RUSSELL"]
[{"$nulls":9},"KY","NA","S","PLACER DOCK BSR 4.5 ","BOYD","COMPANY NAME UNAVAILABLE","019","BIT","21","NA     S     PLACER DOCK BSR 4.5                                   BOYD"]
[{"$nulls":9},"KY","NA","P","PLACER DOCK BSR 4.5 ","BOYD","COMPANY NAME UNAVAILABLE","019","BIT","21","NA     P     PLACER DOCK BSR 4.5                                   BOYD"]
[{"$nulls":9},"WV","NA","S","POINT CREEK-MP79.1","KANAWHA","PRITCHARD MINING","039","BIT","54","NA     S     POINT CREEK-MP79.1                                  KANAWHA"]
[{"$nulls":9},"WV","NA","P","POLLY SIDING","MINGO","COMPANY NAME UNAVAILABLE","059","BIT","54","NA     P     POLLY SIDING                                  MINGO"]
[{"$nulls":9},"KY","NA","S","PONTIK I - KENOVA","MARTIN","PONTIKI COAL","159","BIT","21","NA     S     PONTIK I - KENOVA                                  MARTIN"]
[{"$nulls":9},"KY","NA","P","PONTIK I - KENOVA","MARTIN","PONTIKI COAL","159","BIT","21","NA     P     PONTIK I - KENOVA                                  MARTIN"]
[{"$nulls":9},"WV","NA","S","POWER MOUNTAIN - KANAWHA","NICHOLAS","POWER MOUNTAIN COAL COMPANY","067","BIT","54","NA     S     POWER MOUNTAIN - KANAWHA                                  NICHOLAS"]
[{"$nulls":9},"WV","NA","P","POWER MOUNTAIN - KANAWHA","NICHOLAS","POWER MOUNTAIN COAL COMPANY","067","BIT","54","NA     P     POWER MOUNTAIN - KANAWHA                                  NICHOLAS"]
[{"$nulls":9},"CL","NA","S","PUERTO PRODECO","IMPORTED COAL","COMPANY NAME UNAVAILABLE","IMP","BIT","NA","NA     S     PUERTO PRODECO                                  IMPORTED COAL"]
[{"$nulls":9},"WV","NA","S","QUINCY TERMINAL KR 73.1","KANAWHA","COMPANY NAME UNAVAILABLE","039","BIT","54","NA     S     QUINCY TERMINAL KR 73.1                                  KANAWHA"]
[{"$nulls":9},"WV","NA","P","QUINCY TERMINAL KR 73.1","KANAWHA","COMPANY NAME UNAVAILABLE","039","BIT","54","NA     P     QUINCY TERMINAL KR 73.1                                  KANAWHA"]
[{"$nulls":9},"OH","NA","P","R&F COAL OR 92.8","WASHINGTON","R&F COAL COMPANY","167","BIT","39","NA     P     R&F COAL OR 92.8                                  WASHINGTON"]
[{"$nulls":9},"KY","NA","S","RAPID LOADER - ELKHORN","LETCHER","DEANE MINING","067","BIT","21","NA     S     RAPID LOADER - ELKHORN                                  LETCHER"]
[{"$nulls":9},"KY","NA","P","RAPID LOADER - ELKHORN","LETCHER","DEANE MINING","067","BIT","21",{"$f":"K2949&\"     \"&L2949&\"     \"&M2949&\"                                  \"&N2949","v":"NA     P     RAPID LOADER - ELKHORN                                  LETCHER"}]
[{"$nulls":9},"IL","NA","P","RECOVERED COAL","NA","COMPANY NAME UNAVAILABLE","NA","BIT","17","NA     P     RECOVERED COAL                                  NA"]
[{"$nulls":9},"IL","NA","P","RECOVERED COAL","NA","COMPANY NAME UNAVAILABLE","NA","WC","17","NA     P     RECOVERED COAL                                  NA"]
[{"$nulls":9},"WY","NA","P","RECOVERED POWDER RIVER BASIN COAL","CAMPBELL","LIONHEART CO","005","WC","56","NA     P     RECOVERED POWDER RIVER BASIN COAL                                  CAMPBELL"]
[{"$nulls":9},"KY","NA","S","RED BUD BSR 8 ","BOYD","COMPANY NAME UNAVAILABLE","019","BIT","21","NA     S     RED BUD BSR 8                                   BOYD"]
[{"$nulls":9},"KY","NA","P","RED BUD BSR 8 ","BOYD","COMPANY NAME UNAVAILABLE","019","BIT","21","NA     P     RED BUD BSR 8                                   BOYD"]
[{"$nulls":9},"KY","NA","S","RESOURCE MINE","CLAY","SOUTHERN APPALACHIAN","051","BIT","21","NA     S     RESOURCE MINE                                  CLAY"]
[{"$nulls":9},"KY","NA","S","RIVER EAGLE BSR 8.1 ","BOYD","COMPANY NAME UNAVAILABLE","019","BIT","21","NA     S     RIVER EAGLE BSR 8.1                                   BOYD"]
[{"$nulls":9},"KY","NA","P","RIVER EAGLE BSR 8.1 ","BOYD","COMPANY NAME UNAVAILABLE","019","BIT","21","NA     P     RIVER EAGLE BSR 8.1                                   BOYD"]
[{"$nulls":9},"WV","NA","P","RIVERPORT PROCESSING KR 69.1","KANAWHA","COMPANY NAME UNAVAILABLE","039","BIT","54","NA     P     RIVERPORT PROCESSING KR 69.1                                  KANAWHA"]
[{"$nulls":9},"KY","NA","S","RIVERVIEW BSR 8.6 ","BOYD","COMPANY NAME UNAVAILABLE","019","BIT","21","NA     S     RIVERVIEW BSR 8.6                                   BOYD"]
[{"$nulls":9},"KY","NA","P","RIVERVIEW BSR 8.6 ","BOYD","COMPANY NAME UNAVAILABLE","019","BIT","21","NA     P     RIVERVIEW BSR 8.6                                   BOYD"]
[{"$nulls":9},"KY","NA","S","RIVERWAY BSR 7.5","BOYD","COMPANY NAME UNAVAILABLE","019","BIT","21","NA     S     RIVERWAY BSR 7.5                                  BOYD"]
[{"$nulls":9},"KY","NA","S","RIVERWAY NORTH BSR 7.2 ","BOYD","COMPANY NAME UNAVAILABLE","019","BIT","21","NA     S     RIVERWAY NORTH BSR 7.2                                   BOYD"]
[{"$nulls":9},"KY","NA","P","RIVERWAY NORTH BSR 7.2 ","BOYD","COMPANY NAME UNAVAILABLE","019","BIT","21","NA     P     RIVERWAY NORTH BSR 7.2                                   BOYD"]
[{"$nulls":9},"KY","NA","S","RIVERWAY SOUTH BSR 7.4 ","BOYD","COMPANY NAME UNAVAILABLE","019","BIT","21","NA     S     RIVERWAY SOUTH BSR 7.4                                   BOYD"]
[{"$nulls":9},"KY","NA","P","RIVERWAY SOUTH BSR 7.4 ","BOYD","COMPANY NAME UNAVAILABLE","019","BIT","21","NA     P     RIVERWAY SOUTH BSR 7.4                                   BOYD"]
[{"$nulls":9},"IN","NA","P","ROCKPORT OR 743.8","SPENCER","ROCKPORT RIVER TERMINALS","147","BIT","18","NA     P     ROCKPORT OR 743.8                                  SPENCER"]
[{"$nulls":9},"WV","NA","S","RUBY ENERGY - KENOVA","MINGO","DELBARTON MINING COMPANY","059","BIT","54","NA     S     RUBY ENERGY - KENOVA                                  MINGO"]
[{"$nulls":9},"WV","NA","P","RUBY ENERGY - KENOVA","MINGO","DELBARTON MINING COMPANY","059","BIT","54","NA     P     RUBY ENERGY - KENOVA                                  MINGO"]
[{"$nulls":9},"IS","NA","S","SAMARINDA ANCHORAGE, EAST KALIMANTAN","IMPORTED COAL","CONSTELLATION","IMP","BIT","NA","NA     S     SAMARINDA ANCHORAGE, EAST KALIMANTAN                                  IMPORTED COAL"]
[{"$nulls":9},"IS","NA","S","SAMARINDA MINE","IMPORTED COAL","CONSTELLATION","IMP","BIT","NA","NA     S     SAMARINDA MINE                                  IMPORTED COAL"]
[{"$nulls":9},"OH","NA","S","SANDS HILL OR 265","MADISON","COMPANY NAME UNAVAILABLE","097","BIT","39","NA     S     SANDS HILL OR 265                                  MADISON"]
[{"$nulls":9},"OH","NA","P","SANDUSKY COAL PIER","NA","COMPANY NAME UNAVAILABLE","NA","BIT","39","NA     P     SANDUSKY COAL PIER                                  NA"]
[{"$nulls":9},"CL","NA","S","SANTA MARTA","IMPORTED COAL","COMPANY NAME UNAVAILABLE","IMP","BIT","NA","NA     S     SANTA MARTA                                  IMPORTED COAL"]
[{"$nulls":9},"KY","NA","S","SAPPHIRE - ELKHORN","LETCHER","SAPPHIRE MINING","133","BIT","21","NA     S     SAPPHIRE - ELKHORN                                  LETCHER"]
[{"$nulls":9},"KY","NA","P","SAPPHIRE - ELKHORN","LETCHER","SAPPHIRE MINING","133","BIT","21","NA     P     SAPPHIRE - ELKHORN                                  LETCHER"]
[{"$nulls":9},"WV","NA","S","SENTINEL","BARBOUR","ICG HUNTER RIDGE","001","WC","54","NA     S     SENTINEL                                  BARBOUR"]
[{"$nulls":9},"IL","NA","P","SHAWNEETOWN / PEABODY OR 858.8","GALLATIN","POWER INC.","059","BIT","17","NA     P     SHAWNEETOWN / PEABODY OR 858.8                                  GALLATIN"]
[{"$nulls":9},"WV","NA","P","SHREWSBURY DOCK KR 74.6","KANAWHA","LITTLE CREEK DOCK CO.","039","BIT","54","NA     P     SHREWSBURY DOCK KR 74.6                                  KANAWHA"]
[{"$nulls":9},"KY","NA","S","SIDNEY COAL - KENOVA","MARTIN","SIDNEY COAL COMPANY","159","BIT","21","NA     S     SIDNEY COAL - KENOVA                                  MARTIN"]
[{"$nulls":9},"KY","NA","P","SIDNEY COAL - KENOVA","MARTIN","SIDNEY COAL COMPANY","159","BIT","21","NA     P     SIDNEY COAL - KENOVA                                  MARTIN"]
[{"$nulls":9},"WV","NA","U","STANLEY MINE","UPSHUR","UNITED COAL","097","BIT","54","NA     U     STANLEY MINE                                  UPSHUR"]
[{"$nulls":9},"KY","NA","P","KY MAY DOCK BSR 7.5 ","BOYD","COMPANY NAME UNAVAILABLE","019","BIT","21","NA     P     KY MAY DOCK BSR 7.5                                   BOYD"]
[{"$nulls":9},"KY","NA","S","KY/WV MINES - KANAWHA/LAWRENCE/BREATHITT","BREATHITT","COMPANY NAME UNAVAILABLE","025","BIT","21","NA     S     KY/WV MINES - KANAWHA/LAWRENCE/BREATHITT                                  BREATHITT"]
[{"$nulls":9},"CL","NA","S","LA CEIBA","IMPORTED COAL","COMPANY NAME UNAVAILABLE","IMP","BIT","NA","NA     S     LA CEIBA                                  IMPORTED COAL"]
[{"$nulls":9},"VZ","NA","S","LA CIEBA / EL BAJO","IMPORTED COAL","INTER - AMERICAN COAL","IMP","BIT","NA","NA     S     LA CIEBA / EL BAJO                                  IMPORTED COAL"]
[{"$nulls":9},"VZ","NA","S","LA CIEBA/ EL BAJO","IMPORTED COAL","COMPANY NAME UNAVAILABLE","IMP","BIT","NA","NA     S     LA CIEBA/ EL BAJO                                  IMPORTED COAL"]
[{"$nulls":9},"CL","NA","S","LA JAGUA","IMPORTED COAL","COMPANY NAME UNAVAILABLE","IMP","BIT","NA","NA     S     LA JAGUA                                  IMPORTED COAL"]
[{"$nulls":9},"CL","NA","U","LA JAGUA","IMPORTED COAL","GLENCORE","IMP","BIT","NA","NA     U     LA JAGUA                                  IMPORTED COAL"]
[{"$nulls":9},"CL","NA","S","LA LOMA","IMPORTED COAL","INTEROCEAN COAL","IMP","BIT","NA","NA     S     LA LOMA                                  IMPORTED COAL"]
[{"$nulls":9},"WV","NA","S","LIBERTY - KANAWHA","BOONE","INDEPENDENCE COAL","005","BIT","54","NA     S     LIBERTY - KANAWHA                                  BOONE"]
[{"$nulls":9},"WV","NA","P","LICK SIDING","BOONE","COMPANY NAME UNAVAILABLE","005","BIT","54","NA     P     LICK SIDING                                  BOONE"]
[{"$nulls":9},"KY","NA","S","LITTLE CREEK","BELL","LEFT FORK MINING","013","BIT","21","NA     S     LITTLE CREEK                                  BELL"]
[{"$nulls":9},"WV","NA","P","LITTLE CREEK / NUEAST DOCK KR 73.2","KANAWHA","LITTLE CREEK DOCK CO.","039","BIT","54","NA     P     LITTLE CREEK / NUEAST DOCK KR 73.2                                  KANAWHA"]
[{"$nulls":9},"KY","NA","S","LOCKWOOD BSR  6.6","BOYD","COMPANY NAME UNAVAILABLE","019","BIT","21","NA     S     LOCKWOOD BSR  6.6                                  BOYD"]
[{"$nulls":9},"KY","NA","P","LOCKWOOD BSR  6.6","BOYD","COMPANY NAME UNAVAILABLE","019","BIT","21","NA     P     LOCKWOOD BSR  6.6                                  BOYD"]
[{"$nulls":9},"IL","NA","P","LONE EAGLE MS RIVER MILE POST 105","RANDOLPH","KNIGHT HAWK COAL, LLC","157","BIT","17","NA     P     LONE EAGLE MS RIVER MILE POST 105                                  RANDOLPH"]
[{"$nulls":9},"KY","NA","S","LONG FORK - KENOVA","MARTIN","LONG FORK COAL COMPANY","159","BIT","21","NA     S     LONG FORK - KENOVA                                  MARTIN"]
[{"$nulls":9},"KY","NA","P","LONG FORK - KENOVA","MARTIN","LONG FORK COAL COMPANY","159","BIT","21","NA     P     LONG FORK - KENOVA                                  MARTIN"]
[{"$nulls":9},"KY","NA","S","LR CHAPMAN","NA","LR CHAPMAN INC","NA","BIT","21","NA     S     LR CHAPMAN                                  NA"]
[{"$nulls":9},"KY","NA","S","LYNCH 3 - HARLAN","HARLAN","RESOURCE DEVELOPMENT","095","BIT","21","NA     S     LYNCH 3 - HARLAN                                  HARLAN"]
[{"$nulls":9},"KY","NA","P","LYNCH 3 - HARLAN","HARLAN","RESOURCE DEVELOPMENT","095","BIT","21","NA     P     LYNCH 3 - HARLAN                                  HARLAN"]
[{"$nulls":9},"WV","NA","P","MADISON OR 265","MASON","COMPANY NAME UNAVAILABLE","053","BIT","54","NA     P     MADISON OR 265                                  MASON"]
[{"$nulls":9},"WV","NA","S","MAMMOTH DOCK KR 84.3","KANAWHA","COMPANY NAME UNAVAILABLE","039","BIT","54","NA     S     MAMMOTH DOCK KR 84.3                                  KANAWHA"]
[{"$nulls":9},"WV","NA","P","MAMMOTH DOCK KR 84.3","KANAWHA","COMPANY NAME UNAVAILABLE","039","BIT","54","NA     P     MAMMOTH DOCK KR 84.3                                  KANAWHA"]
[{"$nulls":9},"KY","NA","S","MARIGOLD BSR 8.4 ","BOYD","COMPANY NAME UNAVAILABLE","019","BIT","21","NA     S     MARIGOLD BSR 8.4                                   BOYD"]
[{"$nulls":9},"KY","NA","P","MARIGOLD BSR 8.4 ","BOYD","COMPANY NAME UNAVAILABLE","019","BIT","21","NA     P     MARIGOLD BSR 8.4                                   BOYD"]
[{"$nulls":9},"WV","NA","P","MARMET TERMINAL KR 69.0","KANAWHA","COMPANY NAME UNAVAILABLE","039","BIT","54","NA     P     MARMET TERMINAL KR 69.0                                  KANAWHA"]
[{"$nulls":9},"WV","NA","S","MARNIE - KANAWHA","BOONE","TALON MINING","005","BIT","54","NA     S     MARNIE - KANAWHA                                  BOONE"]
[{"$nulls":9},"WV","NA","P","MARNIE - KANAWHA","BOONE","TALON MINING","005","BIT","54","NA     P     MARNIE - KANAWHA                                  BOONE"]
[{"$nulls":9},"WV","NA","P","MARSHALL - REPROCESSING","NA","BKF EQUIPMENT","NA","BIT","54","NA     P     MARSHALL - REPROCESSING                                  NA"]
[{"$nulls":9},"KY","NA","S","MARTIN COUNTY - KENOVA","MARTIN","MARTIN COUNTY COAL","159","BIT","21","NA     S     MARTIN COUNTY - KENOVA                                  MARTIN"]
[{"$nulls":9},"KY","NA","P","MARTIN COUNTY - KENOVA","MARTIN","MARTIN COUNTY COAL","159","BIT","21","NA     P     MARTIN COUNTY - KENOVA                                  MARTIN"]
[{"$nulls":9},"KY","NA","P","MCVICKER","PIKE","MILLARD LEASING, LLC","195","BIT","21",{"$f":"K3013&\"     \"&L3013&\"     \"&M3013&\"                                  \"&N3013","v":"NA     P     MCVICKER                                  PIKE"}]
[{"$nulls":9},"VZ","NA","S","MINA NORTE","IMPORTED COAL","COMPANY NAME UNAVAILABLE","IMP","BIT","NA","NA     S     MINA NORTE                                  IMPORTED COAL"]
[{"$nulls":9},"CL","NA","S","MINA NORTE","IMPORTED COAL","GUASARE","IMP","BIT","NA","NA     S     MINA NORTE                                  IMPORTED COAL"]
[{"$nulls":9},"CL","NA","P","MINA NORTE","IMPORTED COAL","GUASARE","IMP","BIT","NA","NA     P     MINA NORTE                                  IMPORTED COAL"]
[{"$nulls":9},"CL","NA","S","MINA PRIBBENOW","IMPORTED COAL","COMPANY NAME UNAVAILABLE","IMP","BIT","NA","NA     S     MINA PRIBBENOW                                  IMPORTED COAL"]
[{"$nulls":9},"WV","NA","S","MOUNTAIN LAUREL - KANAWHA","LOGAN","MINGO LOGAN COAL","045","BIT","54","NA     S     MOUNTAIN LAUREL - KANAWHA                                  LOGAN"]
[{"$nulls":9},"WV","NA","P","MOUNTAIN LAUREL - KANAWHA","LOGAN","MINGO LOGAN COAL","045","BIT","54","NA     P     MOUNTAIN LAUREL - KANAWHA                                  LOGAN"]
[{"$nulls":9},"IN","NA","P","MT VERNON TERMINAL - OHIO RIVER MP 828","NA","ALLIANCE","NA","BIT","18","NA     P     MT VERNON TERMINAL - OHIO RIVER MP 828                                  NA"]
[{"$nulls":9},"IL","NA","P","MULTIPLE ILLINOIS MINES","NA","KOCH","NA","BIT","17","NA     P     MULTIPLE ILLINOIS MINES                                  NA"]
[{"$nulls":9},"WV","NA","U","MULTIPLE KY & WV MINES - BOONE/PIKE","BOONE","COMPANY NAME UNAVAILABLE","005","BIT","54","NA     U     MULTIPLE KY & WV MINES - BOONE/PIKE                                  BOONE"]
[{"$nulls":9},"WV","NA","S","MULTIPLE KY & WV MINES - BOONE/PIKE","BOONE","COMPANY NAME UNAVAILABLE","005","BIT","54","NA     S     MULTIPLE KY & WV MINES - BOONE/PIKE                                  BOONE"]
[{"$nulls":9},"KY","NA","U","MULTIPLE KY & WV MINES - BOONE/PIKE","PIKE","COMPANY NAME UNAVAILABLE","195","BIT","21","NA     U     MULTIPLE KY & WV MINES - BOONE/PIKE                                  PIKE"]
[{"$nulls":9},"KY","NA","S","MULTIPLE KY & WV MINES - BOONE/PIKE","PIKE","COMPANY NAME UNAVAILABLE","195","BIT","21","NA     S     MULTIPLE KY & WV MINES - BOONE/PIKE                                  PIKE"]
[{"$nulls":9},"KY","NA","S","MULTIPLE KY & WV MINES - PIKE/WAYNE","PIKE","COMPANY NAME UNAVAILABLE","195","BIT","21","NA     S     MULTIPLE KY & WV MINES - PIKE/WAYNE                                  PIKE"]
[{"$nulls":9},"KY","NA","P","MULTIPLE KY MINES - FLOYD","FLOYD","COMPANY NAME UNAVAILABLE","071","BIT","21","NA     P     MULTIPLE KY MINES - FLOYD                                  FLOYD"]
[{"$nulls":9},"KY","NA","P","MULTIPLE KY MINES - MARTIN","MARTIN","COMPANY NAME UNAVAILABLE","159","BIT","21","NA     P     MULTIPLE KY MINES - MARTIN                                  MARTIN"]
[{"$nulls":9},"KY","NA","P","MULTIPLE KY MINES - PIKE","PIKE","COMPANY NAME UNAVAILABLE","195","BIT","21","NA     P     MULTIPLE KY MINES - PIKE                                  PIKE"]
[{"$nulls":9},"PA","NA","P","MULTIPLE PA MINES","NA","ROBINDALE","NA","BIT","42","NA     P     MULTIPLE PA MINES                                  NA"]
[{"$nulls":9},"KY","NA","S","MULTIPLE WV & KY MINES - KANAWHA/LAWRENC","BREATHITT","COMPANY NAME UNAVAILABLE","025","BIT","21","NA     S     MULTIPLE WV & KY MINES - KANAWHA/LAWRENC                                  BREATHITT"]
[{"$nulls":9},"WV","NA","S","MULTIPLE WV & KY MINES - KANAWHA/LAWRENC","KANAWHA","COMPANY NAME UNAVAILABLE","039","BIT","54","NA     S     MULTIPLE WV & KY MINES - KANAWHA/LAWRENC                                  KANAWHA"]
[{"$nulls":9},"KY","NA","U","MULTIPLE WV & KY MINES - KANAWHA/LAWRENC","LAWRENCE","COMPANY NAME UNAVAILABLE","127","BIT","21","NA     U     MULTIPLE WV & KY MINES - KANAWHA/LAWRENC                                  LAWRENCE"]
[{"$nulls":9},"WV","NA","S","MULTIPLE WV & KY MINES - WAYNE/PIKE","WAYNE","COMPANY NAME UNAVAILABLE","099","BIT","54","NA     S     MULTIPLE WV & KY MINES - WAYNE/PIKE                                  WAYNE"]
[{"$nulls":9},"WV","NA","P","MULTIPLE WV MINES - BOONE/LOGAN","LOGAN","COMPANY NAME UNAVAILABLE","045","BIT","54","NA     P     MULTIPLE WV MINES - BOONE/LOGAN                                  LOGAN"]
[{"$nulls":9},"WV","NA","S","MULTIPLE WV MINES - KANAWHA","KANAWHA","COMPANY NAME UNAVAILABLE","039","BIT","54","NA     S     MULTIPLE WV MINES - KANAWHA                                  KANAWHA"]
[{"$nulls":9},"WV","NA","U","MULTIPLE WV MINES - KANAWHA (S,U 50%)","KANAWHA","COMPANY NAME UNAVAILABLE","039","BIT","54","NA     U     MULTIPLE WV MINES - KANAWHA (S,U 50%)                                  KANAWHA"]
[{"$nulls":9},"WV","NA","S","MULTIPLE WV MINES - KANAWHA (S,U 50%)","KANAWHA","COMPANY NAME UNAVAILABLE","039","BIT","54","NA     S     MULTIPLE WV MINES - KANAWHA (S,U 50%)                                  KANAWHA"]
[{"$nulls":9},"WV","NA","U","MULTIPLE WV MINES - KANAWHA/BOONE","BOONE","COMPANY NAME UNAVAILABLE","005","BIT","54","NA     U     MULTIPLE WV MINES - KANAWHA/BOONE                                  BOONE"]
[{"$nulls":9},"WV","NA","S","MULTIPLE WV MINES - KANAWHA/BOONE","KANAWHA","COMPANY NAME UNAVAILABLE","039","BIT","54","NA     S     MULTIPLE WV MINES - KANAWHA/BOONE                                  KANAWHA"]
[{"$nulls":9},"WV","NA","U","MULTIPLE WV MINES - KANAWHA/FAYETTE","FAYETTE","COMPANY NAME UNAVAILABLE","019","BIT","54","NA     U     MULTIPLE WV MINES - KANAWHA/FAYETTE                                  FAYETTE"]
[{"$nulls":9},"WV","NA","S","MULTIPLE WV MINES - KANAWHA/FAYETTE","KANAWHA","COMPANY NAME UNAVAILABLE","039","BIT","54","NA     S     MULTIPLE WV MINES - KANAWHA/FAYETTE                                  KANAWHA"]
[{"$nulls":9},"WV","NA","P","MULTIPLE WV MINES - LOGAN","LOGAN","COMPANY NAME UNAVAILABLE","045","BIT","54","NA     P     MULTIPLE WV MINES - LOGAN                                  LOGAN"]
[{"$nulls":9},"WV","NA","P","MULTIPLE WV MINES - WAYNE","WAYNE","COMPANY NAME UNAVAILABLE","099","BIT","54","NA     P     MULTIPLE WV MINES - WAYNE                                  WAYNE"]
[{"$nulls":9},"WY","NA","S","MULTIPLE WY MINES CAMPBELL/CONVERSE","CAMPBELL","COMPANY NAME UNAVAILABLE","005","SUB","56","NA     S     MULTIPLE WY MINES CAMPBELL/CONVERSE                                  CAMPBELL"]
[{"$nulls":9},"WV","NA","S","CEREDO OR 314.6","WAYNE","COMPANY NAME UNAVAILABLE","099","BIT","54","NA     S     CEREDO OR 314.6                                  WAYNE"]
[{"$nulls":9},"WV","NA","P","CEREDO OR 314.6","WAYNE","COMPANY NAME UNAVAILABLE","099","BIT","54","NA     P     CEREDO OR 314.6                                  WAYNE"]
[{"$nulls":9},"CL","NA","S","CERREJON AREA","IMPORTED COAL","COMPANY NAME UNAVAILABLE","IMP","BIT","NA","NA     S     CERREJON AREA                                  IMPORTED COAL"]
[{"$nulls":9},"CL","NA","S","CERREJON DEL NORTE","IMPORTED COAL","COMPANY NAME UNAVAILABLE","IMP","BIT","NA","NA     S     CERREJON DEL NORTE                                  IMPORTED COAL"]
[{"$nulls":9},"CL","NA","S","CERREJON MINE","IMPORTED COAL","COMPANY NAME UNAVAILABLE","IMP","BIT","NA","NA     S     CERREJON MINE                                  IMPORTED COAL"]
[{"$nulls":9},"CL","NA","S","CERRO LARGO","IMPORTED COAL","VALE","IMP","BIT","NA","NA     S     CERRO LARGO                                  IMPORTED COAL"]
[{"$nulls":9},"PA","NA","S","CHRISTOPHER RESOURCES JUNKYARD EXPANSION","FAYETTE","CHRISTOPHER RESOURCES","051","BIT","42","NA     S     CHRISTOPHER RESOURCES JUNKYARD EXPANSION                                  FAYETTE"]
[{"$nulls":9},"IN","NA","S","CINCINNATI PORT - OHIO RIVER MP 514.0","SWITZERLAND","HILLTOP BASIC RESOURCES","078","BIT","18","NA     S     CINCINNATI PORT - OHIO RIVER MP 514.0                                  SWITZERLAND"]
[{"$nulls":9},"OH","NA","S","COAL FROM TIDD PROPERTY","JEFFERSON","OHIO AMERICAN ENERGY","081","BIT","39","NA     S     COAL FROM TIDD PROPERTY                                  JEFFERSON"]
[{"$nulls":9},"PA","NA","P","COLONA TRANSFER TERMINAL","BEAVER","COLONA TRANSFER L.P.","007","BIT","42","NA     P     COLONA TRANSFER TERMINAL                                  BEAVER"]
[{"$nulls":9},"IL","NA","P","COOK COAL TERMINAL - OHIO RIVER MP 947.5","NA","AEP","NA","BIT","17","NA     P     COOK COAL TERMINAL - OHIO RIVER MP 947.5                                  NA"]
[{"$nulls":9},"PA","NA","S","CUMBERLAND DOCK MONR 81.3","ALLEGHENY","COMPANY NAME UNAVAILABLE","003","BIT","42","NA     S     CUMBERLAND DOCK MONR 81.3                                  ALLEGHENY"]
[{"$nulls":9},"PA","NA","P","CUMBERLAND DOCK MONR 81.3","ALLEGHENY","COMPANY NAME UNAVAILABLE","003","BIT","42","NA     P     CUMBERLAND DOCK MONR 81.3                                  ALLEGHENY"]
[{"$nulls":9},"WV","NA","S","CYRUS SYNFUEL BSR 8.5 ","WAYNE","COMPANY NAME UNAVAILABLE","099","BIT","54","NA     S     CYRUS SYNFUEL BSR 8.5                                   WAYNE"]
[{"$nulls":9},"WV","NA","P","CYRUS SYNFUEL BSR 8.5 ","WAYNE","COMPANY NAME UNAVAILABLE","099","BIT","54","NA     P     CYRUS SYNFUEL BSR 8.5                                   WAYNE"]
[{"$nulls":9},"KY","NA","S","DAMRON FORK - BIG SANDY","PIKE","CAM MINING","195","BIT","21","NA     S     DAMRON FORK - BIG SANDY                                  PIKE"]
[{"$nulls":9},"KY","NA","P","DAMRON FORK - BIG SANDY","PIKE","CAM MINING","195","BIT","21","NA     P     DAMRON FORK - BIG SANDY                                  PIKE"]
[{"$nulls":9},"KY","NA","P","DEKOVEN / KANIPE OR 870.1","UNION","DEKOVEN DOCK INC.","225","BIT","21","NA     P     DEKOVEN / KANIPE OR 870.1                                  UNION"]
[{"$nulls":9},"IL","NA","P","DTE CHICAGO FUELS TERMINAL","NA","DTE COAL SERVICES","NA","BIT","17","NA     P     DTE CHICAGO FUELS TERMINAL                                  NA"]
[{"$nulls":9},"WV","NA","S","EDNA RUTH - VIRGINIAN","WYOMING","PIONEER FUEL COMPANY","109","BIT","54","NA     S     EDNA RUTH - VIRGINIAN                                  WYOMING"]
[{"$nulls":9},"WV","NA","P","EDNA RUTH - VIRGINIAN","WYOMING","PIONEER FUEL COMPANY","109","BIT","54","NA     P     EDNA RUTH - VIRGINIAN                                  WYOMING"]
[{"$nulls":9},"VZ","NA","S","EL BAJO","IMPORTED COAL","COMPANY NAME UNAVAILABLE","IMP","BIT","NA","NA     S     EL BAJO                                  IMPORTED COAL"]
[{"$nulls":9},"CL","NA","S","EL CERREJON","IMPORTED COAL","COMPANY NAME UNAVAILABLE","IMP","BIT","NA","NA     S     EL CERREJON                                  IMPORTED COAL"]
[{"$nulls":9},"CL","NA","S","EL DESCANSO COLOMBIA","IMPORTED COAL","COMPANY NAME UNAVAILABLE","IMP","BIT","NA","NA     S     EL DESCANSO COLOMBIA                                  IMPORTED COAL"]
[{"$nulls":9},"KY","NA","S","FALCON KY BSR 7.7 ","BOYD","COMPANY NAME UNAVAILABLE","019","BIT","21","NA     S     FALCON KY BSR 7.7                                   BOYD"]
[{"$nulls":9},"KY","NA","P","FALCON KY BSR 7.7 ","BOYD","COMPANY NAME UNAVAILABLE","019","BIT","21","NA     P     FALCON KY BSR 7.7                                   BOYD"]
[{"$nulls":9},"WV","NA","S","FARMINGTON FINES","MARION","COMPANY NAME UNAVAILABLE","049","WC","54","NA     S     FARMINGTON FINES                                  MARION"]
[{"$nulls":9},"WV","NA","S","FARMINGTON GOB","MARION","COMPANY NAME UNAVAILABLE","049","WC","54","NA     S     FARMINGTON GOB                                  MARION"]
[{"$nulls":9},"WV","NA","U","FEATS - CSX LOADING POINT","LOGAN","MASSEY","045","BIT","54","NA     U     FEATS - CSX LOADING POINT                                  LOGAN"]
[{"$nulls":9},"IS","NA","S","FIRMAN KETAUN PERKASA","IMPORTED COAL","CONSTELLATION","IMP","BIT","NA","NA     S     FIRMAN KETAUN PERKASA                                  IMPORTED COAL"]
[{"$nulls":9},"WV","NA","P","FOLA - CSX","NICHOLAS","CONSOL ENERGY","067","BIT","54","NA     P     FOLA - CSX                                  NICHOLAS"]
[{"$nulls":9},"WV","NA","S","FORK CREEK - KANAWHA","BOONE","COAL RIVER ENERGY","005","BIT","54",{"$f":"K3077&\"     \"&L3077&\"     \"&M3077&\"                                  \"&N3077","v":"NA     S     FORK CREEK - KANAWHA                                  BOONE"}]
[{"$nulls":9},"WV","NA","P","FORK CREEK - KANAWHA","BOONE","COAL RIVER ENERGY","005","BIT","54","NA     P     FORK CREEK - KANAWHA                                  BOONE"]
[{"$nulls":9},"AU","NA","S","GLADSTONE","IMPORTED COAL","XSTRATA","IMP","BIT","NA","NA     S     GLADSTONE                                  IMPORTED COAL"]
[{"$nulls":9},"CL","NA","S","GLENCORE","IMPORTED COAL","COMPANY NAME UNAVAILABLE","IMP","BIT","NA","NA     S     GLENCORE                                  IMPORTED COAL"]
[{"$nulls":9},"WV","NA","S","GOALS - KANAWHA","RALEIGH","PERFORMANCE COAL","081","BIT","54","NA     S     GOALS - KANAWHA                                  RALEIGH"]
[{"$nulls":9},"WV","NA","P","GOALS - KANAWHA","RALEIGH","PERFORMANCE COAL","081","BIT","54","NA     P     GOALS - KANAWHA                                  RALEIGH"]
[{"$nulls":9},"WV","NA","P","HALF MOON PREP OR 66.5","BROOKE","STARVAGGI INDUSTRIES, INC","009","BIT","54","NA     P     HALF MOON PREP OR 66.5                                  BROOKE"]
[{"$nulls":9},"WV","NA","S","HAMPDEN - THACKER I","MINGO","HAMPDEN COAL COMPANY","059","BIT","54","NA     S     HAMPDEN - THACKER I                                  MINGO"]
[{"$nulls":9},"WV","NA","P","HAMPDEN - THACKER I","MINGO","HAMPDEN COAL COMPANY","059","BIT","54","NA     P     HAMPDEN - THACKER I                                  MINGO"]
[{"$nulls":9},"OH","NA","P","HATFIELD TERM OR 471.7","NA","HATFIELD TERMINAL INC","NA","BIT","39","NA     P     HATFIELD TERM OR 471.7                                  NA"]
[{"$nulls":9},"CL","NA","S","HATILLO","IMPORTED COAL","ION CARBON","IMP","BIT","NA","NA     S     HATILLO                                  IMPORTED COAL"]
[{"$nulls":9},"WV","NA","S","HOLBROOK - KANAWHA","BOONE","OMAR MINING","005","BIT","54","NA     S     HOLBROOK - KANAWHA                                  BOONE"]
[{"$nulls":9},"WV","NA","P","HOLBROOK - KANAWHA","BOONE","OMAR MINING","005","BIT","54","NA     P     HOLBROOK - KANAWHA                                  BOONE"]
[{"$nulls":9},"WV","NA","S","HOMER III - KANAWHA","BOONE","ELK RUN COAL","005","BIT","54","NA     S     HOMER III - KANAWHA                                  BOONE"]
[{"$nulls":9},"WV","NA","P","HOMER III - KANAWHA","BOONE","ELK RUN COAL","005","BIT","54","NA     P     HOMER III - KANAWHA                                  BOONE"]
[{"$nulls":9},"PA","NA","S","HOPWOOD SITE","FAYETTE","COOL SPRINGS GFCC","051","BIT","42","NA     S     HOPWOOD SITE                                  FAYETTE"]
[{"$nulls":9},"WV","NA","S","HUNTINGTON OR 306.5","WAYNE","COMPANY NAME UNAVAILABLE","099","BIT","54","NA     S     HUNTINGTON OR 306.5                                  WAYNE"]
[{"$nulls":9},"WV","NA","P","HUNTINGTON OR 306.5","WAYNE","COMPANY NAME UNAVAILABLE","099","BIT","54","NA     P     HUNTINGTON OR 306.5                                  WAYNE"]
[{"$nulls":9},"WV","NA","S","HUNTINGTON RAIL & RIVER OR 309","WAYNE","COMPANY NAME UNAVAILABLE","099","BIT","54","NA     S     HUNTINGTON RAIL & RIVER OR 309                                  WAYNE"]
[{"$nulls":9},"WV","NA","P","HUNTINGTON RAIL & RIVER OR 309","WAYNE","COMPANY NAME UNAVAILABLE","099","BIT","54","NA     P     HUNTINGTON RAIL & RIVER OR 309                                  WAYNE"]
[{"$nulls":9},"WV","NA","S","HUTCHINSON - KANAWHA","LOGAN","BANDMILL COAL","045","BIT","54","NA     S     HUTCHINSON - KANAWHA                                  LOGAN"]
[{"$nulls":9},"WV","NA","P","HUTCHINSON - KANAWHA","LOGAN","BANDMILL COAL","045","BIT","54","NA     P     HUTCHINSON - KANAWHA                                  LOGAN"]
[{"$nulls":9},"IS","NA","S","KALTIM PRIMA COAL","IMPORTED COAL","CONSTELLATION","IMP","BIT","NA","NA     S     KALTIM PRIMA COAL                                  IMPORTED COAL"]
[{"$nulls":9},"WV","NA","P","KANAWHA (AEP) KR 78.3","KANAWHA","A.E.P.","039","BIT","54","NA     P     KANAWHA (AEP) KR 78.3                                  KANAWHA"]
[{"$nulls":9},"WV","NA","S","KANAWHA EAGLE","KANAWHA","KANAWHA EAGLE COAL CO","039","WC","54","NA     S     KANAWHA EAGLE                                  KANAWHA"]
[{"$nulls":9},"KY","NA","S","KEN WEST BSR 8 ","BOYD","COMPANY NAME UNAVAILABLE","019","BIT","21","NA     S     KEN WEST BSR 8                                   BOYD"]
[{"$nulls":9},"KY","NA","P","KEN WEST BSR 8 ","BOYD","COMPANY NAME UNAVAILABLE","019","BIT","21","NA     P     KEN WEST BSR 8                                   BOYD"]
[{"$nulls":9},"IN","NA","S","KINDILL MINING - INDIANA/ILLINOIS","WARRICK","KINDILL MINING","173","BIT","18","NA     S     KINDILL MINING - INDIANA/ILLINOIS                                  WARRICK"]
[{"$nulls":9},"IN","NA","P","KINDILL MINING - INDIANA/ILLINOIS","WARRICK","KINDILL MINING","173","BIT","18","NA     P     KINDILL MINING - INDIANA/ILLINOIS                                  WARRICK"]
[{"$nulls":9},"WV","NA","S","KIPPEN INDUSTRIES","MARION","COMPANY NAME UNAVAILABLE","049","WC","54","NA     S     KIPPEN INDUSTRIES                                  MARION"]
[{"$nulls":9},"KY","NA","S","KY MAY BSR  7.7","BOYD","COMPANY NAME UNAVAILABLE","019","BIT","21","NA     S     KY MAY BSR  7.7                                  BOYD"]
[{"$nulls":9},"KY","NA","P","KY MAY BSR  7.7","BOYD","COMPANY NAME UNAVAILABLE","019","BIT","21","NA     P     KY MAY BSR  7.7                                  BOYD"]
[{"$nulls":9},"KY","NA","S","KY MAY DOCK BSR 7.5 ","BOYD","COMPANY NAME UNAVAILABLE","019","BIT","21","NA     S     KY MAY DOCK BSR 7.5                                   BOYD"]
[{"$nulls":9},"OH","NA","S","BUCKEYE FLEET OR 318.9","WASHINGTON","COMPANY NAME UNAVAILABLE","167","BIT","39","NA     S     BUCKEYE FLEET OR 318.9                                  WASHINGTON"]
[{"$nulls":9},"OH","NA","S","BELLAIRE MARINE OR MP 93.6","BELMONT","RAYLE COAL CO","013","BIT","39","NA     S     BELLAIRE MARINE OR MP 93.6                                  BELMONT"]
[{"$nulls":9},"OH","NA","S","R&F COAL OR MP 92.8","BELMONT","OXFORD MINING CO","013","BIT","39","NA     S     R&F COAL OR MP 92.8                                  BELMONT"]
[{"$nulls":9},"WV","NA","P","TOMS FORK - KANAWHA","KANAWHA","PATRIOT COAL","039","BIT","54","NA     P     TOMS FORK - KANAWHA                                  KANAWHA"]
[{"$nulls":9},"TN","NA","P","TURLEY PLANT","CAMPBELL","U.S. COAL INC","013","BIT","47","NA     P     TURLEY PLANT                                  CAMPBELL"]
[{"$nulls":9},"IS","NA","S","TUTUPAN","IMPORTED COAL","COMPANY NAME UNAVAILABLE","IMP","SUB","NA","NA     S     TUTUPAN                                  IMPORTED COAL"]
[{"$nulls":9},"KY","NA","S","TYPO - HAZARD","PERRY","ICG HAZARD","193","BIT","21","NA     S     TYPO - HAZARD                                  PERRY"]
[{"$nulls":9},"WY","NA","S","MULTIPLE WY MINES CAMPBELL/CONVERSE","CAMPBELL","COMPANY NAME UNAVAILABLE","005","BIT","56","NA     S     MULTIPLE WY MINES CAMPBELL/CONVERSE                                  CAMPBELL"]
[{"$nulls":9},"KY","NA","P","RAPID LOADER","TAYLOR","RHINO ENERGY","217","BIT","21","NA     P     RAPID LOADER                                  TAYLOR"]
[{"$nulls":9},"KS","NA","S","MULBERRY LIMESTONE QUARRY","CRAWFORD","INTERCHEM","073","BIT","20","NA     S     MULBERRY LIMESTONE QUARRY                                  CRAWFORD"]
[{"$nulls":9},"WV","NA","P","OR 93.5","MARSHALL","Consolidated Coal Company","051","BIT","54","NA     P     OR 93.5                                  MARSHALL"]
[{"$nulls":9},"OH","NA","P","ZIMMER OR 443.2","CLERMONT","COMPANY NAME UNAVAILABLE","025","BIT","39","NA     P     ZIMMER OR 443.2                                  CLERMONT"]
[{"$nulls":9},"IL","NA","P","ARCLAR COMPLEX","SALINE","PEABODY COAL COMPANY","165","BIT","17","NA     P     ARCLAR COMPLEX                                  SALINE"]
[{"$nulls":9},"KY","NA","P","LEATHERWOOD MINE #1","PERRY","ENTERPRISE COAL","193","BIT","21","NA     P     LEATHERWOOD MINE #1                                  PERRY"]
[{"$nulls":9},"KY","NA","S","AQUILA DOCK BSR  6.5","WAYNE","COMPANY NAME UNAVAILABLE","099","BIT","21","NA     S     AQUILA DOCK BSR  6.5                                  WAYNE"]
[{"$nulls":9},"KY","NA","P","AQUILA DOCK BSR  6.5","WAYNE","COMPANY NAME UNAVAILABLE","099","BIT","21","NA     P     AQUILA DOCK BSR  6.5                                  WAYNE"]
[{"$nulls":9},"KY","NA","S","ARCH COAL BSR 6.9","BOYD","COMPANY NAME UNAVAILABLE","019","BIT","21","NA     S     ARCH COAL BSR 6.9                                  BOYD"]
[{"$nulls":9},"KY","NA","P","ARCH COAL BSR 6.9","BOYD","COMPANY NAME UNAVAILABLE","019","BIT","21","NA     P     ARCH COAL BSR 6.9                                  BOYD"]
[{"$nulls":9},"KY","NA","S","ARCH TERMINAL BSR 6.61","BOYD","COMPANY NAME UNAVAILABLE","019","BIT","21","NA     S     ARCH TERMINAL BSR 6.61                                  BOYD"]
[{"$nulls":9},"KY","NA","P","ARCH TERMINAL BSR 6.61","BOYD","COMPANY NAME UNAVAILABLE","019","BIT","21","NA     P     ARCH TERMINAL BSR 6.61                                  BOYD"]
[{"$nulls":9},"KY","NA","P","ARNON DOCK GR 73.0","MCLEAN","ARNON INC.","149","BIT","21","NA     P     ARNON DOCK GR 73.0                                  MCLEAN"]
[{"$nulls":9},"KY","NA","S","ASHLAND MATERIALS BSR 8.7 ","BOYD","COMPANY NAME UNAVAILABLE","019","BIT","21","NA     S     ASHLAND MATERIALS BSR 8.7                                   BOYD"]
[{"$nulls":9},"KY","NA","P","ASHLAND MATERIALS BSR 8.7 ","BOYD","COMPANY NAME UNAVAILABLE","019","BIT","21","NA     P     ASHLAND MATERIALS BSR 8.7                                   BOYD"]
[{"$nulls":9},"KY","NA","U","BANNER  - BIG SANDY","BREATHITT","BANNER COAL TERMINALS","025","BIT","21","NA     U     BANNER  - BIG SANDY                                  BREATHITT"]
[{"$nulls":9},"KY","NA","S","BANNER  - BIG SANDY","BREATHITT","BANNER COAL TERMINALS","025","BIT","21","NA     S     BANNER  - BIG SANDY                                  BREATHITT"]
[{"$nulls":9},"KY","NA","U","BANNER  - BIG SANDY","FLOYD","BANNER COAL TERMINALS","071","BIT","21","NA     U     BANNER  - BIG SANDY                                  FLOYD"]
[{"$nulls":9},"KY","NA","S","BANNER  - BIG SANDY","FLOYD","BANNER COAL TERMINALS","071","BIT","21","NA     S     BANNER  - BIG SANDY                                  FLOYD"]
[{"$nulls":9},"KY","NA","U","BANNER  - BIG SANDY","KNOTT","BANNER COAL TERMINALS","119","BIT","21","NA     U     BANNER  - BIG SANDY                                  KNOTT"]
[{"$nulls":9},"KY","NA","S","BANNER  - BIG SANDY","KNOTT","BANNER COAL TERMINALS","119","BIT","21","NA     S     BANNER  - BIG SANDY                                  KNOTT"]
[{"$nulls":9},"KY","NA","U","BANNER  - BIG SANDY","PERRY","BANNER COAL TERMINALS","193","BIT","21","NA     U     BANNER  - BIG SANDY                                  PERRY"]
[{"$nulls":9},"KY","NA","S","BANNER  - BIG SANDY","PERRY","BANNER COAL TERMINALS","193","BIT","21","NA     S     BANNER  - BIG SANDY                                  PERRY"]
[{"$nulls":9},"KY","NA","U","BANNER  - BIG SANDY","PIKE","BANNER COAL TERMINALS","195","BIT","21",{"$f":"K3141&\"     \"&L3141&\"     \"&M3141&\"                                  \"&N3141","v":"NA     U     BANNER  - BIG SANDY                                  PIKE"}]
[{"$nulls":9},"KY","NA","S","BANNER  - BIG SANDY","PIKE","BANNER COAL TERMINALS","195","BIT","21","NA     S     BANNER  - BIG SANDY                                  PIKE"]
[{"$nulls":9},"IL","NA","S","BARGE WASTES","NA","MERIDIAN HYDROCARBONS","NA","WC","17","NA     S     BARGE WASTES                                  NA"]
[{"$nulls":9},"KY","NA","S","BATES BRANCH - BIG SANDY","KNOTT","ICG KNOTT COUNTY","119","BIT","21","NA     S     BATES BRANCH - BIG SANDY                                  KNOTT"]
[{"$nulls":9},"KY","NA","P","BATES BRANCH - BIG SANDY","KNOTT","ICG KNOTT COUNTY","119","BIT","21","NA     P     BATES BRANCH - BIG SANDY                                  KNOTT"]
[{"$nulls":9},"WV","NA","S","BEN CREEK - THACKER I","MINGO","COBRA NATURAL RESOURCES","059","BIT","54","NA     S     BEN CREEK - THACKER I                                  MINGO"]
[{"$nulls":9},"WV","NA","P","BEN CREEK 1865","MINGO","ALPHA COAL SALES, LLC","059","BIT","54","NA     P     BEN CREEK 1865                                  MINGO"]
[{"$nulls":9},"KY","NA","P","BIG BEND OR 660.0","NA","COMPANY NAME UNAVAILABLE","NA","BIT","21","NA     P     BIG BEND OR 660.0                                  NA"]
[{"$nulls":9},"WV","NA","S","BIG OMER - KENOVA","MINGO","SOUTHERN WV RESOURCES","059","BIT","54","NA     S     BIG OMER - KENOVA                                  MINGO"]
[{"$nulls":9},"WV","NA","P","BIG OMER - KENOVA","MINGO","SOUTHERN WV RESOURCES","059","BIT","54","NA     P     BIG OMER - KENOVA                                  MINGO"]
[{"$nulls":9},"WV","NA","S","BIG SANDY RIVER TERMINAL BARGE BSR 6.31","WAYNE","COMPANY NAME UNAVAILABLE","099","BIT","54","NA     S     BIG SANDY RIVER TERMINAL BARGE BSR 6.31                                  WAYNE"]
[{"$nulls":9},"WV","NA","P","BIG SANDY RIVER TERMINAL BARGE BSR 6.31","WAYNE","COMPANY NAME UNAVAILABLE","099","BIT","54","NA     P     BIG SANDY RIVER TERMINAL BARGE BSR 6.31                                  WAYNE"]
[{"$nulls":9},"WV","NA","S","BIG SANDY RIVER TERMINAL BSR 6.3","WAYNE","COMPANY NAME UNAVAILABLE","099","BIT","54","NA     S     BIG SANDY RIVER TERMINAL BSR 6.3                                  WAYNE"]
[{"$nulls":9},"WV","NA","P","BIG SANDY RIVER TERMINAL BSR 6.3","WAYNE","COMPANY NAME UNAVAILABLE","099","BIT","54","NA     P     BIG SANDY RIVER TERMINAL BSR 6.3                                  WAYNE"]
[{"$nulls":9},"KY","NA","P","BLANTON","HARLAN","NEW COAL","095","BIT","21","NA     P     BLANTON                                  HARLAN"]
[{"$nulls":9},"AL","NA","P","BLENDED ALABAMA COAL FROM MULTIPLE MINES","NA","COMPANY NAME UNAVAILABLE","NA","BIT","01","NA     P     BLENDED ALABAMA COAL FROM MULTIPLE MINES                                  NA"]
[{"$nulls":9},"KY","NA","S","BLUE GRASS 4 - HAZARD","PERRY","PERRY COUNTY COAL","193","BIT","21","NA     S     BLUE GRASS 4 - HAZARD                                  PERRY"]
[{"$nulls":9},"KY","NA","P","BLUE GRASS 4 - HAZARD","PERRY","PERRY COUNTY COAL","193","BIT","21","NA     P     BLUE GRASS 4 - HAZARD                                  PERRY"]
[{"$nulls":9},"KY","NA","S","BLUE GRASS TERMINAL BSR 8.2 ","BOYD","COMPANY NAME UNAVAILABLE","019","BIT","21","NA     S     BLUE GRASS TERMINAL BSR 8.2                                   BOYD"]
[{"$nulls":9},"KY","NA","P","BLUE GRASS TERMINAL BSR 8.2 ","BOYD","COMPANY NAME UNAVAILABLE","019","BIT","21","NA     P     BLUE GRASS TERMINAL BSR 8.2                                   BOYD"]
[{"$nulls":9},"KY","NA","S","BULL CREEK #2 - BIG SANDY","FLOYD","COMPANY NAME UNAVAILABLE","071","BIT","21","NA     S     BULL CREEK #2 - BIG SANDY                                  FLOYD"]
[{"$nulls":9},"PA","NA","S","BRADFORD REFINERY MINE","CLEARFIELD","BRADFORD COAL COMPANY","033","BIT","42","NA     S     BRADFORD REFINERY MINE                                  CLEARFIELD"]
[{"$nulls":9},"OH","NA","S","BUCKEYE FLEET OR 318.1","WASHINGTON","COMPANY NAME UNAVAILABLE","167","BIT","39","NA     S     BUCKEYE FLEET OR 318.1                                  WASHINGTON"]
[{"$nulls":9},"KY","NA","P","BULL CREEK #2 - BIG SANDY","FLOYD","COMPANY NAME UNAVAILABLE","071","BIT","21","NA     P     BULL CREEK #2 - BIG SANDY                                  FLOYD"]
[{"$nulls":9},"IL","NA","P","CAHOKIA MARINE SERVICES","ST. CLAIR","SLAY INDUSTRIES","163","BIT","17","NA     P     CAHOKIA MARINE SERVICES                                  ST. CLAIR"]
[{"$nulls":9},"IL","NA","P","CAHOKIA MARINE SERVICES","ST. CLAIR","SLAY INDUSTRIES","163","WC","17","NA     P     CAHOKIA MARINE SERVICES                                  ST. CLAIR"]
[{"$nulls":9},"PA","NA","S","CAMBRIA - CUMBERLAND/PIEDMONT WEST","SOMERSET","PBS COALS","111","BIT","42","NA     S     CAMBRIA - CUMBERLAND/PIEDMONT WEST                                  SOMERSET"]
[{"$nulls":9},"KY","NA","P","CAMP BRECKENRIDGE OR 841.6","UNION","COMPANY NAME UNAVAILABLE","225","BIT","21","NA     P     CAMP BRECKENRIDGE OR 841.6                                  UNION"]
[{"$nulls":9},"WV","NA","S","CAMP CREEK - KENOVA","WAYNE","ROCKSPRINGS DEVELOPMENT","099","BIT","54","NA     S     CAMP CREEK - KENOVA                                  WAYNE"]
[{"$nulls":9},"WV","NA","P","CAMP CREEK - KENOVA","WAYNE","ROCKSPRINGS DEVELOPMENT","099","BIT","54","NA     P     CAMP CREEK - KENOVA                                  WAYNE"]
[{"$nulls":9},"WV","NA","P","CANNELTON INDUSTRIES KR 84.4","FAYETTE","CANNELTON COAL CO.","019","BIT","54","NA     P     CANNELTON INDUSTRIES KR 84.4                                  FAYETTE"]
[{"$nulls":9},"KY","NA","S","CAPE RIVERSIDE OR 674.2","BOYD","COMPANY NAME UNAVAILABLE","019","BIT","21","NA     S     CAPE RIVERSIDE OR 674.2                                  BOYD"]
[{"$nulls":9},"CL","NA","S","CARTAGENA","IMPORTED COAL","COMPANY NAME UNAVAILABLE","IMP","BIT","NA","NA     S     CARTAGENA                                  IMPORTED COAL"]